{"id":933,"date":"2024-02-19T14:15:36","date_gmt":"2024-02-19T14:15:36","guid":{"rendered":"https:\/\/blog.yoopies.fr\/garde-enfant\/conseils-garde-enfants\/conseils-aux-parents\/les-consignes-de-garde\/regimes-alimentaires-et-medicaux-quelles-consignes\/"},"modified":"2025-06-12T07:58:59","modified_gmt":"2025-06-12T07:58:59","slug":"regimes-alimentaires-et-medicaux-quelles-consignes","status":"publish","type":"page","link":"https:\/\/yoopies.fr\/c\/garde-enfant\/conseils-garde-enfants\/conseils-aux-parents\/les-consignes-de-garde\/regimes-alimentaires-et-medicaux-quelles-consignes\/","title":{"rendered":"R\u00e9gimes alimentaires et m\u00e9dicaux : quelles consignes donner \u00e0 votre nounou ?"},"content":{"rendered":"<p><p>Vous envisagez de confier la garde de votre enfant &agrave; une nounou ou une baby-sitter &agrave; votre domicile. En tant que parent employeur, vous devez vous assurer que votre enfant re&ccedil;oit tous les soins dont il a besoin, tels que les bons <strong>r&eacute;gimes alimentaires et m&eacute;dicaux<\/strong>. Peut-&ecirc;tre a-t-il des besoins sp&eacute;cifiques li&eacute;s &agrave; des allergies, des intol&eacute;rances ou des prescriptions de m&eacute;dicaments ? Il est donc important de transmettre pr&eacute;cis&eacute;ment toutes les consignes &agrave; la nounou en charge de sa garde. Yoopies, sp&eacute;cialiste des services &agrave; domicile, vous accompagne et vous conseille pour instaurer une communication efficace avec votre salari&eacute;e &agrave; domicile.<\/p>\n<\/p>\n<figure><img decoding=\"async\" src=\"https:\/\/yoopies.fr\/c\/wp-content\/uploads\/2024\/02\/30e6eaec-4c61-4ced-986a-b9e2e55514bf-najlepszeopiekunkidoznalezienianayoopies283629.jpg\" alt=\"R\u00e9gime m\u00e9dical sans gluten\" \/><\/figure>\n<p><h2>Consignes alimentaires : attention aux allergies !<\/h2>\n<\/p>\n<p><p>Pour assurer la s&eacute;curit&eacute; de votre bambin en cas d&rsquo;allergies alimentaires, il est fondamental de communiquer vos consignes &agrave; votre baby-sitter :&nbsp;<\/p>\n<\/p>\n<ul>\n<li><strong>Donnez &agrave; votre nounou la liste des allergies alimentaires de votre enfant<\/strong> : allergies aux arachides, aux &oelig;ufs ou au lait.<\/li>\n<li><strong>Indiquez le niveau de gravit&eacute; de chaque allergie et les sympt&ocirc;mes possibles<\/strong> en cas d&rsquo;allergie alimentaire : par exemple, une petite quantit&eacute; de lait peut provoquer une &eacute;ruption cutan&eacute;e alors qu&rsquo;une trace d&rsquo;arachide peut entra&icirc;ner une r&eacute;action anaphylactique.<\/li>\n<li><strong>Transmettez &agrave; votre nounou le protocole &agrave; suivre<\/strong> dans le cas d&rsquo;une r&eacute;action &agrave; un allerg&egrave;ne : injection d&rsquo;&eacute;pin&eacute;phrine, intervention des secours.<\/li>\n<li><strong>Indiquez-lui o&ugrave; sont rang&eacute;s les m&eacute;dicaments d&rsquo;urgence<\/strong> et comment les utiliser.<\/li>\n<li><strong>Mentionnez les aliments que votre enfant peut manger en toute s&eacute;curit&eacute;<\/strong> et donnez des id&eacute;es de repas &agrave; pr&eacute;parer : fruits sp&eacute;cifiques, biscuits sans allerg&egrave;nes, produits laitiers de substitution, etc.<\/li>\n<\/ul>\n<p>Lors de la pr&eacute;paration des repas, insistez sur l&rsquo;importance de <strong>bien lire les &eacute;tiquettes<\/strong> des produits alimentaires et de nettoyer les ustensiles pour &eacute;viter une contamination.<\/p>\n<\/p>\n<p><h2>Garde d&rsquo;enfant et r&eacute;gimes m&eacute;dicaux : informez votre nounou sur le r&eacute;gime sans gluten<\/h2>\n<\/p>\n<p><p>Votre enfant suit un r&eacute;gime sans gluten ? Dans le cadre d&rsquo;une garde d&rsquo;enfant avec une nounou &agrave; domicile, il est primordial de donner des consignes claires et d&eacute;taill&eacute;es. Voici les indications que vous pouvez suivre pour garantir confort et s&eacute;r&eacute;nit&eacute; &agrave; votre bambin :&nbsp;<\/p>\n<\/p>\n<ul>\n<li>Expliquez en d&eacute;tail &agrave; votre baby-sitter ce qu&rsquo;est un r&eacute;gime sans gluten : d&eacute;crivez ce qu&rsquo;est le gluten et dans quels types d&rsquo;aliments il se trouve g&eacute;n&eacute;ralement. Pr&eacute;cisez-lui que le gluten est une prot&eacute;ine pr&eacute;sente dans les c&eacute;r&eacute;ales comme le bl&eacute;, l&rsquo;orge ou le seigle.<\/li>\n<li>Fournissez &agrave; votre nounou une liste des aliments contenant du gluten &agrave; &eacute;viter : pain, p&acirc;tes, biscuits, g&acirc;teaux, c&eacute;r&eacute;ales non certifi&eacute;es sans gluten.<\/li>\n<li>Insistez par ailleurs sur une lecture attentive des &eacute;tiquettes des produits alimentaires pr&eacute;sentant la mention &ldquo;peut contenir du gluten&rdquo; ou &ldquo;fabriqu&eacute; dans une installation qui traite le gluten&rdquo;.<\/li>\n<li>Proposez des id&eacute;es d&rsquo;aliments, de repas et de go&ucirc;ters sans gluten : pain sans gluten, p&acirc;tes &agrave; base de riz ou de ma&iuml;s, fruits et l&eacute;gumes frais, etc.<\/li>\n<li>L&agrave; aussi, mettez en garde votre nounou sur la propret&eacute; des ustensiles de cuisine qu&rsquo;elle utilise pour &eacute;viter une contamination crois&eacute;e.<\/li>\n<\/ul>\n<p>Tout au long de son contrat de travail, encouragez votre baby-sitter &agrave; communiquer avec vous en cas de doute.<\/p>\n<\/p>\n<p><a class=\"button\" href=\"https:\/\/yoopies.fr\/baby-sitter\">Je trouve une baby-sitter<\/a><\/p>\n<p><h2>La gestion quotidienne des r&eacute;gimes m&eacute;dicaux de votre enfant par sa nounou<\/h2>\n<\/p>\n<p><p>Votre enfant est allergique &agrave; certains aliments ? Intol&eacute;rant au gluten ? Sugg&eacute;rez &agrave; votre nounou de tenir r&eacute;guli&egrave;rement un journal alimentaire pour vous tenir inform&eacute; des aliments que votre enfant ingurgite.<\/p>\n<\/p>\n<figure><img decoding=\"async\" src=\"https:\/\/yoopies.fr\/c\/wp-content\/uploads\/2024\/02\/66cc6c07-c022-493c-9881-bacba1bab25f-paiementnounoucesu-1.jpg\" alt=\"R\u00e9gimes m\u00e9dicaux et alimentaires\" \/><\/figure>\n<p><h3>La tenue d&rsquo;un journal alimentaire par votre nounou<\/h3>\n<\/p>\n<p><p>Pour un suivi rigoureux du r&eacute;gime m&eacute;dical et alimentaire de votre enfant, le journal alimentaire est une solution adapt&eacute;e :&nbsp;<\/p>\n<\/p>\n<ul>\n<li>Votre nounou note chaque aliment que votre enfant consomme, chaque ingr&eacute;dient utilis&eacute; pour la pr&eacute;paration des repas, la marque des produits emball&eacute;s et les quantit&eacute;s consomm&eacute;es. Elle inscrit aussi toutes les boissons.<\/li>\n<li>Votre baby-sitter indique l&rsquo;heure exacte &agrave; laquelle chaque repas et collation sont pris par votre enfant.<\/li>\n<li>En cas de r&eacute;action allergique ou d&rsquo;intol&eacute;rance alimentaire, votre nounou doit d&eacute;crire tous les sympt&ocirc;mes, l&rsquo;heure &agrave; laquelle ils sont apparus et les mesures qui ont &eacute;t&eacute; prises.<\/li>\n<li>Si votre nounou introduit un nouvel aliment dans le r&eacute;gime de votre enfant, elle doit le signaler sur le journal et noter une quelconque r&eacute;action.<\/li>\n<\/ul>\n<p><h3>Id&eacute;es de recettes en cas de r&eacute;gime m&eacute;dical sp&eacute;cial<\/h3>\n<\/p>\n<p><p>Pour vous aider &agrave; fournir &agrave; votre nounou des id&eacute;es de repas adapt&eacute;s et simples &agrave; pr&eacute;parer, Yoopies vous donne quelques suggestions :&nbsp;<\/p>\n<\/p>\n<ul>\n<li><strong>Petit-d&eacute;jeuner pour un r&eacute;gime sans gluten<\/strong> : un bol de flocons d&rsquo;avoine sans gluten avec des fruits frais et un peu de miel.<\/li>\n<li><strong>Petit-d&eacute;jeuner pour un r&eacute;gime sans lactose<\/strong> : un smoothie maison &agrave; base de lait d&rsquo;amande et de bananes.<\/li>\n<li><strong>D&eacute;jeuner<\/strong> : une pur&eacute;e de pommes de terre avec des morceaux de poulet cuit et des petits pois ou un sandwich au fromage grill&eacute; avec des tranches de tomate.<\/li>\n<li><strong>Go&ucirc;ter<\/strong> : un yaourt nature avec des morceaux de fruits et une cuill&egrave;re de c&eacute;r&eacute;ales certifi&eacute;es sans gluten.<\/li>\n<li><strong>D&icirc;ner<\/strong> : des spaghettis bolognaise avec une sauce aux l&eacute;gumes (tomates, carottes, courgettes) ou du poisson blanc cuit au four accompagn&eacute; d&rsquo;une pur&eacute;e de carottes et de brocolis vapeur.<\/li>\n<li><strong>Desserts<\/strong> : une compote de fruits maison sans sucre ajout&eacute; ou un petit bol de fruits frais coup&eacute;s en petits morceaux.<\/li>\n<\/ul>\n<p><p>Comme vous pouvez le constater, il est essentiel de vous assurer que votre nounou &agrave; domicile en charge de la garde de votre enfant soit bien inform&eacute;e de ses besoins et <strong>r&eacute;gimes alimentaires sp&eacute;cifiques<\/strong>. N&rsquo;h&eacute;sitez pas &agrave; lui donner des conseils sur la bonne m&eacute;thode pour pr&eacute;parer et servir les repas en toute s&eacute;curit&eacute;. Vous &ecirc;tes &agrave; la recherche d&rsquo;une nounou de confiance et exp&eacute;riment&eacute;e ? Consultez les nombreux profils et avis de baby-sitters disponibles sur la plateforme en ligne Yoopies.<\/p>\n<\/p>\n<p><a class=\"button\" href=\"https:\/\/yoopies.fr\/nounou\">Je contacte d\u00e8s maintenant une nounou<\/a><\/p>\n","protected":false},"excerpt":{"rendered":"<p>Vous envisagez de confier la garde de votre enfant &agrave; une nounou ou une baby-sitter &agrave; votre domicile. En tant &hellip; <\/p>\n","protected":false},"author":10,"featured_media":936,"parent":626,"menu_order":0,"comment_status":"closed","ping_status":"closed","template":"","meta":{"_acf_changed":false,"footnotes":""},"class_list":["post-933","page","type-page","status-publish","has-post-thumbnail","hentry"],"acf":[],"yoast_head":"<!-- This site is optimized with the Yoast SEO plugin v26.9 - https:\/\/yoast.com\/product\/yoast-seo-wordpress\/ -->\n<title>Consignes r\u00e9gimes m\u00e9dicaux et alimentaires garde d\u2019enfant<\/title>\n<meta name=\"description\" content=\"Garde d&#039;enfant et r\u00e9gimes m\u00e9dicaux : transmettez \u00e0 votre nounou les bonnes consignes et donnez-lui des id\u00e9es de repas \u00e0 pr\u00e9parer avec Yoopies.\" \/>\n<meta name=\"robots\" content=\"index, follow, max-snippet:-1, max-image-preview:large, max-video-preview:-1\" \/>\n<link rel=\"canonical\" href=\"https:\/\/yoopies.fr\/c\/garde-enfant\/conseils-garde-enfants\/conseils-aux-parents\/les-consignes-de-garde\/regimes-alimentaires-et-medicaux-quelles-consignes\/\" \/>\n<meta property=\"og:locale\" content=\"fr_FR\" \/>\n<meta property=\"og:type\" content=\"article\" \/>\n<meta property=\"og:title\" content=\"Consignes r\u00e9gimes m\u00e9dicaux et alimentaires garde d\u2019enfant\" \/>\n<meta property=\"og:description\" content=\"Garde d&#039;enfant et r\u00e9gimes m\u00e9dicaux : transmettez \u00e0 votre nounou les bonnes consignes et donnez-lui des id\u00e9es de repas \u00e0 pr\u00e9parer avec Yoopies.\" \/>\n<meta property=\"og:url\" content=\"https:\/\/yoopies.fr\/c\/garde-enfant\/conseils-garde-enfants\/conseils-aux-parents\/les-consignes-de-garde\/regimes-alimentaires-et-medicaux-quelles-consignes\/\" \/>\n<meta property=\"og:site_name\" content=\"Le Blog Yoopies\" \/>\n<meta property=\"article:modified_time\" content=\"2025-06-12T07:58:59+00:00\" \/>\n<meta property=\"og:image\" content=\"https:\/\/yoopies.fr\/c\/wp-content\/uploads\/2024\/02\/65d3626d6df829d21997ef2d-image-2024-02-19-151507174.jpg\" \/>\n\t<meta property=\"og:image:width\" content=\"599\" \/>\n\t<meta property=\"og:image:height\" content=\"300\" \/>\n\t<meta property=\"og:image:type\" content=\"image\/jpeg\" \/>\n<meta name=\"twitter:card\" content=\"summary_large_image\" \/>\n<meta name=\"twitter:label1\" content=\"Dur\u00e9e de lecture estim\u00e9e\" \/>\n\t<meta name=\"twitter:data1\" content=\"6 minutes\" \/>\n<script type=\"application\/ld+json\" class=\"yoast-schema-graph\">{\"@context\":\"https:\/\/schema.org\",\"@graph\":[{\"@type\":\"WebPage\",\"@id\":\"https:\/\/yoopies.fr\/c\/garde-enfant\/conseils-garde-enfants\/conseils-aux-parents\/les-consignes-de-garde\/regimes-alimentaires-et-medicaux-quelles-consignes\/\",\"url\":\"https:\/\/yoopies.fr\/c\/garde-enfant\/conseils-garde-enfants\/conseils-aux-parents\/les-consignes-de-garde\/regimes-alimentaires-et-medicaux-quelles-consignes\/\",\"name\":\"Consignes r\u00e9gimes m\u00e9dicaux et alimentaires garde d\u2019enfant\",\"isPartOf\":{\"@id\":\"https:\/\/yoopies.fr\/c\/#website\"},\"primaryImageOfPage\":{\"@id\":\"https:\/\/yoopies.fr\/c\/garde-enfant\/conseils-garde-enfants\/conseils-aux-parents\/les-consignes-de-garde\/regimes-alimentaires-et-medicaux-quelles-consignes\/#primaryimage\"},\"image\":{\"@id\":\"https:\/\/yoopies.fr\/c\/garde-enfant\/conseils-garde-enfants\/conseils-aux-parents\/les-consignes-de-garde\/regimes-alimentaires-et-medicaux-quelles-consignes\/#primaryimage\"},\"thumbnailUrl\":\"https:\/\/yoopies.fr\/c\/wp-content\/uploads\/2024\/02\/65d3626d6df829d21997ef2d-image-2024-02-19-151507174.jpg\",\"datePublished\":\"2024-02-19T14:15:36+00:00\",\"dateModified\":\"2025-06-12T07:58:59+00:00\",\"description\":\"Garde d'enfant et r\u00e9gimes m\u00e9dicaux : transmettez \u00e0 votre nounou les bonnes consignes et donnez-lui des id\u00e9es de repas \u00e0 pr\u00e9parer avec Yoopies.\",\"breadcrumb\":{\"@id\":\"https:\/\/yoopies.fr\/c\/garde-enfant\/conseils-garde-enfants\/conseils-aux-parents\/les-consignes-de-garde\/regimes-alimentaires-et-medicaux-quelles-consignes\/#breadcrumb\"},\"inLanguage\":\"fr-FR\",\"potentialAction\":[{\"@type\":\"ReadAction\",\"target\":[\"https:\/\/yoopies.fr\/c\/garde-enfant\/conseils-garde-enfants\/conseils-aux-parents\/les-consignes-de-garde\/regimes-alimentaires-et-medicaux-quelles-consignes\/\"]}]},{\"@type\":\"ImageObject\",\"inLanguage\":\"fr-FR\",\"@id\":\"https:\/\/yoopies.fr\/c\/garde-enfant\/conseils-garde-enfants\/conseils-aux-parents\/les-consignes-de-garde\/regimes-alimentaires-et-medicaux-quelles-consignes\/#primaryimage\",\"url\":\"https:\/\/yoopies.fr\/c\/wp-content\/uploads\/2024\/02\/65d3626d6df829d21997ef2d-image-2024-02-19-151507174.jpg\",\"contentUrl\":\"https:\/\/yoopies.fr\/c\/wp-content\/uploads\/2024\/02\/65d3626d6df829d21997ef2d-image-2024-02-19-151507174.jpg\",\"width\":599,\"height\":300},{\"@type\":\"BreadcrumbList\",\"@id\":\"https:\/\/yoopies.fr\/c\/garde-enfant\/conseils-garde-enfants\/conseils-aux-parents\/les-consignes-de-garde\/regimes-alimentaires-et-medicaux-quelles-consignes\/#breadcrumb\",\"itemListElement\":[{\"@type\":\"ListItem\",\"position\":1,\"name\":\"Home\",\"item\":\"https:\/\/yoopies.fr\/c\/\"},{\"@type\":\"ListItem\",\"position\":2,\"name\":\"Garde d&rsquo;enfant\",\"item\":\"https:\/\/yoopies.fr\/c\/garde-enfant\/\"},{\"@type\":\"ListItem\",\"position\":3,\"name\":\"Conseils | Garde d&rsquo;enfants\",\"item\":\"https:\/\/yoopies.fr\/c\/garde-enfant\/conseils-garde-enfants\/\"},{\"@type\":\"ListItem\",\"position\":4,\"name\":\"Conseils aux parents\",\"item\":\"https:\/\/yoopies.fr\/c\/garde-enfant\/conseils-garde-enfants\/conseils-aux-parents\/\"},{\"@type\":\"ListItem\",\"position\":5,\"name\":\"Conseils essentiels pour une garde d&rsquo;enfants r\u00e9ussie\u00a0: alimentation, sommeil, activit\u00e9s, discipline et respect des croyances religieuses\",\"item\":\"https:\/\/yoopies.fr\/c\/garde-enfant\/conseils-garde-enfants\/conseils-aux-parents\/les-consignes-de-garde\/\"},{\"@type\":\"ListItem\",\"position\":6,\"name\":\"R\u00e9gimes alimentaires et m\u00e9dicaux : quelles consignes donner \u00e0 votre nounou ?\"}]},{\"@type\":\"WebSite\",\"@id\":\"https:\/\/yoopies.fr\/c\/#website\",\"url\":\"https:\/\/yoopies.fr\/c\/\",\"name\":\"Le Blog Yoopies\",\"description\":\"\",\"publisher\":{\"@id\":\"https:\/\/yoopies.fr\/c\/#organization\"},\"potentialAction\":[{\"@type\":\"SearchAction\",\"target\":{\"@type\":\"EntryPoint\",\"urlTemplate\":\"https:\/\/yoopies.fr\/c\/?s={search_term_string}\"},\"query-input\":{\"@type\":\"PropertyValueSpecification\",\"valueRequired\":true,\"valueName\":\"search_term_string\"}}],\"inLanguage\":\"fr-FR\"},{\"@type\":\"Organization\",\"@id\":\"https:\/\/yoopies.fr\/c\/#organization\",\"name\":\"Le Blog Yoopies\",\"url\":\"https:\/\/yoopies.fr\/c\/\",\"logo\":{\"@type\":\"ImageObject\",\"inLanguage\":\"fr-FR\",\"@id\":\"https:\/\/yoopies.fr\/c\/#\/schema\/logo\/image\/\",\"url\":\"https:\/\/yoopies.fr\/c\/wp-content\/uploads\/2025\/04\/cropped-Logo_Yoopies-2.png\",\"contentUrl\":\"https:\/\/yoopies.fr\/c\/wp-content\/uploads\/2025\/04\/cropped-Logo_Yoopies-2.png\",\"width\":512,\"height\":512,\"caption\":\"Le Blog Yoopies\"},\"image\":{\"@id\":\"https:\/\/yoopies.fr\/c\/#\/schema\/logo\/image\/\"}}]}<\/script>\n<!-- \/ Yoast SEO plugin. -->","yoast_head_json":{"title":"Consignes r\u00e9gimes m\u00e9dicaux et alimentaires garde d\u2019enfant","description":"Garde d'enfant et r\u00e9gimes m\u00e9dicaux : transmettez \u00e0 votre nounou les bonnes consignes et donnez-lui des id\u00e9es de repas \u00e0 pr\u00e9parer avec Yoopies.","robots":{"index":"index","follow":"follow","max-snippet":"max-snippet:-1","max-image-preview":"max-image-preview:large","max-video-preview":"max-video-preview:-1"},"canonical":"https:\/\/yoopies.fr\/c\/garde-enfant\/conseils-garde-enfants\/conseils-aux-parents\/les-consignes-de-garde\/regimes-alimentaires-et-medicaux-quelles-consignes\/","og_locale":"fr_FR","og_type":"article","og_title":"Consignes r\u00e9gimes m\u00e9dicaux et alimentaires garde d\u2019enfant","og_description":"Garde d'enfant et r\u00e9gimes m\u00e9dicaux : transmettez \u00e0 votre nounou les bonnes consignes et donnez-lui des id\u00e9es de repas \u00e0 pr\u00e9parer avec Yoopies.","og_url":"https:\/\/yoopies.fr\/c\/garde-enfant\/conseils-garde-enfants\/conseils-aux-parents\/les-consignes-de-garde\/regimes-alimentaires-et-medicaux-quelles-consignes\/","og_site_name":"Le Blog Yoopies","article_modified_time":"2025-06-12T07:58:59+00:00","og_image":[{"width":599,"height":300,"url":"https:\/\/yoopies.fr\/c\/wp-content\/uploads\/2024\/02\/65d3626d6df829d21997ef2d-image-2024-02-19-151507174.jpg","type":"image\/jpeg"}],"twitter_card":"summary_large_image","twitter_misc":{"Dur\u00e9e de lecture estim\u00e9e":"6 minutes"},"schema":{"@context":"https:\/\/schema.org","@graph":[{"@type":"WebPage","@id":"https:\/\/yoopies.fr\/c\/garde-enfant\/conseils-garde-enfants\/conseils-aux-parents\/les-consignes-de-garde\/regimes-alimentaires-et-medicaux-quelles-consignes\/","url":"https:\/\/yoopies.fr\/c\/garde-enfant\/conseils-garde-enfants\/conseils-aux-parents\/les-consignes-de-garde\/regimes-alimentaires-et-medicaux-quelles-consignes\/","name":"Consignes r\u00e9gimes m\u00e9dicaux et alimentaires garde d\u2019enfant","isPartOf":{"@id":"https:\/\/yoopies.fr\/c\/#website"},"primaryImageOfPage":{"@id":"https:\/\/yoopies.fr\/c\/garde-enfant\/conseils-garde-enfants\/conseils-aux-parents\/les-consignes-de-garde\/regimes-alimentaires-et-medicaux-quelles-consignes\/#primaryimage"},"image":{"@id":"https:\/\/yoopies.fr\/c\/garde-enfant\/conseils-garde-enfants\/conseils-aux-parents\/les-consignes-de-garde\/regimes-alimentaires-et-medicaux-quelles-consignes\/#primaryimage"},"thumbnailUrl":"https:\/\/yoopies.fr\/c\/wp-content\/uploads\/2024\/02\/65d3626d6df829d21997ef2d-image-2024-02-19-151507174.jpg","datePublished":"2024-02-19T14:15:36+00:00","dateModified":"2025-06-12T07:58:59+00:00","description":"Garde d'enfant et r\u00e9gimes m\u00e9dicaux : transmettez \u00e0 votre nounou les bonnes consignes et donnez-lui des id\u00e9es de repas \u00e0 pr\u00e9parer avec Yoopies.","breadcrumb":{"@id":"https:\/\/yoopies.fr\/c\/garde-enfant\/conseils-garde-enfants\/conseils-aux-parents\/les-consignes-de-garde\/regimes-alimentaires-et-medicaux-quelles-consignes\/#breadcrumb"},"inLanguage":"fr-FR","potentialAction":[{"@type":"ReadAction","target":["https:\/\/yoopies.fr\/c\/garde-enfant\/conseils-garde-enfants\/conseils-aux-parents\/les-consignes-de-garde\/regimes-alimentaires-et-medicaux-quelles-consignes\/"]}]},{"@type":"ImageObject","inLanguage":"fr-FR","@id":"https:\/\/yoopies.fr\/c\/garde-enfant\/conseils-garde-enfants\/conseils-aux-parents\/les-consignes-de-garde\/regimes-alimentaires-et-medicaux-quelles-consignes\/#primaryimage","url":"https:\/\/yoopies.fr\/c\/wp-content\/uploads\/2024\/02\/65d3626d6df829d21997ef2d-image-2024-02-19-151507174.jpg","contentUrl":"https:\/\/yoopies.fr\/c\/wp-content\/uploads\/2024\/02\/65d3626d6df829d21997ef2d-image-2024-02-19-151507174.jpg","width":599,"height":300},{"@type":"BreadcrumbList","@id":"https:\/\/yoopies.fr\/c\/garde-enfant\/conseils-garde-enfants\/conseils-aux-parents\/les-consignes-de-garde\/regimes-alimentaires-et-medicaux-quelles-consignes\/#breadcrumb","itemListElement":[{"@type":"ListItem","position":1,"name":"Home","item":"https:\/\/yoopies.fr\/c\/"},{"@type":"ListItem","position":2,"name":"Garde d&rsquo;enfant","item":"https:\/\/yoopies.fr\/c\/garde-enfant\/"},{"@type":"ListItem","position":3,"name":"Conseils | Garde d&rsquo;enfants","item":"https:\/\/yoopies.fr\/c\/garde-enfant\/conseils-garde-enfants\/"},{"@type":"ListItem","position":4,"name":"Conseils aux parents","item":"https:\/\/yoopies.fr\/c\/garde-enfant\/conseils-garde-enfants\/conseils-aux-parents\/"},{"@type":"ListItem","position":5,"name":"Conseils essentiels pour une garde d&rsquo;enfants r\u00e9ussie\u00a0: alimentation, sommeil, activit\u00e9s, discipline et respect des croyances religieuses","item":"https:\/\/yoopies.fr\/c\/garde-enfant\/conseils-garde-enfants\/conseils-aux-parents\/les-consignes-de-garde\/"},{"@type":"ListItem","position":6,"name":"R\u00e9gimes alimentaires et m\u00e9dicaux : quelles consignes donner \u00e0 votre nounou ?"}]},{"@type":"WebSite","@id":"https:\/\/yoopies.fr\/c\/#website","url":"https:\/\/yoopies.fr\/c\/","name":"Le Blog Yoopies","description":"","publisher":{"@id":"https:\/\/yoopies.fr\/c\/#organization"},"potentialAction":[{"@type":"SearchAction","target":{"@type":"EntryPoint","urlTemplate":"https:\/\/yoopies.fr\/c\/?s={search_term_string}"},"query-input":{"@type":"PropertyValueSpecification","valueRequired":true,"valueName":"search_term_string"}}],"inLanguage":"fr-FR"},{"@type":"Organization","@id":"https:\/\/yoopies.fr\/c\/#organization","name":"Le Blog Yoopies","url":"https:\/\/yoopies.fr\/c\/","logo":{"@type":"ImageObject","inLanguage":"fr-FR","@id":"https:\/\/yoopies.fr\/c\/#\/schema\/logo\/image\/","url":"https:\/\/yoopies.fr\/c\/wp-content\/uploads\/2025\/04\/cropped-Logo_Yoopies-2.png","contentUrl":"https:\/\/yoopies.fr\/c\/wp-content\/uploads\/2025\/04\/cropped-Logo_Yoopies-2.png","width":512,"height":512,"caption":"Le Blog Yoopies"},"image":{"@id":"https:\/\/yoopies.fr\/c\/#\/schema\/logo\/image\/"}}]}},"_links":{"self":[{"href":"https:\/\/yoopies.fr\/c\/wp-json\/wp\/v2\/pages\/933","targetHints":{"allow":["GET"]}}],"collection":[{"href":"https:\/\/yoopies.fr\/c\/wp-json\/wp\/v2\/pages"}],"about":[{"href":"https:\/\/yoopies.fr\/c\/wp-json\/wp\/v2\/types\/page"}],"author":[{"embeddable":true,"href":"https:\/\/yoopies.fr\/c\/wp-json\/wp\/v2\/users\/10"}],"replies":[{"embeddable":true,"href":"https:\/\/yoopies.fr\/c\/wp-json\/wp\/v2\/comments?post=933"}],"version-history":[{"count":1,"href":"https:\/\/yoopies.fr\/c\/wp-json\/wp\/v2\/pages\/933\/revisions"}],"predecessor-version":[{"id":937,"href":"https:\/\/yoopies.fr\/c\/wp-json\/wp\/v2\/pages\/933\/revisions\/937"}],"up":[{"embeddable":true,"href":"https:\/\/yoopies.fr\/c\/wp-json\/wp\/v2\/pages\/626"}],"wp:featuredmedia":[{"embeddable":true,"href":"https:\/\/yoopies.fr\/c\/wp-json\/wp\/v2\/media\/936"}],"wp:attachment":[{"href":"https:\/\/yoopies.fr\/c\/wp-json\/wp\/v2\/media?parent=933"}],"curies":[{"name":"wp","href":"https:\/\/api.w.org\/{rel}","templated":true}]}}