{"id":90,"date":"2023-12-01T15:17:46","date_gmt":"2023-12-01T15:17:46","guid":{"rendered":"https:\/\/blog.yoopies.fr\/aide-personne-informations\/"},"modified":"2026-01-23T09:08:32","modified_gmt":"2026-01-23T09:08:32","slug":"aide-personne-informations","status":"publish","type":"page","link":"https:\/\/yoopies.fr\/c\/aide-personne-informations\/","title":{"rendered":"Aide \u00e0 la personne"},"content":{"rendered":"<p><strong>De nature g\u00e9n\u00e9reux et aimant le contact humain, vous souhaitez faire de l&rsquo;aide \u00e0 la personne ? Yoopies r\u00e9pond \u00e0 vos questions dans les articles r\u00e9dig\u00e9s par nos experts.<\/strong><\/p>\n<p class=\"block-img\"><img decoding=\"async\" src=\"https:\/\/yoopies.fr\/c\/wp-content\/uploads\/2023\/12\/7767eea0-0311-41a3-95cb-a8562faca0cb_pexels-pixabay-302083.jpg\" alt=\"\" \/><\/p>\n<h2><strong>Qu&rsquo;est ce qu&rsquo;une aide \u00e0 la personne ? <\/strong><\/h2>\n<p><strong>Dans la soci\u00e9t\u00e9 actuelle, nombreux sont ceux qui se retrouvent en difficult\u00e9 de par l\u2019\u00e2ge ou la maladie et ne parviennent plus \u00e0 assurer les t\u00e2ches de la vie quotidienne. Une aide \u00e0 domicile est une personne qui assure l\u2019accompagnement d\u2019une personne \u00e2g\u00e9e ou en situation de handicap, dans leur environnement. <\/strong><\/p>\n<p>Devenir aide \u00e0 la personne, c\u2019est avant tout veiller au bien-\u00eatre et prendre soin d\u2019une personne \u00e2g\u00e9e, ou d\u00e9pendante.<\/p>\n<p>Le premier objectif d&rsquo;une aide \u00e0 la personne est de faciliter la vie quotidienne \u00e0 domicile des personnes \u00e2g\u00e9es ou des personnes d\u00e9pendantes. Une aide \u00e0 la personne contribue ainsi au maintien \u00e0 domicile et assure une aide r\u00e9guli\u00e8re pour les t\u00e2ches m\u00e9nag\u00e8res. Il vous faudra assister la personne dans l\u2019accomplissement des t\u00e2ches quotidiennes, comme l\u2019entretien de son logement, la pr\u00e9paration de ses repas, ses d\u00e9placements\u2026 Il est essentiel que l&rsquo;aide \u00e0 domicile poss\u00e8de une grande polyvalence pour faire face \u00e0 la diversit\u00e9 des t\u00e2ches.<\/p>\n<p>Vous aurez \u00e9galement pour objectif principal de maintenir et stimuler l\u2019autonomie de la personne d\u00e9pendante, par le suivi des relations familiales.<\/p>\n<p>Vous n\u2019interviendrez pas uniquement sur le plan mat\u00e9riel et sanitaire. Vous aurez \u00e9galement \u00e0 soutenir la personne assist\u00e9e sur le plan moral.<\/p>\n<p>Une aide \u00e0 la personne apporte aussi un soutien psychologique et intellectuel en favorisant l\u2019\u00e9coute, le dialogue, les jeux et la lecture. Elle aide aussi aux d\u00e9marches administratives et \u00e0 l\u2019organisation des semaines, tout en veillant \u00e0 la prise des rendez-vous et \u00e0 la tenue du budget.<\/p>\n<p>Nos mamies n&rsquo;ont pas \u00e9t\u00e9 \u00e9pargn\u00e9es par le Covid19 cette ann\u00e9e ! C&rsquo;est l&rsquo;occasion de leur montrer qu&rsquo;on pense \u00e0 elles malgr\u00e9 cette situation toujours un peu compliqu\u00e9e ! Vous n&rsquo;avez pas d&rsquo;id\u00e9es de cadeaux ? Nous sommes l\u00e0 pour vous aider \u00e0 trouver votre bonheur !\u00a0Vous trouverez les meilleures id\u00e9es pour une f\u00eate des grands-m\u00e8res r\u00e9ussie dans cet article !<\/p>\n<h2><strong>Quelles sont les qualit\u00e9s d&rsquo;une aide \u00e0 la personne? <\/strong><\/h2>\n<p>Vous \u00eates une auxiliaire de vie ? Votre aide est d\u00e9di\u00e9e \u00e0 une personne d\u00e9pendante. Un grand nombre de qualit\u00e9s est indispensable pour d\u00e9celer le besoin ou le mal \u00eatre de cette personne. Une aide \u00e0 la personne devra savoir construire et conserver des bases solides de partage tout en restant cordiales.<br \/>\nElle doit respecter la vie priv\u00e9e de la personne \u00e2g\u00e9e, ou d\u00e9pendante, \u00eatre capable de pr\u00e9server son intimit\u00e9 mais aussi \u00eatre capable de garder les confidences.<br \/>\nLe respect des normes et des r\u00e8gles est une qualit\u00e9 requise. Il faut \u00e9galement que l\u2019aide \u00e0 la personne soit fiable pour fournir un service r\u00e9gulier. Il est important d\u2019avoir une grande disponibilit\u00e9 mais aussi de la ponctualit\u00e9 pour respecter la personne d\u00e9pendante ou \u00e2g\u00e9e qui attend.<\/p>\n<h3><a href=\"https:\/\/yoopies.fr\/c\/qualites-aide-a-la-personne\/\" target=\"_blank\" rel=\"noopener\">Les qualit\u00e9s indispensables d&rsquo;une aide \u00e0 la personne<\/a><\/h3>\n<p>L&rsquo;aide \u00e0 la personne n&rsquo;intervient pas uniquement sur le plan mat\u00e9riel et sanitaire mais \u00e9galement sur le plan moral. Au-del\u00e0 des comp\u00e9tences techniques, les qualit\u00e9s humaines priment pour \u00eatre une aide \u00e0 la personne id\u00e9ale. Consultez cet article pour en savoir plus.<\/p>\n<p>Vous souhaitez conna\u00eetre les \u00e9l\u00e9ments indispensables pour cr\u00e9er votre annonce et trouver des familles ? Vous vous demandez quelle est la meilleure mani\u00e8re de se mettre en valeur ? Vos r\u00e9ponses, et bien plus encore, sont toutes dans cet article !<\/p>\n<h2><strong>\u00catre dame de compagnie pour les personnes \u00e2g\u00e9es ou d\u00e9pendantes <\/strong><\/h2>\n<p>Une dame de compagnie est une personne de confiance et surtout bienveillante qui sera pr\u00e9sente aupr\u00e8s des personnes \u00e2g\u00e9es ou d\u00e9pendantes pour rompre leur solitude. Elle s\u2019engage \u00e0 \u00e9gayer le quotidien de la personne \u00e2g\u00e9e, tout en prenant soin d\u2019eux.<\/p>\n<p>Le m\u00e9tier de dame de compagnie est tr\u00e8s enrichissant. Son r\u00f4le principal est d\u2019\u00e9changer,\u00a0proposer une pr\u00e9sence amicale \u00e0 la personne \u00e2g\u00e9e ou d\u00e9pendante. La dame de compagnie peut proposer un jeu \u00e0 la personne \u00e2g\u00e9e, de lui faire la lecture, de l\u2019accompagner lors de sorties, l\u2019aider \u00e0 pr\u00e9parer le repas ou tout simplement de discuter. Elle consacre par exemple du temps pour \u00e9changer et partager ses souvenirs ou les moments forts de sa vie.<\/p>\n<p>Une dame de compagnie peut \u00e9galement intervenir pour des gardes de nuit afin de proposer une pr\u00e9sence rassurante ou pour g\u00e9rer quelques d\u00e9marches administratives simples (courrier, classement \u2026).<\/p>\n<p>Une dame de compagnie peut \u00e9galement \u00eatre sollicit\u00e9e pour faire un trajet en voiture afin de \u00ab tenir compagnie \u00bb durant un voyage. Il faudra bien pr\u00e9venir sa compagnie d\u2019assurance si elle utilise son v\u00e9hicule ou l\u2019assurance de la personne \u00e2g\u00e9e ou d\u00e9pendante si elle conduit le sien.<\/p>\n<p><strong>Tous nos guides officiels sont tenus \u00e0 jour afin que vous soyez toujours inform\u00e9s des actualit\u00e9s.<\/strong><\/p>\n<p><a class=\"button\" href=\"https:\/\/yoopies.fr\/emploi-aide-a-domicile\">Venez en aide aux personnes d\u00e9pendantes en cliquant ici<\/a><\/p>\n","protected":false},"excerpt":{"rendered":"<p>De nature g\u00e9n\u00e9reux et aimant le contact humain, vous souhaitez faire de l&rsquo;aide \u00e0 la personne ? Yoopies r\u00e9pond \u00e0 &hellip; <\/p>\n","protected":false},"author":10,"featured_media":92,"parent":0,"menu_order":0,"comment_status":"closed","ping_status":"closed","template":"","meta":{"_acf_changed":false,"footnotes":""},"class_list":["post-90","page","type-page","status-publish","has-post-thumbnail","hentry"],"acf":[],"yoast_head":"<!-- This site is optimized with the Yoast SEO plugin v26.9 - https:\/\/yoast.com\/product\/yoast-seo-wordpress\/ -->\n<title>Aide \u00e0 la personne - Informations<\/title>\n<meta name=\"description\" content=\"Vous \u00eates un intervenant pour de l&#039;aide \u00e0 la personne \u00e0 domicile. Toutes les informations et r\u00e9ponses \u00e0 vos questions dans nos articles.\" \/>\n<meta name=\"robots\" content=\"index, follow, max-snippet:-1, max-image-preview:large, max-video-preview:-1\" \/>\n<link rel=\"canonical\" href=\"https:\/\/yoopies.fr\/c\/aide-personne-informations\/\" \/>\n<meta property=\"og:locale\" content=\"fr_FR\" \/>\n<meta property=\"og:type\" content=\"article\" \/>\n<meta property=\"og:title\" content=\"Aide \u00e0 la personne - Informations\" \/>\n<meta property=\"og:description\" content=\"Vous \u00eates un intervenant pour de l&#039;aide \u00e0 la personne \u00e0 domicile. Toutes les informations et r\u00e9ponses \u00e0 vos questions dans nos articles.\" \/>\n<meta property=\"og:url\" content=\"https:\/\/yoopies.fr\/c\/aide-personne-informations\/\" \/>\n<meta property=\"og:site_name\" content=\"Le Blog Yoopies\" \/>\n<meta property=\"article:modified_time\" content=\"2026-01-23T09:08:32+00:00\" \/>\n<meta property=\"og:image\" content=\"https:\/\/yoopies.fr\/c\/wp-content\/uploads\/2023\/12\/7767eea0-0311-41a3-95cb-a8562faca0cb-pexels-pixabay-302083.jpg\" \/>\n\t<meta property=\"og:image:width\" content=\"1200\" \/>\n\t<meta property=\"og:image:height\" content=\"800\" \/>\n\t<meta property=\"og:image:type\" content=\"image\/jpeg\" \/>\n<meta name=\"twitter:card\" content=\"summary_large_image\" \/>\n<meta name=\"twitter:label1\" content=\"Dur\u00e9e de lecture estim\u00e9e\" \/>\n\t<meta name=\"twitter:data1\" content=\"5 minutes\" \/>\n<script type=\"application\/ld+json\" class=\"yoast-schema-graph\">{\"@context\":\"https:\/\/schema.org\",\"@graph\":[{\"@type\":\"WebPage\",\"@id\":\"https:\/\/yoopies.fr\/c\/aide-personne-informations\/\",\"url\":\"https:\/\/yoopies.fr\/c\/aide-personne-informations\/\",\"name\":\"Aide \u00e0 la personne - Informations\",\"isPartOf\":{\"@id\":\"https:\/\/yoopies.fr\/c\/#website\"},\"primaryImageOfPage\":{\"@id\":\"https:\/\/yoopies.fr\/c\/aide-personne-informations\/#primaryimage\"},\"image\":{\"@id\":\"https:\/\/yoopies.fr\/c\/aide-personne-informations\/#primaryimage\"},\"thumbnailUrl\":\"https:\/\/yoopies.fr\/c\/wp-content\/uploads\/2023\/12\/7767eea0-0311-41a3-95cb-a8562faca0cb-pexels-pixabay-302083.jpg\",\"datePublished\":\"2023-12-01T15:17:46+00:00\",\"dateModified\":\"2026-01-23T09:08:32+00:00\",\"description\":\"Vous \u00eates un intervenant pour de l'aide \u00e0 la personne \u00e0 domicile. Toutes les informations et r\u00e9ponses \u00e0 vos questions dans nos articles.\",\"breadcrumb\":{\"@id\":\"https:\/\/yoopies.fr\/c\/aide-personne-informations\/#breadcrumb\"},\"inLanguage\":\"fr-FR\",\"potentialAction\":[{\"@type\":\"ReadAction\",\"target\":[\"https:\/\/yoopies.fr\/c\/aide-personne-informations\/\"]}]},{\"@type\":\"ImageObject\",\"inLanguage\":\"fr-FR\",\"@id\":\"https:\/\/yoopies.fr\/c\/aide-personne-informations\/#primaryimage\",\"url\":\"https:\/\/yoopies.fr\/c\/wp-content\/uploads\/2023\/12\/7767eea0-0311-41a3-95cb-a8562faca0cb-pexels-pixabay-302083.jpg\",\"contentUrl\":\"https:\/\/yoopies.fr\/c\/wp-content\/uploads\/2023\/12\/7767eea0-0311-41a3-95cb-a8562faca0cb-pexels-pixabay-302083.jpg\",\"width\":1200,\"height\":800},{\"@type\":\"BreadcrumbList\",\"@id\":\"https:\/\/yoopies.fr\/c\/aide-personne-informations\/#breadcrumb\",\"itemListElement\":[{\"@type\":\"ListItem\",\"position\":1,\"name\":\"Home\",\"item\":\"https:\/\/yoopies.fr\/c\/\"},{\"@type\":\"ListItem\",\"position\":2,\"name\":\"Aide \u00e0 la personne\"}]},{\"@type\":\"WebSite\",\"@id\":\"https:\/\/yoopies.fr\/c\/#website\",\"url\":\"https:\/\/yoopies.fr\/c\/\",\"name\":\"Le Blog Yoopies\",\"description\":\"\",\"publisher\":{\"@id\":\"https:\/\/yoopies.fr\/c\/#organization\"},\"potentialAction\":[{\"@type\":\"SearchAction\",\"target\":{\"@type\":\"EntryPoint\",\"urlTemplate\":\"https:\/\/yoopies.fr\/c\/?s={search_term_string}\"},\"query-input\":{\"@type\":\"PropertyValueSpecification\",\"valueRequired\":true,\"valueName\":\"search_term_string\"}}],\"inLanguage\":\"fr-FR\"},{\"@type\":\"Organization\",\"@id\":\"https:\/\/yoopies.fr\/c\/#organization\",\"name\":\"Le Blog Yoopies\",\"url\":\"https:\/\/yoopies.fr\/c\/\",\"logo\":{\"@type\":\"ImageObject\",\"inLanguage\":\"fr-FR\",\"@id\":\"https:\/\/yoopies.fr\/c\/#\/schema\/logo\/image\/\",\"url\":\"https:\/\/yoopies.fr\/c\/wp-content\/uploads\/2025\/04\/cropped-Logo_Yoopies-2.png\",\"contentUrl\":\"https:\/\/yoopies.fr\/c\/wp-content\/uploads\/2025\/04\/cropped-Logo_Yoopies-2.png\",\"width\":512,\"height\":512,\"caption\":\"Le Blog Yoopies\"},\"image\":{\"@id\":\"https:\/\/yoopies.fr\/c\/#\/schema\/logo\/image\/\"}}]}<\/script>\n<!-- \/ Yoast SEO plugin. -->","yoast_head_json":{"title":"Aide \u00e0 la personne - Informations","description":"Vous \u00eates un intervenant pour de l'aide \u00e0 la personne \u00e0 domicile. Toutes les informations et r\u00e9ponses \u00e0 vos questions dans nos articles.","robots":{"index":"index","follow":"follow","max-snippet":"max-snippet:-1","max-image-preview":"max-image-preview:large","max-video-preview":"max-video-preview:-1"},"canonical":"https:\/\/yoopies.fr\/c\/aide-personne-informations\/","og_locale":"fr_FR","og_type":"article","og_title":"Aide \u00e0 la personne - Informations","og_description":"Vous \u00eates un intervenant pour de l'aide \u00e0 la personne \u00e0 domicile. Toutes les informations et r\u00e9ponses \u00e0 vos questions dans nos articles.","og_url":"https:\/\/yoopies.fr\/c\/aide-personne-informations\/","og_site_name":"Le Blog Yoopies","article_modified_time":"2026-01-23T09:08:32+00:00","og_image":[{"width":1200,"height":800,"url":"https:\/\/yoopies.fr\/c\/wp-content\/uploads\/2023\/12\/7767eea0-0311-41a3-95cb-a8562faca0cb-pexels-pixabay-302083.jpg","type":"image\/jpeg"}],"twitter_card":"summary_large_image","twitter_misc":{"Dur\u00e9e de lecture estim\u00e9e":"5 minutes"},"schema":{"@context":"https:\/\/schema.org","@graph":[{"@type":"WebPage","@id":"https:\/\/yoopies.fr\/c\/aide-personne-informations\/","url":"https:\/\/yoopies.fr\/c\/aide-personne-informations\/","name":"Aide \u00e0 la personne - Informations","isPartOf":{"@id":"https:\/\/yoopies.fr\/c\/#website"},"primaryImageOfPage":{"@id":"https:\/\/yoopies.fr\/c\/aide-personne-informations\/#primaryimage"},"image":{"@id":"https:\/\/yoopies.fr\/c\/aide-personne-informations\/#primaryimage"},"thumbnailUrl":"https:\/\/yoopies.fr\/c\/wp-content\/uploads\/2023\/12\/7767eea0-0311-41a3-95cb-a8562faca0cb-pexels-pixabay-302083.jpg","datePublished":"2023-12-01T15:17:46+00:00","dateModified":"2026-01-23T09:08:32+00:00","description":"Vous \u00eates un intervenant pour de l'aide \u00e0 la personne \u00e0 domicile. Toutes les informations et r\u00e9ponses \u00e0 vos questions dans nos articles.","breadcrumb":{"@id":"https:\/\/yoopies.fr\/c\/aide-personne-informations\/#breadcrumb"},"inLanguage":"fr-FR","potentialAction":[{"@type":"ReadAction","target":["https:\/\/yoopies.fr\/c\/aide-personne-informations\/"]}]},{"@type":"ImageObject","inLanguage":"fr-FR","@id":"https:\/\/yoopies.fr\/c\/aide-personne-informations\/#primaryimage","url":"https:\/\/yoopies.fr\/c\/wp-content\/uploads\/2023\/12\/7767eea0-0311-41a3-95cb-a8562faca0cb-pexels-pixabay-302083.jpg","contentUrl":"https:\/\/yoopies.fr\/c\/wp-content\/uploads\/2023\/12\/7767eea0-0311-41a3-95cb-a8562faca0cb-pexels-pixabay-302083.jpg","width":1200,"height":800},{"@type":"BreadcrumbList","@id":"https:\/\/yoopies.fr\/c\/aide-personne-informations\/#breadcrumb","itemListElement":[{"@type":"ListItem","position":1,"name":"Home","item":"https:\/\/yoopies.fr\/c\/"},{"@type":"ListItem","position":2,"name":"Aide \u00e0 la personne"}]},{"@type":"WebSite","@id":"https:\/\/yoopies.fr\/c\/#website","url":"https:\/\/yoopies.fr\/c\/","name":"Le Blog Yoopies","description":"","publisher":{"@id":"https:\/\/yoopies.fr\/c\/#organization"},"potentialAction":[{"@type":"SearchAction","target":{"@type":"EntryPoint","urlTemplate":"https:\/\/yoopies.fr\/c\/?s={search_term_string}"},"query-input":{"@type":"PropertyValueSpecification","valueRequired":true,"valueName":"search_term_string"}}],"inLanguage":"fr-FR"},{"@type":"Organization","@id":"https:\/\/yoopies.fr\/c\/#organization","name":"Le Blog Yoopies","url":"https:\/\/yoopies.fr\/c\/","logo":{"@type":"ImageObject","inLanguage":"fr-FR","@id":"https:\/\/yoopies.fr\/c\/#\/schema\/logo\/image\/","url":"https:\/\/yoopies.fr\/c\/wp-content\/uploads\/2025\/04\/cropped-Logo_Yoopies-2.png","contentUrl":"https:\/\/yoopies.fr\/c\/wp-content\/uploads\/2025\/04\/cropped-Logo_Yoopies-2.png","width":512,"height":512,"caption":"Le Blog Yoopies"},"image":{"@id":"https:\/\/yoopies.fr\/c\/#\/schema\/logo\/image\/"}}]}},"_links":{"self":[{"href":"https:\/\/yoopies.fr\/c\/wp-json\/wp\/v2\/pages\/90","targetHints":{"allow":["GET"]}}],"collection":[{"href":"https:\/\/yoopies.fr\/c\/wp-json\/wp\/v2\/pages"}],"about":[{"href":"https:\/\/yoopies.fr\/c\/wp-json\/wp\/v2\/types\/page"}],"author":[{"embeddable":true,"href":"https:\/\/yoopies.fr\/c\/wp-json\/wp\/v2\/users\/10"}],"replies":[{"embeddable":true,"href":"https:\/\/yoopies.fr\/c\/wp-json\/wp\/v2\/comments?post=90"}],"version-history":[{"count":2,"href":"https:\/\/yoopies.fr\/c\/wp-json\/wp\/v2\/pages\/90\/revisions"}],"predecessor-version":[{"id":1769,"href":"https:\/\/yoopies.fr\/c\/wp-json\/wp\/v2\/pages\/90\/revisions\/1769"}],"wp:featuredmedia":[{"embeddable":true,"href":"https:\/\/yoopies.fr\/c\/wp-json\/wp\/v2\/media\/92"}],"wp:attachment":[{"href":"https:\/\/yoopies.fr\/c\/wp-json\/wp\/v2\/media?parent=90"}],"curies":[{"name":"wp","href":"https:\/\/api.w.org\/{rel}","templated":true}]}}