{"id":854,"date":"2024-02-19T14:24:11","date_gmt":"2024-02-19T14:24:11","guid":{"rendered":"https:\/\/blog.yoopies.fr\/garde-enfant\/conseils-garde-enfants\/conseils-aux-gardants\/idees-activites-noel-avec-la-nounou\/"},"modified":"2025-06-12T07:58:57","modified_gmt":"2025-06-12T07:58:57","slug":"idees-activites-noel-avec-la-nounou","status":"publish","type":"page","link":"https:\/\/yoopies.fr\/c\/garde-enfant\/conseils-garde-enfants\/conseils-aux-gardants\/idees-activites-noel-avec-la-nounou\/","title":{"rendered":"Des id\u00e9es d&rsquo;activit\u00e9s pour No\u00ebl avec la nounou"},"content":{"rendered":"<p><p><strong>Vous &ecirc;tes une nounou ou baby-sitter et vous gardez des enfants durant ces vacances de No&euml;l ? <\/strong><\/p>\n<p><strong>Pour patienter jusqu&rsquo;&agrave; l&rsquo;arriv&eacute;e du P&egrave;re No&euml;l, on vous propose une liste d&rsquo;activit&eacute;s cr&eacute;atives &agrave; faire avec les enfants que vous gardez pendant les vacances de fin d&rsquo;ann&eacute;e&nbsp;!<\/strong><\/p>\n<p class=\"block-img\"><img decoding=\"async\" src=\"https:\/\/yoopies.fr\/c\/wp-content\/uploads\/2024\/02\/66f14369-1304-4a38-a6b2-0e612e1f041f_pexels-denisova-irina-3329488.jpg\" alt=\"activit&eacute; de No&euml;l\"><\/p>\n<\/p>\n<p class=\"highlighted\">\n<p>L&rsquo;enfance, c&rsquo;est de croire qu&rsquo;avec le sapin de No&euml;l et trois flocons de neige, toute la terre est chang&eacute;e. Andr&eacute; Laurendeau<\/p>\n<\/p>\n<p><h3><\/h3>\n<p>No&euml;l est la<strong> f&ecirc;te familiale par excellence<\/strong>. Alors pour les nounous qui gardent des enfants durant les vacances de No&euml;l, il est hors de question de louper cette occasion pour vous amuser ensemble autour de ce th&egrave;me ! Il existe une multitude d&rsquo;<strong>activit&eacute;s cr&eacute;atives, <\/strong>m&ecirc;me pour les plus jeunes qui croient encore au P&egrave;re No&euml;l, pour participer &agrave;<strong> la magie de No&euml;l<\/strong>. En attendant le grand d&eacute;ballage des cadeaux, voici 8 id&eacute;es d&rsquo;activit&eacute;s pour occuper les enfants que vous gardez durant les jours qui pr&eacute;c&egrave;dent No&euml;l.<\/p>\n<\/p>\n<h2><strong>R&eacute;aliser une couronne de No&euml;l \ud83c\udf85<\/strong><\/h2>\n<p>Pour la r&eacute;alisation de cette couronne de No&euml;l, il vous faudra une couronne en paille, un kit \u00ab\u00a0mobile P&egrave;re No&euml;l articul&eacute;\u00a0\u00bb, des motifs de No&euml;l en bois (sapin, &eacute;toiles, cadeaux etc&#8230;), des lettres de No&euml;l en bois, des cure-dents, des rubans de No&euml;l, de la peinture verte et enfin des feutres. <\/p>\n<p>Pour commencer, coloriez votre P&egrave;re No&euml;l articul&eacute; puis le montez. Collez ensuite les d&eacute;corations en bois sur des cure-dents. Peignez les lettres de No&euml;l en vert, laissez s&eacute;cher et fixez avec des cure-dents. Piquez la couronne avec les d&eacute;corations en bois. Enroulez la couronne de rubans d&eacute;coratifs. Fixez ensuite le P&egrave;re No&euml;l en position assise &agrave; l&rsquo;int&eacute;rieur de la couronne. Piquez le haut de la couronne avec les lettres de No&euml;l. Il vous restera plus qu&rsquo;&agrave; suspendre &agrave; la porte et contempler les enfants satisfaits. <\/p>\n<\/p>\n<h2><strong>Cuisiner des petites douceurs \ud83c\udf82<\/strong><\/h2>\n<p>Profitez de votre garde ainsi que des <strong>vacances de No&euml;l <\/strong>pour cuisiner avec les enfants !  C&rsquo;est une jolie fa&ccedil;on d&rsquo;&eacute;changer, de profiter les uns des autres et de faire passer le temps ! Rien de mieux que de se tourner vers les desserts pour leur faire plaisir. Petits sabl&eacute;s de No&euml;l, maisons en pain d&rsquo;&eacute;pices, sucettes au chocolat&nbsp;font partie des recettes faciles et gourmandes que vous pouvez faire avec les enfants.  <\/p>\n<p>Nous avons pr&eacute;par&eacute; deux recettes tr&egrave;s faciles pour &eacute;moustiller les papilles des enfants :<\/p>\n<ul>\n<li><strong>Sapin chocolat&eacute; : <\/strong>Pour commencer, pr&eacute;chauffez le four &agrave; 180 &deg;C (th. 6). &Eacute;talez une premi&egrave;re p&acirc;te feuillet&eacute;e sur une plaque recouverte de papier sulfuris&eacute;. &Eacute;talez ensuite la p&acirc;te &agrave; tartiner par-dessus. Recouvrez de la seconde p&acirc;te feuillet&eacute;e.<br \/>\nD&eacute;coupez sous forme de triangle, puis d&eacute;coupez le bas pour former le pied du sapin. A l&rsquo;aide du couteau, coupez d&eacute;licatement des deux c&ocirc;t&eacute;s du triangle pour former des bandes, puis torsadez-les. Enfournez le sapin chocolat&eacute; pendant 20 minutes sur une plaque recouverte de papier cuisson.<br \/>\nUne fois sorti, vous pouvez d&eacute;corer avec des petits smarties, et saupoudrer de sucre glace.<\/li>\n<li><strong>Pound Cake de No&euml;l<\/strong> : Pr&eacute;chauffez le four &agrave; 180&deg;C. A l&rsquo;aide d&rsquo;un batteur &eacute;lectrique, fouettez le beurre mou avec le sucre jusqu&rsquo;&agrave; ce que le m&eacute;lange soit mousseux. Dans un grand bol, battez les &oelig;ufs en omelette et ajoutez-les en 4 fois au m&eacute;lange sucre\/beurre.<br \/>\nAjoutez ensuite la vanille, la farine, le sel petit &agrave; petit et enfin quelques gouttes de colorant vert.<br \/>\nPuis, versez la pr&eacute;paration dans un grand moule &agrave; cake beurr&eacute; et farin&eacute;. Enfournez environ 60 minutes. Il faudra laisser totalement refroidir avant de le d&eacute;mouler. Pr&eacute;parez ensuite un gla&ccedil;age rouge avec du sucre glace et blanc d&rsquo;&oelig;uf, afin de glacer le cake. <\/li>\n<\/ul>\n<h2><strong>Sortie &agrave; la patinoire \u26f8<\/strong><\/h2>\n<p>Et si on sortait faire un peu de sport pour se r&eacute;chauffer&nbsp;? Qui dit sortie de No&euml;l dit patinoire ! Que les enfants que vous gardez soient champions de patinage ou adeptes de la figure libre sur le popotin, ils enfileront leurs patins avec impatience ! De nombreuses patinoires de No&euml;l sont install&eacute;es en France :<\/p>\n<ul>\n<li>la patinoire sur la promenade du toit de la Grande Arche avec sa vue panoramique <\/li>\n<li>la patinoire au Jardin des Tuileries au milieu du march&eacute; de No&euml;l<\/li>\n<li>la patinoire de glace &agrave; ciel ouvert sur l&rsquo;esplanade de l&rsquo;H&ocirc;tel de Ville <\/li>\n<li>la patinoire de No&euml;l sur la place Rapp &agrave; Colmar<\/li>\n<li>la patinoire de No&euml;l, sur la place de l&rsquo;H&ocirc;tel de Ville &agrave; Amiens dans un d&eacute;cor f&eacute;erique et une ambiance musicale. \n<\/li>\n<\/ul>\n<h2><strong>Profiter des spectacles de No&euml;l \ud83c\udfac<\/strong><\/h2>\n<p>Le jour J approche et les enfants sont de plus en plus impatients. Profitez des vacances de No&euml;l pour faire le plein des spectacles&nbsp;avec les enfants ! <strong>Concert, cin&eacute;ma, ou th&eacute;&acirc;tre<\/strong>, les possibilit&eacute;s sont nombreuses en cette p&eacute;riode de No&euml;l. <\/p>\n<ul>\n<li>Le th&eacute;&acirc;tre de la Contrescarpe programme la pi&egrave;ce musicale pour les petits : un spectacle pour les enfants &rdquo;Mission No&euml;l !&rdquo;, du 20 au 24 d&eacute;cembre 2021<\/li>\n<li>Le Roi Lion&nbsp;: La com&eacute;die musicale &agrave; Paris en 2021-2022 au Th&eacute;&acirc;tre Mogador<\/li>\n<li>Le Livre de la Jungle, le musical au Th&eacute;&acirc;tre de Paris<\/li>\n<li>Le film<em> Tous en sc&egrave;ne 2 <\/em>au cin&eacute;ma (&agrave; partir de 6 ans)<\/li>\n<li>Clifford au cin&eacute;ma (&agrave; partir de 6 ans)<\/li>\n<li>Les Elfkins : Op&eacute;ration p&acirc;tisserie au cin&eacute;ma (&agrave; partir de 6 ans)<\/li>\n<li>Encanto au cin&eacute;ma (&agrave; partir de 6 ans)<\/li>\n<li>Princesse Dragon au cin&eacute;ma (&agrave; partir de 3 ans)<\/li>\n<li>Baby Shark&rsquo;s Big Show au cin&eacute;ma (&agrave; partir de 3 ans)<\/li>\n<\/ul>\n<h2><strong>Les vitrines de No&euml;l des grands magasins &agrave; Paris \ud83c\udfec<\/strong><\/h2>\n<p>Chaque ann&eacute;e, Paris brille de mille feux lors de la p&eacute;riode des f&ecirc;tes de fin d&rsquo;ann&eacute;e. Plusieurs grands magasins de Paris notamment le Printemps et les Galeries Lafayette du Boulevard Haussmann proposent des vitrines exceptionnelles toutes plus scintillantes et f&eacute;&eacute;riques les unes que les autres. Vous serez la nounou top des enfants une fois qu&rsquo;ils auront vu les poup&eacute;es anim&eacute;es, les d&eacute;cors enchanteurs et les musiques entra&icirc;nantes qui fascinent les petits !<\/p>\n<\/p>\n<h2><strong>Apprendre des chansons de No&euml;l <\/strong><\/h2>\n<p><strong>Un r&eacute;veillon de No&euml;l sans musique, &ccedil;a n&rsquo;existe pas ! <\/strong>Pourquoi ne pas leur faire apprendre une ou deux chansons qu&rsquo;ils auront plaisir &agrave; chanter en famille le 25 d&eacute;cembre ? Mettez donc en place une vraie chorale de No&euml;l avec les enfants !<strong>&nbsp;<\/strong>Tout le monde conna&icirc;t les chants traditionnels de No&euml;l : l&rsquo;ind&eacute;tr&ocirc;nable, \u00ab\u00a0<strong>Petit Papa No&euml;l<\/strong>\u00ab\u00a0, immortalis&eacute; par Tino Rossi, \u00ab\u00a0<strong>Jingle bells\u00a0\u00bb <\/strong>si vous &ecirc;tes une nounou ou une baby-sitter&nbsp;anglophone et que vous souhaitez initier les enfant &agrave; l&rsquo;anglais, sinon sa version fran&ccedil;aise <strong>\u00ab\u00a0Vive le vent\u00a0\u00bb<\/strong>, \u00ab\u00a0<strong>Douce nuit, sainte nuit\u00a0\u00bb. <\/strong><\/p>\n<p>Une super id&eacute;e pour f&ecirc;ter No&euml;l avec les enfants en bas-&acirc;ge et les tout-petits est de mimer les chants de No&euml;l et de cr&eacute;er une chor&eacute;graphie avec leurs chansons de No&euml;l pr&eacute;f&eacute;r&eacute;es. Vous pouvez m&ecirc;me organiser un karaok&eacute; avec les enfants en cr&eacute;ant une playlist YouTube de chansons de No&euml;l karaok&eacute;. N&rsquo;oubliez pas de&nbsp;filmer ces bons moments de rigolades, les parents seront ravis de voir ces souvenirs ! <\/p>\n<\/p>\n<h2><strong>La photo avec le P&egrave;re No&euml;l<\/strong><\/h2>\n<p class=\"block-img\"><img decoding=\"async\" src=\"https:\/\/yoopies.fr\/c\/wp-content\/uploads\/2024\/02\/94857a5e-4749-4454-9862-0f3e2959fb9d_pexels-cottonbro-3150031.jpg\" alt=\"\"><\/p>\n<p>Les P&egrave;res No&euml;l envahissent les rues et les centres commerciaux ! On ne sait plus o&ugrave; donner de la t&ecirc;te ! Pour faire vivre la magie de No&euml;l, faites un petit tour sur Paris et <strong>photographiez-les avec lui pour conserver un joli souvenir des f&ecirc;tes de fin d&rsquo;ann&eacute;e<\/strong>. Les enfants pourront m&ecirc;me partager avec le P&egrave;re No&euml;l, leur v&oelig;u le plus cher. Vous pouvez r&eacute;aliser une carte avec les enfants en collant cette jolie photo dessus. Les parents seront ravis et ce sera un vrai plaisir de le retrouver l&rsquo;ann&eacute;e suivante !<\/p>\n<\/p>\n<h2><strong>La carte de v&oelig;ux&nbsp;<\/strong><\/h2>\n<\/p>\n<p>Les enfants que vous gardez ont des grands-parents qui ne peuvent plus se d&eacute;placer ? Un oncle et une tante &agrave; l&rsquo;autre bout de la Terre ? Pourquoi ne pas r&eacute;aliser avec les enfants une carte personnalis&eacute;e pour leur souhaiter de&nbsp;<strong>joyeuses f&ecirc;tes <\/strong>et leur dire qu&rsquo;ils les aiment et qu&rsquo;ils pensent &agrave; eux. <\/p>\n<p>Vous pouvez &eacute;galement faire des cartes de v&oelig;ux pour les proches qui seront pr&eacute;sents au r&eacute;veillon en v&eacute;hiculant des&nbsp;<strong>sentiments positifs, d&rsquo;espoir et de joie<\/strong>. Tous les proches seront sensibles &agrave; ce geste.<\/p>\n<p>Voici une id&eacute;e de carte de v&oelig;ux :<\/p>\n<p>Prenez en photo les mains des enfants et imprimez-les au format de la carte. Vous pouvez par exemple prendre une feuille noire A4  et la plier en 2. <br \/>\nD&eacute;coupez ensuite la photo et collez-la sur la carte. Prenez du papier dor&eacute;, d&eacute;coupez des petites &eacute;toiles ou des petits c&oelig;urs, et collez-les au creux des mains. D&eacute;corez la carte selon les envies des enfants, avec des paillettes. Vous pouvez ensuite &eacute;crire tout ce que les enfants souhaiteraient dire &agrave; leur proche ! <\/p>\n<\/p>\n<p><strong>Joyeux No&euml;l et partagez la magie de No&euml;l avec tout le monde ! <\/strong><\/p><\/p>\n","protected":false},"excerpt":{"rendered":"<p>Vous &ecirc;tes une nounou ou baby-sitter et vous gardez des enfants durant ces vacances de No&euml;l ? Pour patienter jusqu&rsquo;&agrave; &hellip; <\/p>\n","protected":false},"author":10,"featured_media":857,"parent":444,"menu_order":0,"comment_status":"closed","ping_status":"closed","template":"","meta":{"_acf_changed":false,"footnotes":""},"class_list":["post-854","page","type-page","status-publish","has-post-thumbnail","hentry"],"acf":[],"yoast_head":"<!-- This site is optimized with the Yoast SEO plugin v26.9 - https:\/\/yoast.com\/product\/yoast-seo-wordpress\/ -->\n<title>8 id\u00e9es d&#039;activit\u00e9s pour No\u00ebl \u00e0 faire avec la nounou<\/title>\n<meta name=\"description\" content=\"Vous \u00eates une nounou ou baby-sitter ? On vous propose une liste d&#039;activit\u00e9s cr\u00e9atives \u00e0 faire avec les enfants que vous gardez pour No\u00ebl !\" \/>\n<meta name=\"robots\" content=\"index, follow, max-snippet:-1, max-image-preview:large, max-video-preview:-1\" \/>\n<link rel=\"canonical\" href=\"https:\/\/yoopies.fr\/c\/garde-enfant\/conseils-garde-enfants\/conseils-aux-gardants\/idees-activites-noel-avec-la-nounou\/\" \/>\n<meta property=\"og:locale\" content=\"fr_FR\" \/>\n<meta property=\"og:type\" content=\"article\" \/>\n<meta property=\"og:title\" content=\"8 id\u00e9es d&#039;activit\u00e9s pour No\u00ebl \u00e0 faire avec la nounou\" \/>\n<meta property=\"og:description\" content=\"Vous \u00eates une nounou ou baby-sitter ? On vous propose une liste d&#039;activit\u00e9s cr\u00e9atives \u00e0 faire avec les enfants que vous gardez pour No\u00ebl !\" \/>\n<meta property=\"og:url\" content=\"https:\/\/yoopies.fr\/c\/garde-enfant\/conseils-garde-enfants\/conseils-aux-gardants\/idees-activites-noel-avec-la-nounou\/\" \/>\n<meta property=\"og:site_name\" content=\"Le Blog Yoopies\" \/>\n<meta property=\"article:modified_time\" content=\"2025-06-12T07:58:57+00:00\" \/>\n<meta property=\"og:image\" content=\"https:\/\/yoopies.fr\/c\/wp-content\/uploads\/2024\/02\/65d362bd6df829d21997ef31-image-2024-02-19-151627273.jpg\" \/>\n\t<meta property=\"og:image:width\" content=\"599\" \/>\n\t<meta property=\"og:image:height\" content=\"300\" \/>\n\t<meta property=\"og:image:type\" content=\"image\/jpeg\" \/>\n<meta name=\"twitter:card\" content=\"summary_large_image\" \/>\n<meta name=\"twitter:label1\" content=\"Dur\u00e9e de lecture estim\u00e9e\" \/>\n\t<meta name=\"twitter:data1\" content=\"9 minutes\" \/>\n<script type=\"application\/ld+json\" class=\"yoast-schema-graph\">{\"@context\":\"https:\/\/schema.org\",\"@graph\":[{\"@type\":\"WebPage\",\"@id\":\"https:\/\/yoopies.fr\/c\/garde-enfant\/conseils-garde-enfants\/conseils-aux-gardants\/idees-activites-noel-avec-la-nounou\/\",\"url\":\"https:\/\/yoopies.fr\/c\/garde-enfant\/conseils-garde-enfants\/conseils-aux-gardants\/idees-activites-noel-avec-la-nounou\/\",\"name\":\"8 id\u00e9es d'activit\u00e9s pour No\u00ebl \u00e0 faire avec la nounou\",\"isPartOf\":{\"@id\":\"https:\/\/yoopies.fr\/c\/#website\"},\"primaryImageOfPage\":{\"@id\":\"https:\/\/yoopies.fr\/c\/garde-enfant\/conseils-garde-enfants\/conseils-aux-gardants\/idees-activites-noel-avec-la-nounou\/#primaryimage\"},\"image\":{\"@id\":\"https:\/\/yoopies.fr\/c\/garde-enfant\/conseils-garde-enfants\/conseils-aux-gardants\/idees-activites-noel-avec-la-nounou\/#primaryimage\"},\"thumbnailUrl\":\"https:\/\/yoopies.fr\/c\/wp-content\/uploads\/2024\/02\/65d362bd6df829d21997ef31-image-2024-02-19-151627273.jpg\",\"datePublished\":\"2024-02-19T14:24:11+00:00\",\"dateModified\":\"2025-06-12T07:58:57+00:00\",\"description\":\"Vous \u00eates une nounou ou baby-sitter ? On vous propose une liste d'activit\u00e9s cr\u00e9atives \u00e0 faire avec les enfants que vous gardez pour No\u00ebl !\",\"breadcrumb\":{\"@id\":\"https:\/\/yoopies.fr\/c\/garde-enfant\/conseils-garde-enfants\/conseils-aux-gardants\/idees-activites-noel-avec-la-nounou\/#breadcrumb\"},\"inLanguage\":\"fr-FR\",\"potentialAction\":[{\"@type\":\"ReadAction\",\"target\":[\"https:\/\/yoopies.fr\/c\/garde-enfant\/conseils-garde-enfants\/conseils-aux-gardants\/idees-activites-noel-avec-la-nounou\/\"]}]},{\"@type\":\"ImageObject\",\"inLanguage\":\"fr-FR\",\"@id\":\"https:\/\/yoopies.fr\/c\/garde-enfant\/conseils-garde-enfants\/conseils-aux-gardants\/idees-activites-noel-avec-la-nounou\/#primaryimage\",\"url\":\"https:\/\/yoopies.fr\/c\/wp-content\/uploads\/2024\/02\/65d362bd6df829d21997ef31-image-2024-02-19-151627273.jpg\",\"contentUrl\":\"https:\/\/yoopies.fr\/c\/wp-content\/uploads\/2024\/02\/65d362bd6df829d21997ef31-image-2024-02-19-151627273.jpg\",\"width\":599,\"height\":300},{\"@type\":\"BreadcrumbList\",\"@id\":\"https:\/\/yoopies.fr\/c\/garde-enfant\/conseils-garde-enfants\/conseils-aux-gardants\/idees-activites-noel-avec-la-nounou\/#breadcrumb\",\"itemListElement\":[{\"@type\":\"ListItem\",\"position\":1,\"name\":\"Home\",\"item\":\"https:\/\/yoopies.fr\/c\/\"},{\"@type\":\"ListItem\",\"position\":2,\"name\":\"Garde d&rsquo;enfant\",\"item\":\"https:\/\/yoopies.fr\/c\/garde-enfant\/\"},{\"@type\":\"ListItem\",\"position\":3,\"name\":\"Conseils | Garde d&rsquo;enfants\",\"item\":\"https:\/\/yoopies.fr\/c\/garde-enfant\/conseils-garde-enfants\/\"},{\"@type\":\"ListItem\",\"position\":4,\"name\":\"Conseils aux gardants\",\"item\":\"https:\/\/yoopies.fr\/c\/garde-enfant\/conseils-garde-enfants\/conseils-aux-gardants\/\"},{\"@type\":\"ListItem\",\"position\":5,\"name\":\"Des id\u00e9es d&rsquo;activit\u00e9s pour No\u00ebl avec la nounou\"}]},{\"@type\":\"WebSite\",\"@id\":\"https:\/\/yoopies.fr\/c\/#website\",\"url\":\"https:\/\/yoopies.fr\/c\/\",\"name\":\"Le Blog Yoopies\",\"description\":\"\",\"publisher\":{\"@id\":\"https:\/\/yoopies.fr\/c\/#organization\"},\"potentialAction\":[{\"@type\":\"SearchAction\",\"target\":{\"@type\":\"EntryPoint\",\"urlTemplate\":\"https:\/\/yoopies.fr\/c\/?s={search_term_string}\"},\"query-input\":{\"@type\":\"PropertyValueSpecification\",\"valueRequired\":true,\"valueName\":\"search_term_string\"}}],\"inLanguage\":\"fr-FR\"},{\"@type\":\"Organization\",\"@id\":\"https:\/\/yoopies.fr\/c\/#organization\",\"name\":\"Le Blog Yoopies\",\"url\":\"https:\/\/yoopies.fr\/c\/\",\"logo\":{\"@type\":\"ImageObject\",\"inLanguage\":\"fr-FR\",\"@id\":\"https:\/\/yoopies.fr\/c\/#\/schema\/logo\/image\/\",\"url\":\"https:\/\/yoopies.fr\/c\/wp-content\/uploads\/2025\/04\/cropped-Logo_Yoopies-2.png\",\"contentUrl\":\"https:\/\/yoopies.fr\/c\/wp-content\/uploads\/2025\/04\/cropped-Logo_Yoopies-2.png\",\"width\":512,\"height\":512,\"caption\":\"Le Blog Yoopies\"},\"image\":{\"@id\":\"https:\/\/yoopies.fr\/c\/#\/schema\/logo\/image\/\"}}]}<\/script>\n<!-- \/ Yoast SEO plugin. -->","yoast_head_json":{"title":"8 id\u00e9es d'activit\u00e9s pour No\u00ebl \u00e0 faire avec la nounou","description":"Vous \u00eates une nounou ou baby-sitter ? On vous propose une liste d'activit\u00e9s cr\u00e9atives \u00e0 faire avec les enfants que vous gardez pour No\u00ebl !","robots":{"index":"index","follow":"follow","max-snippet":"max-snippet:-1","max-image-preview":"max-image-preview:large","max-video-preview":"max-video-preview:-1"},"canonical":"https:\/\/yoopies.fr\/c\/garde-enfant\/conseils-garde-enfants\/conseils-aux-gardants\/idees-activites-noel-avec-la-nounou\/","og_locale":"fr_FR","og_type":"article","og_title":"8 id\u00e9es d'activit\u00e9s pour No\u00ebl \u00e0 faire avec la nounou","og_description":"Vous \u00eates une nounou ou baby-sitter ? On vous propose une liste d'activit\u00e9s cr\u00e9atives \u00e0 faire avec les enfants que vous gardez pour No\u00ebl !","og_url":"https:\/\/yoopies.fr\/c\/garde-enfant\/conseils-garde-enfants\/conseils-aux-gardants\/idees-activites-noel-avec-la-nounou\/","og_site_name":"Le Blog Yoopies","article_modified_time":"2025-06-12T07:58:57+00:00","og_image":[{"width":599,"height":300,"url":"https:\/\/yoopies.fr\/c\/wp-content\/uploads\/2024\/02\/65d362bd6df829d21997ef31-image-2024-02-19-151627273.jpg","type":"image\/jpeg"}],"twitter_card":"summary_large_image","twitter_misc":{"Dur\u00e9e de lecture estim\u00e9e":"9 minutes"},"schema":{"@context":"https:\/\/schema.org","@graph":[{"@type":"WebPage","@id":"https:\/\/yoopies.fr\/c\/garde-enfant\/conseils-garde-enfants\/conseils-aux-gardants\/idees-activites-noel-avec-la-nounou\/","url":"https:\/\/yoopies.fr\/c\/garde-enfant\/conseils-garde-enfants\/conseils-aux-gardants\/idees-activites-noel-avec-la-nounou\/","name":"8 id\u00e9es d'activit\u00e9s pour No\u00ebl \u00e0 faire avec la nounou","isPartOf":{"@id":"https:\/\/yoopies.fr\/c\/#website"},"primaryImageOfPage":{"@id":"https:\/\/yoopies.fr\/c\/garde-enfant\/conseils-garde-enfants\/conseils-aux-gardants\/idees-activites-noel-avec-la-nounou\/#primaryimage"},"image":{"@id":"https:\/\/yoopies.fr\/c\/garde-enfant\/conseils-garde-enfants\/conseils-aux-gardants\/idees-activites-noel-avec-la-nounou\/#primaryimage"},"thumbnailUrl":"https:\/\/yoopies.fr\/c\/wp-content\/uploads\/2024\/02\/65d362bd6df829d21997ef31-image-2024-02-19-151627273.jpg","datePublished":"2024-02-19T14:24:11+00:00","dateModified":"2025-06-12T07:58:57+00:00","description":"Vous \u00eates une nounou ou baby-sitter ? On vous propose une liste d'activit\u00e9s cr\u00e9atives \u00e0 faire avec les enfants que vous gardez pour No\u00ebl !","breadcrumb":{"@id":"https:\/\/yoopies.fr\/c\/garde-enfant\/conseils-garde-enfants\/conseils-aux-gardants\/idees-activites-noel-avec-la-nounou\/#breadcrumb"},"inLanguage":"fr-FR","potentialAction":[{"@type":"ReadAction","target":["https:\/\/yoopies.fr\/c\/garde-enfant\/conseils-garde-enfants\/conseils-aux-gardants\/idees-activites-noel-avec-la-nounou\/"]}]},{"@type":"ImageObject","inLanguage":"fr-FR","@id":"https:\/\/yoopies.fr\/c\/garde-enfant\/conseils-garde-enfants\/conseils-aux-gardants\/idees-activites-noel-avec-la-nounou\/#primaryimage","url":"https:\/\/yoopies.fr\/c\/wp-content\/uploads\/2024\/02\/65d362bd6df829d21997ef31-image-2024-02-19-151627273.jpg","contentUrl":"https:\/\/yoopies.fr\/c\/wp-content\/uploads\/2024\/02\/65d362bd6df829d21997ef31-image-2024-02-19-151627273.jpg","width":599,"height":300},{"@type":"BreadcrumbList","@id":"https:\/\/yoopies.fr\/c\/garde-enfant\/conseils-garde-enfants\/conseils-aux-gardants\/idees-activites-noel-avec-la-nounou\/#breadcrumb","itemListElement":[{"@type":"ListItem","position":1,"name":"Home","item":"https:\/\/yoopies.fr\/c\/"},{"@type":"ListItem","position":2,"name":"Garde d&rsquo;enfant","item":"https:\/\/yoopies.fr\/c\/garde-enfant\/"},{"@type":"ListItem","position":3,"name":"Conseils | Garde d&rsquo;enfants","item":"https:\/\/yoopies.fr\/c\/garde-enfant\/conseils-garde-enfants\/"},{"@type":"ListItem","position":4,"name":"Conseils aux gardants","item":"https:\/\/yoopies.fr\/c\/garde-enfant\/conseils-garde-enfants\/conseils-aux-gardants\/"},{"@type":"ListItem","position":5,"name":"Des id\u00e9es d&rsquo;activit\u00e9s pour No\u00ebl avec la nounou"}]},{"@type":"WebSite","@id":"https:\/\/yoopies.fr\/c\/#website","url":"https:\/\/yoopies.fr\/c\/","name":"Le Blog Yoopies","description":"","publisher":{"@id":"https:\/\/yoopies.fr\/c\/#organization"},"potentialAction":[{"@type":"SearchAction","target":{"@type":"EntryPoint","urlTemplate":"https:\/\/yoopies.fr\/c\/?s={search_term_string}"},"query-input":{"@type":"PropertyValueSpecification","valueRequired":true,"valueName":"search_term_string"}}],"inLanguage":"fr-FR"},{"@type":"Organization","@id":"https:\/\/yoopies.fr\/c\/#organization","name":"Le Blog Yoopies","url":"https:\/\/yoopies.fr\/c\/","logo":{"@type":"ImageObject","inLanguage":"fr-FR","@id":"https:\/\/yoopies.fr\/c\/#\/schema\/logo\/image\/","url":"https:\/\/yoopies.fr\/c\/wp-content\/uploads\/2025\/04\/cropped-Logo_Yoopies-2.png","contentUrl":"https:\/\/yoopies.fr\/c\/wp-content\/uploads\/2025\/04\/cropped-Logo_Yoopies-2.png","width":512,"height":512,"caption":"Le Blog Yoopies"},"image":{"@id":"https:\/\/yoopies.fr\/c\/#\/schema\/logo\/image\/"}}]}},"_links":{"self":[{"href":"https:\/\/yoopies.fr\/c\/wp-json\/wp\/v2\/pages\/854","targetHints":{"allow":["GET"]}}],"collection":[{"href":"https:\/\/yoopies.fr\/c\/wp-json\/wp\/v2\/pages"}],"about":[{"href":"https:\/\/yoopies.fr\/c\/wp-json\/wp\/v2\/types\/page"}],"author":[{"embeddable":true,"href":"https:\/\/yoopies.fr\/c\/wp-json\/wp\/v2\/users\/10"}],"replies":[{"embeddable":true,"href":"https:\/\/yoopies.fr\/c\/wp-json\/wp\/v2\/comments?post=854"}],"version-history":[{"count":1,"href":"https:\/\/yoopies.fr\/c\/wp-json\/wp\/v2\/pages\/854\/revisions"}],"predecessor-version":[{"id":858,"href":"https:\/\/yoopies.fr\/c\/wp-json\/wp\/v2\/pages\/854\/revisions\/858"}],"up":[{"embeddable":true,"href":"https:\/\/yoopies.fr\/c\/wp-json\/wp\/v2\/pages\/444"}],"wp:featuredmedia":[{"embeddable":true,"href":"https:\/\/yoopies.fr\/c\/wp-json\/wp\/v2\/media\/857"}],"wp:attachment":[{"href":"https:\/\/yoopies.fr\/c\/wp-json\/wp\/v2\/media?parent=854"}],"curies":[{"name":"wp","href":"https:\/\/api.w.org\/{rel}","templated":true}]}}