{"id":774,"date":"2024-06-11T08:23:24","date_gmt":"2024-06-11T08:23:24","guid":{"rendered":"https:\/\/blog.yoopies.fr\/garde-enfant\/les-modes-de-garde\/babysitting\/baby-sitting-informations\/"},"modified":"2025-06-12T07:59:09","modified_gmt":"2025-06-12T07:59:09","slug":"baby-sitting-informations","status":"publish","type":"page","link":"https:\/\/yoopies.fr\/c\/garde-enfant\/les-modes-de-garde\/babysitting\/baby-sitting-informations\/","title":{"rendered":"Baby-sitting"},"content":{"rendered":"<p><p>Vous &ecirc;tes baby-sitter ou vous cherchez un emploi de baby sitting ?  Retrouvez ici nos articles regroupant conseils et astuces pour trouvez rapidement un emploi dans la garde d&rsquo;enfants et g&eacute;rer votre activit&eacute;.<\/p>\n<p>Tous nos guides officiels sont tenus &agrave; jour afin que vous soyez toujours inform&eacute;s des actualit&eacute;s. <\/p>\n<\/p>\n<figure><img decoding=\"async\" src=\"https:\/\/yoopies.fr\/c\/wp-content\/uploads\/2024\/06\/6a02f1c1-2c86-41f4-b224-4518a4bb24c6-8.jpg\" alt=\"Baby-sitting \u00e0 domicile\" \/><\/figure>\n<p><p><strong>Si vous &ecirc;tes une &eacute;tudiante et que vous souhaitez garder l&rsquo;enfant d&rsquo;un(e) ami(e) occasionnellement, le baby-sitting est pour vous ! <\/strong><\/p>\n<\/p>\n<h2><strong>Dans quelle situation aurez-vous besoin de garder des enfants ?<\/strong><\/h2>\n<\/p>\n<p>En tant que baby-sitter, vous gardez un ou plusieurs enfants &agrave; temps partiel lorsque les parents s&rsquo;absentent. Les enfants conservent leur environnement, ce qui est un avantage ind&eacute;niable ! <\/p>\n<p>Vous remplacez les parents durant leur absence &agrave; n&rsquo;importe quel moment de la journ&eacute;e.<\/p>\n<ul>\n<li>Il peut s&rsquo;agir de quelques heures lorsque les parents doivent assister &agrave; une soir&eacute;e ou un &eacute;v&eacute;nement,<\/li>\n<li>Pour aller chercher les enfants &agrave; l&rsquo;&eacute;cole lorsque les parents ont un impr&eacute;vu,<\/li>\n<li>Pour conduire aux diverses activit&eacute;s extra-scolaires des enfants les mercredis et\/ou pendant les vacances,<\/li>\n<li>Pour les divertir pendant que les parents t&eacute;l&eacute;travaillent dans la pi&egrave;ce d&rsquo;&agrave; c&ocirc;t&eacute;.<\/li>\n<\/ul>\n<p>En tant que baby-sitter, vous n&rsquo;effectuez pas de garde &agrave; plein temps. Vous n&rsquo;effectuez pas non plus de t&acirc;ches suppl&eacute;mentaires comme la cuisine, le m&eacute;nage&hellip;Vous vous concentrez uniquement sur les enfants pendant quelques heures, proposez des activit&eacute;s &agrave; faire ensemble, et veillez &agrave; leur s&eacute;curit&eacute;. <\/p>\n<p> Retrouvez ici nos articles regroupant conseils et astuces sur le baby-sitting. <\/p>\n<\/p>\n<h3><a target=\"_blank\" rel=\"noopener\" href=\"https:\/\/yoopies.fr\/c\/garde-enfant\/les-modes-de-garde\/babysitting\/baby-sitter-sortie-ecole\/\">Sortie d&rsquo;&eacute;cole : Tout ce qu&rsquo;une baby-sitter doit savoir<\/a><\/h3>\n<p>Vous avez d&eacute;croch&eacute; un job de garde d&rsquo;enfants et vous devez vous occuper d&rsquo;une sortie d&rsquo;&eacute;cole ? Vous trouverez dans cet article tout ce qu&rsquo;une baby-sitter doit savoir gr&acirc;ce &agrave; un mode d&rsquo;emploi fait rien que pour vous.<\/p>\n<\/p>\n<h2><strong>Comment faire du babysitting ?<\/strong><\/h2>\n<\/p>\n<p>Pour trouver un enfant &agrave; garder , deux options s&rsquo;offrent &agrave; vous. <\/p>\n<ul>\n<li>Le bouche &agrave; oreille : Si vous n&rsquo;avez pas d&rsquo;exp&eacute;rience, vous pouvez sonder votre entourage, votre famille, ou encore vos voisins. Qui a des enfants et qui a besoin de les faire garder&nbsp;?<br \/>\nSi vous gardez d&eacute;j&agrave; un enfant, pensez &agrave; demander &agrave; ses parents s&rsquo;ils connaissent des personnes qui recherchent &eacute;galement une baby-sitter.&nbsp;<br \/>\nSachez que les parents confiants seront votre meilleure promo&nbsp;! ?<\/li>\n<li>Postez une annonce sur Yoopies. Vous aurez encore plus de chance de trouver des enfants &agrave; garder autour de chez vous gr&acirc;ce au syst&egrave;me de g&eacute;olocalisation. Sachez que les familles vous confient leurs enfants, ils ont donc besoin de se sentir rassurer d&egrave;s le d&eacute;but. Votre annonce doit leur permettre de vous faire confiance. Donnez leur bonne impression d&egrave;s le d&eacute;but ! La premi&egrave;re impression est toujours la plus importante ! <br \/>\nVous serez alors contact&eacute; tr&egrave;s rapidement pour un entretien ! Pr&eacute;parez votre CV baby-sitter et une lettre de motivation garde d&rsquo;enfant. <br \/>\nVous n&rsquo;avez pas besoin de disposer d&rsquo;une validation ou d&rsquo;un dipl&ocirc;me pour &ecirc;tre baby-sitter mais si vous en avez un, vous apporterez un plus &agrave; votre candidature ! ?<\/li>\n<\/ul>\n<p>Retrouvez ici nos articles regroupant conseils et astuces pour trouvez rapidement un emploi dans la garde d&rsquo;enfants et g&eacute;rer votre activit&eacute;.<\/p>\n<\/p>\n<h2><a target=\"_blank\" rel=\"noopener\" href=\"https:\/\/yoopies.fr\/c\/garde-enfant\/les-modes-de-garde\/babysitting\/garde-d-enfant-cv-baby-sitter\/\">Garde d&rsquo;enfant : Exemple de CV de baby-sitter <\/a><\/h2>\n<p>Une baby-sitter accomplit des missions de garde d&rsquo;enfant au domicile des parents qui l&#8217;emploie. Voici un article sur le CV de baby-sitter avec un exemple type qui vous aidera &agrave; faire le v&ocirc;tre ! <\/p>\n<\/p>\n<h2><a target=\"_blank\" rel=\"noopener\" href=\"https:\/\/yoopies.fr\/c\/garde-enfant\/les-modes-de-garde\/babysitting\/annonce-baby-sitting-lettre-de-motivation-garde-d-enfant\/\">Comment r&eacute;diger une annonce baby sitting avec&nbsp;Yoopies ?<\/a><\/h2>\n<p>Vous avez besoin d&rsquo;un petit coup de main pour r&eacute;diger votre annonce baby sitting et lettre de motivation garde d&rsquo;enfant sur Yoopies et attirer l&rsquo;&oelig;il des parents ? Cet article est pour vous !<\/p>\n<\/p>\n<h2><a target=\"_blank\" rel=\"noopener\" href=\"https:\/\/yoopies.fr\/c\/garde-enfant\/les-modes-de-garde\/babysitting\/formation-baby-sitting\/\">Formation baby sitting : Un plus dans votre candidature<\/a>.<\/h2>\n<p>Il n&rsquo; y a pas de pr&eacute;requis indispensables pour pr&eacute;senter votre candidature pour faire du baby sitting mais certaines formations et dipl&ocirc;mes vous permettront de vous d&eacute;marquer des autres candidats. Vous trouverez toutes les informations n&eacute;cessaires dans cet article. <\/p>\n<\/p>\n<h2><a target=\"_blank\" rel=\"noopener\" href=\"https:\/\/yoopies.fr\/c\/garde-enfant\/les-modes-de-garde\/babysitting\/entretien-babysitting\/\">Comment r&eacute;ussir son entretien de baby sitting ?<\/a><\/h2>\n<p>Vous avez un entretien avec les parents de l&rsquo;enfant que vous souhaitez garder, rester calme, ne stressez pas ! On vous dit tout pour que l&rsquo;entretien se passe bien dans cet article. <\/p>\n<h4><\/h4>\n<h4><\/h4>\n<h4><\/h4>\n<h4><\/h4>\n<\/p>\n<p><a class=\"button\" href=\"https:\/\/yoopies.fr\/garde-enfant\">Trouvez votre garde d&rsquo;enfants en cliquant ici ! <\/a><\/p>\n","protected":false},"excerpt":{"rendered":"<p>Vous &ecirc;tes baby-sitter ou vous cherchez un emploi de baby sitting ? Retrouvez ici nos articles regroupant conseils et astuces &hellip; <\/p>\n","protected":false},"author":10,"featured_media":776,"parent":450,"menu_order":0,"comment_status":"closed","ping_status":"closed","template":"","meta":{"_acf_changed":false,"footnotes":""},"class_list":["post-774","page","type-page","status-publish","has-post-thumbnail","hentry"],"acf":[],"yoast_head":"<!-- This site is optimized with the Yoast SEO plugin v26.9 - https:\/\/yoast.com\/product\/yoast-seo-wordpress\/ -->\n<title>Baby-sitting - Informations<\/title>\n<meta name=\"description\" content=\"Vous souhaitez faire du baby-sitting pour de la garde d&#039;enfants \u00e0 domicile. Toutes les informations et r\u00e9ponses \u00e0 vos questions dans nos articles.\" \/>\n<meta name=\"robots\" content=\"index, follow, max-snippet:-1, max-image-preview:large, max-video-preview:-1\" \/>\n<link rel=\"canonical\" href=\"https:\/\/yoopies.fr\/c\/garde-enfant\/les-modes-de-garde\/babysitting\/baby-sitting-informations\/\" \/>\n<meta property=\"og:locale\" content=\"fr_FR\" \/>\n<meta property=\"og:type\" content=\"article\" \/>\n<meta property=\"og:title\" content=\"Baby-sitting - Informations\" \/>\n<meta property=\"og:description\" content=\"Vous souhaitez faire du baby-sitting pour de la garde d&#039;enfants \u00e0 domicile. Toutes les informations et r\u00e9ponses \u00e0 vos questions dans nos articles.\" \/>\n<meta property=\"og:url\" content=\"https:\/\/yoopies.fr\/c\/garde-enfant\/les-modes-de-garde\/babysitting\/baby-sitting-informations\/\" \/>\n<meta property=\"og:site_name\" content=\"Le Blog Yoopies\" \/>\n<meta property=\"article:modified_time\" content=\"2025-06-12T07:59:09+00:00\" \/>\n<meta property=\"og:image\" content=\"https:\/\/yoopies.fr\/c\/wp-content\/uploads\/2024\/06\/65d332be6df829d21997eb22-image-2024-02-19-115139389.jpg\" \/>\n\t<meta property=\"og:image:width\" content=\"600\" \/>\n\t<meta property=\"og:image:height\" content=\"300\" \/>\n\t<meta property=\"og:image:type\" content=\"image\/jpeg\" \/>\n<meta name=\"twitter:card\" content=\"summary_large_image\" \/>\n<meta name=\"twitter:label1\" content=\"Dur\u00e9e de lecture estim\u00e9e\" \/>\n\t<meta name=\"twitter:data1\" content=\"4 minutes\" \/>\n<script type=\"application\/ld+json\" class=\"yoast-schema-graph\">{\"@context\":\"https:\/\/schema.org\",\"@graph\":[{\"@type\":\"WebPage\",\"@id\":\"https:\/\/yoopies.fr\/c\/garde-enfant\/les-modes-de-garde\/babysitting\/baby-sitting-informations\/\",\"url\":\"https:\/\/yoopies.fr\/c\/garde-enfant\/les-modes-de-garde\/babysitting\/baby-sitting-informations\/\",\"name\":\"Baby-sitting - Informations\",\"isPartOf\":{\"@id\":\"https:\/\/yoopies.fr\/c\/#website\"},\"primaryImageOfPage\":{\"@id\":\"https:\/\/yoopies.fr\/c\/garde-enfant\/les-modes-de-garde\/babysitting\/baby-sitting-informations\/#primaryimage\"},\"image\":{\"@id\":\"https:\/\/yoopies.fr\/c\/garde-enfant\/les-modes-de-garde\/babysitting\/baby-sitting-informations\/#primaryimage\"},\"thumbnailUrl\":\"https:\/\/yoopies.fr\/c\/wp-content\/uploads\/2024\/06\/65d332be6df829d21997eb22-image-2024-02-19-115139389.jpg\",\"datePublished\":\"2024-06-11T08:23:24+00:00\",\"dateModified\":\"2025-06-12T07:59:09+00:00\",\"description\":\"Vous souhaitez faire du baby-sitting pour de la garde d'enfants \u00e0 domicile. Toutes les informations et r\u00e9ponses \u00e0 vos questions dans nos articles.\",\"breadcrumb\":{\"@id\":\"https:\/\/yoopies.fr\/c\/garde-enfant\/les-modes-de-garde\/babysitting\/baby-sitting-informations\/#breadcrumb\"},\"inLanguage\":\"fr-FR\",\"potentialAction\":[{\"@type\":\"ReadAction\",\"target\":[\"https:\/\/yoopies.fr\/c\/garde-enfant\/les-modes-de-garde\/babysitting\/baby-sitting-informations\/\"]}]},{\"@type\":\"ImageObject\",\"inLanguage\":\"fr-FR\",\"@id\":\"https:\/\/yoopies.fr\/c\/garde-enfant\/les-modes-de-garde\/babysitting\/baby-sitting-informations\/#primaryimage\",\"url\":\"https:\/\/yoopies.fr\/c\/wp-content\/uploads\/2024\/06\/65d332be6df829d21997eb22-image-2024-02-19-115139389.jpg\",\"contentUrl\":\"https:\/\/yoopies.fr\/c\/wp-content\/uploads\/2024\/06\/65d332be6df829d21997eb22-image-2024-02-19-115139389.jpg\",\"width\":600,\"height\":300},{\"@type\":\"BreadcrumbList\",\"@id\":\"https:\/\/yoopies.fr\/c\/garde-enfant\/les-modes-de-garde\/babysitting\/baby-sitting-informations\/#breadcrumb\",\"itemListElement\":[{\"@type\":\"ListItem\",\"position\":1,\"name\":\"Home\",\"item\":\"https:\/\/yoopies.fr\/c\/\"},{\"@type\":\"ListItem\",\"position\":2,\"name\":\"Garde d&rsquo;enfant\",\"item\":\"https:\/\/yoopies.fr\/c\/garde-enfant\/\"},{\"@type\":\"ListItem\",\"position\":3,\"name\":\"Les modes de gardees modes de garde : trouvez la solution id\u00e9ale pour votre enfantLes modes de garde\",\"item\":\"https:\/\/yoopies.fr\/c\/garde-enfant\/les-modes-de-garde\/\"},{\"@type\":\"ListItem\",\"position\":4,\"name\":\"Babysitting\",\"item\":\"https:\/\/yoopies.fr\/c\/garde-enfant\/les-modes-de-garde\/babysitting\/\"},{\"@type\":\"ListItem\",\"position\":5,\"name\":\"Baby-sitting\"}]},{\"@type\":\"WebSite\",\"@id\":\"https:\/\/yoopies.fr\/c\/#website\",\"url\":\"https:\/\/yoopies.fr\/c\/\",\"name\":\"Le Blog Yoopies\",\"description\":\"\",\"publisher\":{\"@id\":\"https:\/\/yoopies.fr\/c\/#organization\"},\"potentialAction\":[{\"@type\":\"SearchAction\",\"target\":{\"@type\":\"EntryPoint\",\"urlTemplate\":\"https:\/\/yoopies.fr\/c\/?s={search_term_string}\"},\"query-input\":{\"@type\":\"PropertyValueSpecification\",\"valueRequired\":true,\"valueName\":\"search_term_string\"}}],\"inLanguage\":\"fr-FR\"},{\"@type\":\"Organization\",\"@id\":\"https:\/\/yoopies.fr\/c\/#organization\",\"name\":\"Le Blog Yoopies\",\"url\":\"https:\/\/yoopies.fr\/c\/\",\"logo\":{\"@type\":\"ImageObject\",\"inLanguage\":\"fr-FR\",\"@id\":\"https:\/\/yoopies.fr\/c\/#\/schema\/logo\/image\/\",\"url\":\"https:\/\/yoopies.fr\/c\/wp-content\/uploads\/2025\/04\/cropped-Logo_Yoopies-2.png\",\"contentUrl\":\"https:\/\/yoopies.fr\/c\/wp-content\/uploads\/2025\/04\/cropped-Logo_Yoopies-2.png\",\"width\":512,\"height\":512,\"caption\":\"Le Blog Yoopies\"},\"image\":{\"@id\":\"https:\/\/yoopies.fr\/c\/#\/schema\/logo\/image\/\"}}]}<\/script>\n<!-- \/ Yoast SEO plugin. -->","yoast_head_json":{"title":"Baby-sitting - Informations","description":"Vous souhaitez faire du baby-sitting pour de la garde d'enfants \u00e0 domicile. Toutes les informations et r\u00e9ponses \u00e0 vos questions dans nos articles.","robots":{"index":"index","follow":"follow","max-snippet":"max-snippet:-1","max-image-preview":"max-image-preview:large","max-video-preview":"max-video-preview:-1"},"canonical":"https:\/\/yoopies.fr\/c\/garde-enfant\/les-modes-de-garde\/babysitting\/baby-sitting-informations\/","og_locale":"fr_FR","og_type":"article","og_title":"Baby-sitting - Informations","og_description":"Vous souhaitez faire du baby-sitting pour de la garde d'enfants \u00e0 domicile. Toutes les informations et r\u00e9ponses \u00e0 vos questions dans nos articles.","og_url":"https:\/\/yoopies.fr\/c\/garde-enfant\/les-modes-de-garde\/babysitting\/baby-sitting-informations\/","og_site_name":"Le Blog Yoopies","article_modified_time":"2025-06-12T07:59:09+00:00","og_image":[{"width":600,"height":300,"url":"https:\/\/yoopies.fr\/c\/wp-content\/uploads\/2024\/06\/65d332be6df829d21997eb22-image-2024-02-19-115139389.jpg","type":"image\/jpeg"}],"twitter_card":"summary_large_image","twitter_misc":{"Dur\u00e9e de lecture estim\u00e9e":"4 minutes"},"schema":{"@context":"https:\/\/schema.org","@graph":[{"@type":"WebPage","@id":"https:\/\/yoopies.fr\/c\/garde-enfant\/les-modes-de-garde\/babysitting\/baby-sitting-informations\/","url":"https:\/\/yoopies.fr\/c\/garde-enfant\/les-modes-de-garde\/babysitting\/baby-sitting-informations\/","name":"Baby-sitting - Informations","isPartOf":{"@id":"https:\/\/yoopies.fr\/c\/#website"},"primaryImageOfPage":{"@id":"https:\/\/yoopies.fr\/c\/garde-enfant\/les-modes-de-garde\/babysitting\/baby-sitting-informations\/#primaryimage"},"image":{"@id":"https:\/\/yoopies.fr\/c\/garde-enfant\/les-modes-de-garde\/babysitting\/baby-sitting-informations\/#primaryimage"},"thumbnailUrl":"https:\/\/yoopies.fr\/c\/wp-content\/uploads\/2024\/06\/65d332be6df829d21997eb22-image-2024-02-19-115139389.jpg","datePublished":"2024-06-11T08:23:24+00:00","dateModified":"2025-06-12T07:59:09+00:00","description":"Vous souhaitez faire du baby-sitting pour de la garde d'enfants \u00e0 domicile. Toutes les informations et r\u00e9ponses \u00e0 vos questions dans nos articles.","breadcrumb":{"@id":"https:\/\/yoopies.fr\/c\/garde-enfant\/les-modes-de-garde\/babysitting\/baby-sitting-informations\/#breadcrumb"},"inLanguage":"fr-FR","potentialAction":[{"@type":"ReadAction","target":["https:\/\/yoopies.fr\/c\/garde-enfant\/les-modes-de-garde\/babysitting\/baby-sitting-informations\/"]}]},{"@type":"ImageObject","inLanguage":"fr-FR","@id":"https:\/\/yoopies.fr\/c\/garde-enfant\/les-modes-de-garde\/babysitting\/baby-sitting-informations\/#primaryimage","url":"https:\/\/yoopies.fr\/c\/wp-content\/uploads\/2024\/06\/65d332be6df829d21997eb22-image-2024-02-19-115139389.jpg","contentUrl":"https:\/\/yoopies.fr\/c\/wp-content\/uploads\/2024\/06\/65d332be6df829d21997eb22-image-2024-02-19-115139389.jpg","width":600,"height":300},{"@type":"BreadcrumbList","@id":"https:\/\/yoopies.fr\/c\/garde-enfant\/les-modes-de-garde\/babysitting\/baby-sitting-informations\/#breadcrumb","itemListElement":[{"@type":"ListItem","position":1,"name":"Home","item":"https:\/\/yoopies.fr\/c\/"},{"@type":"ListItem","position":2,"name":"Garde d&rsquo;enfant","item":"https:\/\/yoopies.fr\/c\/garde-enfant\/"},{"@type":"ListItem","position":3,"name":"Les modes de gardees modes de garde : trouvez la solution id\u00e9ale pour votre enfantLes modes de garde","item":"https:\/\/yoopies.fr\/c\/garde-enfant\/les-modes-de-garde\/"},{"@type":"ListItem","position":4,"name":"Babysitting","item":"https:\/\/yoopies.fr\/c\/garde-enfant\/les-modes-de-garde\/babysitting\/"},{"@type":"ListItem","position":5,"name":"Baby-sitting"}]},{"@type":"WebSite","@id":"https:\/\/yoopies.fr\/c\/#website","url":"https:\/\/yoopies.fr\/c\/","name":"Le Blog Yoopies","description":"","publisher":{"@id":"https:\/\/yoopies.fr\/c\/#organization"},"potentialAction":[{"@type":"SearchAction","target":{"@type":"EntryPoint","urlTemplate":"https:\/\/yoopies.fr\/c\/?s={search_term_string}"},"query-input":{"@type":"PropertyValueSpecification","valueRequired":true,"valueName":"search_term_string"}}],"inLanguage":"fr-FR"},{"@type":"Organization","@id":"https:\/\/yoopies.fr\/c\/#organization","name":"Le Blog Yoopies","url":"https:\/\/yoopies.fr\/c\/","logo":{"@type":"ImageObject","inLanguage":"fr-FR","@id":"https:\/\/yoopies.fr\/c\/#\/schema\/logo\/image\/","url":"https:\/\/yoopies.fr\/c\/wp-content\/uploads\/2025\/04\/cropped-Logo_Yoopies-2.png","contentUrl":"https:\/\/yoopies.fr\/c\/wp-content\/uploads\/2025\/04\/cropped-Logo_Yoopies-2.png","width":512,"height":512,"caption":"Le Blog Yoopies"},"image":{"@id":"https:\/\/yoopies.fr\/c\/#\/schema\/logo\/image\/"}}]}},"_links":{"self":[{"href":"https:\/\/yoopies.fr\/c\/wp-json\/wp\/v2\/pages\/774","targetHints":{"allow":["GET"]}}],"collection":[{"href":"https:\/\/yoopies.fr\/c\/wp-json\/wp\/v2\/pages"}],"about":[{"href":"https:\/\/yoopies.fr\/c\/wp-json\/wp\/v2\/types\/page"}],"author":[{"embeddable":true,"href":"https:\/\/yoopies.fr\/c\/wp-json\/wp\/v2\/users\/10"}],"replies":[{"embeddable":true,"href":"https:\/\/yoopies.fr\/c\/wp-json\/wp\/v2\/comments?post=774"}],"version-history":[{"count":1,"href":"https:\/\/yoopies.fr\/c\/wp-json\/wp\/v2\/pages\/774\/revisions"}],"predecessor-version":[{"id":777,"href":"https:\/\/yoopies.fr\/c\/wp-json\/wp\/v2\/pages\/774\/revisions\/777"}],"up":[{"embeddable":true,"href":"https:\/\/yoopies.fr\/c\/wp-json\/wp\/v2\/pages\/450"}],"wp:featuredmedia":[{"embeddable":true,"href":"https:\/\/yoopies.fr\/c\/wp-json\/wp\/v2\/media\/776"}],"wp:attachment":[{"href":"https:\/\/yoopies.fr\/c\/wp-json\/wp\/v2\/media?parent=774"}],"curies":[{"name":"wp","href":"https:\/\/api.w.org\/{rel}","templated":true}]}}