{"id":571,"date":"2024-02-19T10:06:27","date_gmt":"2024-02-19T10:06:27","guid":{"rendered":"https:\/\/blog.yoopies.fr\/garde-enfant\/les-modes-de-garde\/assistante-maternelle\/assistant-maternel-agree\/"},"modified":"2025-06-12T07:59:08","modified_gmt":"2025-06-12T07:59:08","slug":"assistant-maternel-agree","status":"publish","type":"page","link":"https:\/\/yoopies.fr\/c\/garde-enfant\/les-modes-de-garde\/assistante-maternelle\/assistant-maternel-agree\/","title":{"rendered":"Assistant maternel agr\u00e9e : comment le devenir ?"},"content":{"rendered":"<p><p class=\"block-img\"><img decoding=\"async\" src=\"https:\/\/yoopies.fr\/c\/wp-content\/uploads\/2024\/02\/afcf3b13-3ef9-4b73-bb38-396ed85fcd49_baca091e-f601-475e-858b-647ea7ed014b_Sans2Btitre28129.jpg\" alt=\"assmat \"><\/p>\n<\/p>\n<p><p>L&rsquo;obtention de l&rsquo;agr&eacute;ment est une &eacute;tape obligatoire pour exercer le m&eacute;tier d&rsquo;assistante maternelle. D&eacute;livr&eacute; par le Conseil d&eacute;partemental (anciennement Conseil G&eacute;n&eacute;ral), il r&eacute;pond &agrave; des crit&egrave;res bien pr&eacute;cis d&eacute;finis depuis 2012 par le <a href=\"https:\/\/travail-emploi.gouv.fr\/IMG\/pdf\/Referentiel_PMI_bdef.pdf\">r&eacute;f&eacute;rentiel national d&rsquo;agr&eacute;ment des assistants maternels<\/a>. Deux types d&rsquo;agr&eacute;ments sont d&eacute;livr&eacute;s par le d&eacute;partement : pour une activit&eacute; &agrave; domicile ou pour une activit&eacute; dans une maison d&rsquo;assistantes maternelles. L&rsquo;agr&eacute;ment pr&eacute;cisera &eacute;galement le nombre et l&rsquo;&acirc;ge des enfants que la nounou est autoris&eacute;e &agrave; accueillir et sera accord&eacute; pour une dur&eacute;e de 5 ans, renouvelable.<\/p>\n<\/p>\n<h2><strong>Les crit&egrave;res d&rsquo;agr&eacute;ment d&rsquo;un assistant maternel<\/strong><\/h2>\n<\/p>\n<p>Pour obtenir son agr&eacute;ment, un.e assistant.e maternel.le sera tenu.e de r&eacute;pondre &agrave; certaines exigences concernant les capacit&eacute;s et comp&eacute;tences essentielles &agrave; l&rsquo;exercice de cette profession, ainsi qu&rsquo;&agrave; des conditions mat&eacute;rielles relatives &agrave; l&rsquo;accueil des enfants &agrave; son domicile.<\/p>\n<\/p>\n<h3><strong>Assmat : capacit&eacute;s et comp&eacute;tences<\/strong><\/h3>\n<\/p>\n<p>Les professionnels en charge de l&rsquo;&eacute;valuation de la candidate devront en particulier s&rsquo;assurer :<\/p>\n<p>&#8211; de sa motivation et de sa bonne connaissance des contraintes li&eacute;es au m&eacute;tier d&rsquo;assistante maternelle<\/p>\n<p>&#8211; que son contexte familial, et notamment les personnes vivant dans le domicile d&rsquo;accueil, est &ldquo;compatible&rdquo; avec cette profession<\/p>\n<p>&#8211; qu&rsquo;elle sera capable d&rsquo;assurer la s&eacute;curit&eacute; de l&rsquo;enfant en toutes circonstances<\/p>\n<p>&#8211; qu&rsquo;elle dispose de bonnes capacit&eacute;s d&rsquo;organisation, de bonnes aptitudes &eacute;ducatives et p&eacute;dagogiques, d&rsquo;une capacit&eacute; &agrave; prendre en compte les besoins particuliers des enfants et de leurs parents <\/p>\n<p>&#8211; d&rsquo;une bonne ma&icirc;trise de la langue fran&ccedil;aise et d&rsquo;un bon sens de la communication<\/p>\n<\/p>\n<p>Pour en savoir plus sur les qualit&eacute;s requises, <a href=\"https:\/\/yoopies.fr\/c\/garde-enfant\/les-modes-de-garde\/assistante-maternelle\/assistante-maternelle-8-qualites-requises\/\">d&eacute;couvrez notre article sur le profil id&eacute;al pour devenir assistante maternelle<\/a>.<\/p>\n<\/p>\n<h3><strong>L&rsquo;&eacute;valuation du domicile<\/strong><\/h3>\n<\/p>\n<p>Le futur lieu d&rsquo;accueil, le domicile de l&rsquo;assistante maternelle, doit se conformer &agrave; des r&egrave;gles &eacute;l&eacute;mentaires permettant d&rsquo;assurer l&rsquo;hygi&egrave;ne, la sant&eacute;, la s&eacute;curit&eacute; et l&rsquo;&eacute;panouissement des enfants gard&eacute;s. Une personne de la PMI (protection maternelle et infantile) viendra donc visiter votre logement pour s&rsquo;en assurer. Cette visite permettra &eacute;galement de d&eacute;finir la capacit&eacute; d&rsquo;accueil de la future professionnelle, c&rsquo;est-&agrave;-dire le nombre d&rsquo;enfants qu&rsquo;elle sera habilit&eacute;e &agrave; garder.<\/p>\n<p><em>&#8211; Hygi&egrave;ne et confort<\/em><br \/>\nL&rsquo;habitation de la future assistante maternelle doit &ecirc;tre d&rsquo;une propret&eacute; irr&eacute;prochable. Elle doit par ailleurs &ecirc;tre suffisamment lumineuse, a&eacute;r&eacute;e, saine et correctement chauff&eacute;e.<\/p>\n<p><em>&#8211; Taille et organisation de l&rsquo;espace d&rsquo;accueil<\/em><br \/>\nLe logement de l&rsquo;assistante maternelle doit &ecirc;tre suffisamment grand pour pouvoir disposer de trois espaces distincts pour la prise des repas, le repos et le sommeil, et enfin les jeux et activit&eacute;s. Il n&rsquo;est pas obligatoire d&rsquo;avoir une chambre par enfant, ni une salle sp&eacute;cifique pour le jeu. Cependant, l&rsquo;assistante maternelle devant &ecirc;tre capable de s&rsquo;adapter au rythme de chacun, son logement devra poss&eacute;der au moins deux pi&egrave;ces (salon + chambre) afin de pouvoir isoler un enfant qui dort pendant que les autres jouent.<\/p>\n<p><em>&#8211; Accessibilit&eacute;<\/em><\/p>\n<p>Le lieu d&rsquo;accueil doit &ecirc;tre facilement accessible aux enfants comme &agrave; leurs parents. Ainsi, par exemple, un logement situ&eacute; &agrave; un &eacute;tage &eacute;lev&eacute; et ne disposant pas d&rsquo;ascenseur pourra entra&icirc;ner un refus d&rsquo;agr&eacute;ment.<\/p>\n<p><em>&#8211; S&eacute;curit&eacute; du logement et de son environnement<\/em><br \/>\nC&rsquo;est un point crucial, qui fera l&rsquo;objet de nombreuses v&eacute;rifications. Avant la visite de la PMI, la future assistante maternelle devra donc s&rsquo;assurer qu&rsquo;elle a fait en sorte de : <br \/>\n&#8211; pr&eacute;venir d&rsquo;&eacute;ventuels accidents domestiques : rangement en hauteur des produits et outils dangereux (couteaux, produits m&eacute;nagers etc)<br \/>\n&#8211; prot&eacute;ger l&rsquo;acc&egrave;s aux parties dangereuses du logement (escaliers, fen&ecirc;tres, chemin&eacute;es, installations &eacute;lectriques etc)<br \/>\n&#8211; pouvoir coucher les enfants dans des lits adapt&eacute;s &agrave; leur &acirc;ge<br \/>\nSi la candidate poss&egrave;de un jardin, celui-ci fera &eacute;galement l&rsquo;objet d&rsquo;une v&eacute;rification. De m&ecirc;me, les abords du domicile seront &eacute;valu&eacute;s et tout danger devra &ecirc;tre &eacute;cart&eacute; (ex : cl&ocirc;ture autour d&rsquo;un &eacute;tang environnant).<\/p>\n<\/p>\n<h3><strong>Les cas de refus imm&eacute;diat<\/strong><\/h3>\n<\/p>\n<p>Certains &eacute;l&eacute;ments peuvent conduire &agrave; un refus imm&eacute;diat de la part de la PMI :<\/p>\n<p>&#8211; la pr&eacute;sence d&rsquo;un chien r&eacute;put&eacute; dangereux (cat&eacute;gorie 1 ou 2)<\/p>\n<p>&#8211; &ecirc;tre h&eacute;berg&eacute;e et ainsi ne pas vivre dans un logement dont vous &ecirc;tes propri&eacute;taire ou locataire<\/p>\n<p>&#8211; des condamnations judiciaires vous concernant vous ou des membres de votre foyer<\/p>\n<p>&#8211; vivre avec 6 mineurs &agrave; charge ou 3 enfants de moins de 3 ans\n<\/p>\n<h2><strong>La proc&eacute;dure pour obtenir son agr&eacute;ment <\/strong><\/h2>\n<\/p>\n<p>Pour obtenir son agr&eacute;ment, la future assistante maternelle devra suivre les d&eacute;marches suivantes :<\/p>\n<\/p>\n<h3><strong>La r&eacute;union d&rsquo;information<\/strong><\/h3>\n<p>\nPas toujours obligatoire, cette &eacute;tape est cependant fortement conseill&eacute;e. Anim&eacute;e par des professionnelles de la petite enfance, elle permettra &agrave; la candidate de bien appr&eacute;hender les r&eacute;alit&eacute;s du m&eacute;tier, d&rsquo;en savoir plus sur la proc&eacute;dure d&rsquo;agr&eacute;ment, ou encore d&rsquo;&ecirc;tre introduite aux aspects l&eacute;gaux li&eacute;s &agrave; la profession (r&eacute;mun&eacute;ration, horaires, cong&eacute;s pay&eacute;s etc).<\/p>\n<\/p>\n<h3><strong>La constitution du dossier de demande d&rsquo;agr&eacute;ment<\/strong><\/h3>\n<p>\nIl est constitu&eacute; d&rsquo;un formulaire de demande d&rsquo;agr&eacute;ment et de pi&egrave;ces justificatives. <br \/>\nLe formulaire &agrave; remplir est le <a href=\"https:\/\/www.formulaires.modernisation.gouv.fr\/gf\/cerfa_13394.do\">Cerfa n&deg; 13394*04<\/a>. Il vous sera remis lors de la r&eacute;union d&rsquo;information. Vous pouvez &eacute;galement le t&eacute;l&eacute;charger sur le site du <a href=\"https:\/\/www.service-public.fr\/particuliers\/vosdroits\/F798\">Service Public<\/a>. C&rsquo;est ce m&ecirc;me formulaire qui vous servira pour le renouvellement de votre agr&eacute;ment.<\/p>\n<p>Les pi&egrave;ces justificatives &agrave; joindre au dossier sont les suivantes :<br \/>\n&#8211; une photocopie de votre pi&egrave;ce d&rsquo;identit&eacute; ou de votre titre de s&eacute;jour <br \/>\n&#8211; un justificatif de domicile<br \/>\n&#8211; un extrait de <a href=\"https:\/\/www.service-public.fr\/particuliers\/vosdroits\/F14710\">bulletin n&deg;2 de casier judiciaire<\/a> des personnes majeures habitant au domicile d&rsquo;accueil<br \/>\n&#8211; un certificat m&eacute;dical attestant que votre &eacute;tat de sant&eacute; est compatible avec l&rsquo;accueil d&rsquo;enfants<br \/>\n&#8211; une photocopie de votre carnet de sant&eacute; ou d&rsquo;un certificat m&eacute;dical attestant que vos vaccinations sont &agrave; jour\n<\/p>\n<h3><strong>La visite de la PMI au logement de la candidate<\/strong><\/h3>\n<p>\nUne fois votre dossier d&rsquo;agr&eacute;ment envoy&eacute;, le d&eacute;partement a trois mois pour instruire votre demande. Ayant pour but d&rsquo;&eacute;valuer vos motivations et comp&eacute;tences pour devenir assistante maternelle et la capacit&eacute; de votre logement &agrave; accueillir des enfants en bas &acirc;ge, l&rsquo;instruction se composera de l&rsquo;&eacute;tude de votre dossier, d&rsquo;un ou plusieurs entretiens avec vous, et d&rsquo;une ou plusieurs visites &agrave; votre domicile. G&eacute;n&eacute;ralement l&rsquo;&eacute;tude des motivations et du logement se fera de mani&egrave;re group&eacute;e, lors d&rsquo;une visite &agrave; votre logement. Cette visite de la PMI est LE moment crucial de la proc&eacute;dure et sera d&eacute;terminant pour l&rsquo;obtention votre agr&eacute;ment. <\/p>\n<p>Si vous ne recevez pas de r&eacute;ponse dans un d&eacute;lai de 3 mois, l&rsquo;agr&eacute;ment est consid&eacute;r&eacute; comme acquis. La d&eacute;cision du d&eacute;partement indiquera : <br \/>\n&#8211; le nombre d&rsquo;enfants que vous pourrez accueillir simultan&eacute;ment<br \/>\n&#8211; leur &acirc;ge<br \/>\n&#8211; les p&eacute;riodes d&rsquo;accueil (&agrave; la journ&eacute;e, &agrave; temps partiel, apr&egrave;s l&rsquo;&eacute;cole)<\/p>\n<p>G&eacute;n&eacute;ralement, sauf en cas d&rsquo;habitation trop petite, le premier agr&eacute;ment autorise au minimum l&rsquo;accueil de deux enfants. Une assistante maternelle peut &ecirc;tre autoris&eacute;e &agrave; garder jusqu&rsquo;&agrave; 4 enfants &agrave; temps complet.<\/p>\n<p>Attention, votre agr&eacute;ment ne sera d&eacute;finitif qu&rsquo;une fois la formation obligatoire d&rsquo;assistante maternelle effectu&eacute;e.<\/p>\n<\/p>\n<h3><strong>Le suivi de la formation obligatoire<\/strong><\/h3>\n<p>\nCette formation de 120 heures est organis&eacute;e et financ&eacute;e par le d&eacute;partement. Elle permet &agrave; ses participantes d&rsquo;acqu&eacute;rir les bases n&eacute;cessaires en mati&egrave;re d&rsquo;accueil, d&rsquo;hygi&egrave;ne, de s&eacute;curit&eacute;, d&rsquo;alimentation et d&rsquo;&eacute;veil. La professionnelle recevra son attestation d&rsquo;agr&eacute;ment d&eacute;finitive et pourra commencer &agrave; accueillir des enfants d&egrave;s la premi&egrave;re partie de la formation (80 heures) valid&eacute;e. Certains dipl&ocirc;mes sp&eacute;cifiques comme le CAP petite enfance ou le DEAP (dipl&ocirc;me d&rsquo;&Eacute;tat d&rsquo;auxiliaire de pu&eacute;riculture) peuvent permettre d&rsquo;&ecirc;tre dispens&eacute; de cette formation.\n<\/p>\n<h3><strong>Le renouvellement et l&rsquo;extension d&rsquo;agr&eacute;ment<\/strong><\/h3>\n<\/p>\n<p>L&rsquo;obtention de l&rsquo;agr&eacute;ment n&rsquo;est pas d&eacute;finitive. Quoiqu&rsquo;il arrive il devra &ecirc;tre renouvel&eacute; au bout de cinq ans par une nouvelle demande. Celle-ci doit se faire dans les trois mois avant l&rsquo;expiration de l&rsquo;agr&eacute;ment.<\/p>\n<p>Il est &agrave; noter que lorsque l&rsquo;assistante maternelle a un enfant de moins de trois ans, celui-ci compte comme occupant une place de l&rsquo;agr&eacute;ment. <\/p>\n<p>Vous pouvez, &agrave; tout moment de la dur&eacute;e de votre agr&eacute;ment, faire une demande d&rsquo;extension de votre accueil d&rsquo;1 ou 2 places. Il suffit pour cela d&rsquo;adresser une lettre motiv&eacute;e et recommand&eacute;e avec accus&eacute; de r&eacute;ception au Conseil d&eacute;partemental. Une visite de la pu&eacute;ricultrice du secteur sera alors organis&eacute;e afin d&rsquo;&eacute;tablir l&rsquo;acceptation ou le refus de votre demande.<\/p>\n<\/p>\n<p>Vous avez re&ccedil;u votre attestation d&rsquo;agr&eacute;ment ? F&eacute;licitations ! Il est maintenant temps de vous inscrire &agrave; la formation obligatoire de 120 heures pour pouvoir officiellement devenir assistante maternelle !<\/p>\n<\/p>\n<p><p>D&eacute;j&agrave; assistante maternelle ? Inscrivez-vous sur Yoopies pour trouver en quelques clics les employeurs correspondant &agrave; vos besoins !<\/p>\n<\/p>\n<p><a class=\"button\" href=\"https:\/\/yoopies.fr\/emploi-assistante-maternelle\">Je m&rsquo;inscris !<\/a><\/p>\n","protected":false},"excerpt":{"rendered":"<p>L&rsquo;obtention de l&rsquo;agr&eacute;ment est une &eacute;tape obligatoire pour exercer le m&eacute;tier d&rsquo;assistante maternelle. D&eacute;livr&eacute; par le Conseil d&eacute;partemental (anciennement Conseil &hellip; <\/p>\n","protected":false},"author":10,"featured_media":573,"parent":447,"menu_order":0,"comment_status":"closed","ping_status":"closed","template":"","meta":{"_acf_changed":false,"footnotes":""},"class_list":["post-571","page","type-page","status-publish","has-post-thumbnail","hentry"],"acf":[],"yoast_head":"<!-- This site is optimized with the Yoast SEO plugin v26.9 - https:\/\/yoast.com\/product\/yoast-seo-wordpress\/ -->\n<title>Assistant maternel agr\u00e9e<\/title>\n<meta name=\"description\" content=\"Yoopies vous indique tout ce qu&#039;il faut savoir des crit\u00e8res et de la d\u00e9marche \u00e0 suivre pour devenir une assistante maternelle agr\u00e9\u00e9e.\" \/>\n<meta name=\"robots\" content=\"index, follow, max-snippet:-1, max-image-preview:large, max-video-preview:-1\" \/>\n<link rel=\"canonical\" href=\"https:\/\/yoopies.fr\/c\/garde-enfant\/les-modes-de-garde\/assistante-maternelle\/assistant-maternel-agree\/\" \/>\n<meta property=\"og:locale\" content=\"fr_FR\" \/>\n<meta property=\"og:type\" content=\"article\" \/>\n<meta property=\"og:title\" content=\"Assistant maternel agr\u00e9e\" \/>\n<meta property=\"og:description\" content=\"Yoopies vous indique tout ce qu&#039;il faut savoir des crit\u00e8res et de la d\u00e9marche \u00e0 suivre pour devenir une assistante maternelle agr\u00e9\u00e9e.\" \/>\n<meta property=\"og:url\" content=\"https:\/\/yoopies.fr\/c\/garde-enfant\/les-modes-de-garde\/assistante-maternelle\/assistant-maternel-agree\/\" \/>\n<meta property=\"og:site_name\" content=\"Le Blog Yoopies\" \/>\n<meta property=\"article:modified_time\" content=\"2025-06-12T07:59:08+00:00\" \/>\n<meta property=\"og:image\" content=\"https:\/\/yoopies.fr\/c\/wp-content\/uploads\/2024\/02\/65d327f56df829d21997e9f4-image-2024-02-19-110540233.jpg\" \/>\n\t<meta property=\"og:image:width\" content=\"600\" \/>\n\t<meta property=\"og:image:height\" content=\"300\" \/>\n\t<meta property=\"og:image:type\" content=\"image\/jpeg\" \/>\n<meta name=\"twitter:card\" content=\"summary_large_image\" \/>\n<meta name=\"twitter:label1\" content=\"Dur\u00e9e de lecture estim\u00e9e\" \/>\n\t<meta name=\"twitter:data1\" content=\"10 minutes\" \/>\n<script type=\"application\/ld+json\" class=\"yoast-schema-graph\">{\"@context\":\"https:\/\/schema.org\",\"@graph\":[{\"@type\":\"WebPage\",\"@id\":\"https:\/\/yoopies.fr\/c\/garde-enfant\/les-modes-de-garde\/assistante-maternelle\/assistant-maternel-agree\/\",\"url\":\"https:\/\/yoopies.fr\/c\/garde-enfant\/les-modes-de-garde\/assistante-maternelle\/assistant-maternel-agree\/\",\"name\":\"Assistant maternel agr\u00e9e\",\"isPartOf\":{\"@id\":\"https:\/\/yoopies.fr\/c\/#website\"},\"primaryImageOfPage\":{\"@id\":\"https:\/\/yoopies.fr\/c\/garde-enfant\/les-modes-de-garde\/assistante-maternelle\/assistant-maternel-agree\/#primaryimage\"},\"image\":{\"@id\":\"https:\/\/yoopies.fr\/c\/garde-enfant\/les-modes-de-garde\/assistante-maternelle\/assistant-maternel-agree\/#primaryimage\"},\"thumbnailUrl\":\"https:\/\/yoopies.fr\/c\/wp-content\/uploads\/2024\/02\/65d327f56df829d21997e9f4-image-2024-02-19-110540233.jpg\",\"datePublished\":\"2024-02-19T10:06:27+00:00\",\"dateModified\":\"2025-06-12T07:59:08+00:00\",\"description\":\"Yoopies vous indique tout ce qu'il faut savoir des crit\u00e8res et de la d\u00e9marche \u00e0 suivre pour devenir une assistante maternelle agr\u00e9\u00e9e.\",\"breadcrumb\":{\"@id\":\"https:\/\/yoopies.fr\/c\/garde-enfant\/les-modes-de-garde\/assistante-maternelle\/assistant-maternel-agree\/#breadcrumb\"},\"inLanguage\":\"fr-FR\",\"potentialAction\":[{\"@type\":\"ReadAction\",\"target\":[\"https:\/\/yoopies.fr\/c\/garde-enfant\/les-modes-de-garde\/assistante-maternelle\/assistant-maternel-agree\/\"]}]},{\"@type\":\"ImageObject\",\"inLanguage\":\"fr-FR\",\"@id\":\"https:\/\/yoopies.fr\/c\/garde-enfant\/les-modes-de-garde\/assistante-maternelle\/assistant-maternel-agree\/#primaryimage\",\"url\":\"https:\/\/yoopies.fr\/c\/wp-content\/uploads\/2024\/02\/65d327f56df829d21997e9f4-image-2024-02-19-110540233.jpg\",\"contentUrl\":\"https:\/\/yoopies.fr\/c\/wp-content\/uploads\/2024\/02\/65d327f56df829d21997e9f4-image-2024-02-19-110540233.jpg\",\"width\":600,\"height\":300},{\"@type\":\"BreadcrumbList\",\"@id\":\"https:\/\/yoopies.fr\/c\/garde-enfant\/les-modes-de-garde\/assistante-maternelle\/assistant-maternel-agree\/#breadcrumb\",\"itemListElement\":[{\"@type\":\"ListItem\",\"position\":1,\"name\":\"Home\",\"item\":\"https:\/\/yoopies.fr\/c\/\"},{\"@type\":\"ListItem\",\"position\":2,\"name\":\"Garde d&rsquo;enfant\",\"item\":\"https:\/\/yoopies.fr\/c\/garde-enfant\/\"},{\"@type\":\"ListItem\",\"position\":3,\"name\":\"Les modes de gardees modes de garde : trouvez la solution id\u00e9ale pour votre enfantLes modes de garde\",\"item\":\"https:\/\/yoopies.fr\/c\/garde-enfant\/les-modes-de-garde\/\"},{\"@type\":\"ListItem\",\"position\":4,\"name\":\"Assistante maternelle\",\"item\":\"https:\/\/yoopies.fr\/c\/garde-enfant\/les-modes-de-garde\/assistante-maternelle\/\"},{\"@type\":\"ListItem\",\"position\":5,\"name\":\"Assistant maternel agr\u00e9e : comment le devenir ?\"}]},{\"@type\":\"WebSite\",\"@id\":\"https:\/\/yoopies.fr\/c\/#website\",\"url\":\"https:\/\/yoopies.fr\/c\/\",\"name\":\"Le Blog Yoopies\",\"description\":\"\",\"publisher\":{\"@id\":\"https:\/\/yoopies.fr\/c\/#organization\"},\"potentialAction\":[{\"@type\":\"SearchAction\",\"target\":{\"@type\":\"EntryPoint\",\"urlTemplate\":\"https:\/\/yoopies.fr\/c\/?s={search_term_string}\"},\"query-input\":{\"@type\":\"PropertyValueSpecification\",\"valueRequired\":true,\"valueName\":\"search_term_string\"}}],\"inLanguage\":\"fr-FR\"},{\"@type\":\"Organization\",\"@id\":\"https:\/\/yoopies.fr\/c\/#organization\",\"name\":\"Le Blog Yoopies\",\"url\":\"https:\/\/yoopies.fr\/c\/\",\"logo\":{\"@type\":\"ImageObject\",\"inLanguage\":\"fr-FR\",\"@id\":\"https:\/\/yoopies.fr\/c\/#\/schema\/logo\/image\/\",\"url\":\"https:\/\/yoopies.fr\/c\/wp-content\/uploads\/2025\/04\/cropped-Logo_Yoopies-2.png\",\"contentUrl\":\"https:\/\/yoopies.fr\/c\/wp-content\/uploads\/2025\/04\/cropped-Logo_Yoopies-2.png\",\"width\":512,\"height\":512,\"caption\":\"Le Blog Yoopies\"},\"image\":{\"@id\":\"https:\/\/yoopies.fr\/c\/#\/schema\/logo\/image\/\"}}]}<\/script>\n<!-- \/ Yoast SEO plugin. -->","yoast_head_json":{"title":"Assistant maternel agr\u00e9e","description":"Yoopies vous indique tout ce qu'il faut savoir des crit\u00e8res et de la d\u00e9marche \u00e0 suivre pour devenir une assistante maternelle agr\u00e9\u00e9e.","robots":{"index":"index","follow":"follow","max-snippet":"max-snippet:-1","max-image-preview":"max-image-preview:large","max-video-preview":"max-video-preview:-1"},"canonical":"https:\/\/yoopies.fr\/c\/garde-enfant\/les-modes-de-garde\/assistante-maternelle\/assistant-maternel-agree\/","og_locale":"fr_FR","og_type":"article","og_title":"Assistant maternel agr\u00e9e","og_description":"Yoopies vous indique tout ce qu'il faut savoir des crit\u00e8res et de la d\u00e9marche \u00e0 suivre pour devenir une assistante maternelle agr\u00e9\u00e9e.","og_url":"https:\/\/yoopies.fr\/c\/garde-enfant\/les-modes-de-garde\/assistante-maternelle\/assistant-maternel-agree\/","og_site_name":"Le Blog Yoopies","article_modified_time":"2025-06-12T07:59:08+00:00","og_image":[{"width":600,"height":300,"url":"https:\/\/yoopies.fr\/c\/wp-content\/uploads\/2024\/02\/65d327f56df829d21997e9f4-image-2024-02-19-110540233.jpg","type":"image\/jpeg"}],"twitter_card":"summary_large_image","twitter_misc":{"Dur\u00e9e de lecture estim\u00e9e":"10 minutes"},"schema":{"@context":"https:\/\/schema.org","@graph":[{"@type":"WebPage","@id":"https:\/\/yoopies.fr\/c\/garde-enfant\/les-modes-de-garde\/assistante-maternelle\/assistant-maternel-agree\/","url":"https:\/\/yoopies.fr\/c\/garde-enfant\/les-modes-de-garde\/assistante-maternelle\/assistant-maternel-agree\/","name":"Assistant maternel agr\u00e9e","isPartOf":{"@id":"https:\/\/yoopies.fr\/c\/#website"},"primaryImageOfPage":{"@id":"https:\/\/yoopies.fr\/c\/garde-enfant\/les-modes-de-garde\/assistante-maternelle\/assistant-maternel-agree\/#primaryimage"},"image":{"@id":"https:\/\/yoopies.fr\/c\/garde-enfant\/les-modes-de-garde\/assistante-maternelle\/assistant-maternel-agree\/#primaryimage"},"thumbnailUrl":"https:\/\/yoopies.fr\/c\/wp-content\/uploads\/2024\/02\/65d327f56df829d21997e9f4-image-2024-02-19-110540233.jpg","datePublished":"2024-02-19T10:06:27+00:00","dateModified":"2025-06-12T07:59:08+00:00","description":"Yoopies vous indique tout ce qu'il faut savoir des crit\u00e8res et de la d\u00e9marche \u00e0 suivre pour devenir une assistante maternelle agr\u00e9\u00e9e.","breadcrumb":{"@id":"https:\/\/yoopies.fr\/c\/garde-enfant\/les-modes-de-garde\/assistante-maternelle\/assistant-maternel-agree\/#breadcrumb"},"inLanguage":"fr-FR","potentialAction":[{"@type":"ReadAction","target":["https:\/\/yoopies.fr\/c\/garde-enfant\/les-modes-de-garde\/assistante-maternelle\/assistant-maternel-agree\/"]}]},{"@type":"ImageObject","inLanguage":"fr-FR","@id":"https:\/\/yoopies.fr\/c\/garde-enfant\/les-modes-de-garde\/assistante-maternelle\/assistant-maternel-agree\/#primaryimage","url":"https:\/\/yoopies.fr\/c\/wp-content\/uploads\/2024\/02\/65d327f56df829d21997e9f4-image-2024-02-19-110540233.jpg","contentUrl":"https:\/\/yoopies.fr\/c\/wp-content\/uploads\/2024\/02\/65d327f56df829d21997e9f4-image-2024-02-19-110540233.jpg","width":600,"height":300},{"@type":"BreadcrumbList","@id":"https:\/\/yoopies.fr\/c\/garde-enfant\/les-modes-de-garde\/assistante-maternelle\/assistant-maternel-agree\/#breadcrumb","itemListElement":[{"@type":"ListItem","position":1,"name":"Home","item":"https:\/\/yoopies.fr\/c\/"},{"@type":"ListItem","position":2,"name":"Garde d&rsquo;enfant","item":"https:\/\/yoopies.fr\/c\/garde-enfant\/"},{"@type":"ListItem","position":3,"name":"Les modes de gardees modes de garde : trouvez la solution id\u00e9ale pour votre enfantLes modes de garde","item":"https:\/\/yoopies.fr\/c\/garde-enfant\/les-modes-de-garde\/"},{"@type":"ListItem","position":4,"name":"Assistante maternelle","item":"https:\/\/yoopies.fr\/c\/garde-enfant\/les-modes-de-garde\/assistante-maternelle\/"},{"@type":"ListItem","position":5,"name":"Assistant maternel agr\u00e9e : comment le devenir ?"}]},{"@type":"WebSite","@id":"https:\/\/yoopies.fr\/c\/#website","url":"https:\/\/yoopies.fr\/c\/","name":"Le Blog Yoopies","description":"","publisher":{"@id":"https:\/\/yoopies.fr\/c\/#organization"},"potentialAction":[{"@type":"SearchAction","target":{"@type":"EntryPoint","urlTemplate":"https:\/\/yoopies.fr\/c\/?s={search_term_string}"},"query-input":{"@type":"PropertyValueSpecification","valueRequired":true,"valueName":"search_term_string"}}],"inLanguage":"fr-FR"},{"@type":"Organization","@id":"https:\/\/yoopies.fr\/c\/#organization","name":"Le Blog Yoopies","url":"https:\/\/yoopies.fr\/c\/","logo":{"@type":"ImageObject","inLanguage":"fr-FR","@id":"https:\/\/yoopies.fr\/c\/#\/schema\/logo\/image\/","url":"https:\/\/yoopies.fr\/c\/wp-content\/uploads\/2025\/04\/cropped-Logo_Yoopies-2.png","contentUrl":"https:\/\/yoopies.fr\/c\/wp-content\/uploads\/2025\/04\/cropped-Logo_Yoopies-2.png","width":512,"height":512,"caption":"Le Blog Yoopies"},"image":{"@id":"https:\/\/yoopies.fr\/c\/#\/schema\/logo\/image\/"}}]}},"_links":{"self":[{"href":"https:\/\/yoopies.fr\/c\/wp-json\/wp\/v2\/pages\/571","targetHints":{"allow":["GET"]}}],"collection":[{"href":"https:\/\/yoopies.fr\/c\/wp-json\/wp\/v2\/pages"}],"about":[{"href":"https:\/\/yoopies.fr\/c\/wp-json\/wp\/v2\/types\/page"}],"author":[{"embeddable":true,"href":"https:\/\/yoopies.fr\/c\/wp-json\/wp\/v2\/users\/10"}],"replies":[{"embeddable":true,"href":"https:\/\/yoopies.fr\/c\/wp-json\/wp\/v2\/comments?post=571"}],"version-history":[{"count":1,"href":"https:\/\/yoopies.fr\/c\/wp-json\/wp\/v2\/pages\/571\/revisions"}],"predecessor-version":[{"id":574,"href":"https:\/\/yoopies.fr\/c\/wp-json\/wp\/v2\/pages\/571\/revisions\/574"}],"up":[{"embeddable":true,"href":"https:\/\/yoopies.fr\/c\/wp-json\/wp\/v2\/pages\/447"}],"wp:featuredmedia":[{"embeddable":true,"href":"https:\/\/yoopies.fr\/c\/wp-json\/wp\/v2\/media\/573"}],"wp:attachment":[{"href":"https:\/\/yoopies.fr\/c\/wp-json\/wp\/v2\/media?parent=571"}],"curies":[{"name":"wp","href":"https:\/\/api.w.org\/{rel}","templated":true}]}}