{"id":558,"date":"2024-05-24T13:00:11","date_gmt":"2024-05-24T13:00:11","guid":{"rendered":"https:\/\/blog.yoopies.fr\/garde-enfant\/les-modes-de-garde\/assistante-maternelle\/trouver-une-assistante-maternelle-couts-aides-et-guide-complet\/"},"modified":"2025-06-12T07:59:08","modified_gmt":"2025-06-12T07:59:08","slug":"trouver-une-assistante-maternelle-couts-aides-et-guide-complet","status":"publish","type":"page","link":"https:\/\/yoopies.fr\/c\/garde-enfant\/les-modes-de-garde\/assistante-maternelle\/trouver-une-assistante-maternelle-couts-aides-et-guide-complet\/","title":{"rendered":"Guide complet pour les parents \u00e0 la recherche d&rsquo;une assistante maternelle : co\u00fbts, aides et d\u00e9claration"},"content":{"rendered":"<p><p>La recherche d&rsquo;une assistante maternelle pour faire garder votre ou vos enfant(s) peut &ecirc;tre une t&acirc;che ardue.<\/p>\n<p>Entre les co&ucirc;ts &agrave; pr&eacute;voir, les aides possibles et la n&eacute;cessit&eacute; de d&eacute;clarer l&#8217;emploi de cette professionnelle de la petite enfance, les parents peuvent se sentir d&eacute;pass&eacute;s.<\/p>\n<p>Cet article a pour but de vous guider et de vous offrir un panorama exhaustif des informations essentielles &agrave; conna&icirc;tre sur le sujet.<\/p>\n<p>En lisant ces lignes, vous pourrez ainsi mieux comprendre les co&ucirc;ts &agrave; pr&eacute;voir, les aides possibles et les d&eacute;marches administratives li&eacute;es &agrave; l&#8217;embauche d&rsquo;une assistante maternelle.<\/p>\n<p>Et pour finir, vous d&eacute;couvrirez comment trouver une assistante maternelle de qualit&eacute; sur Yoopies, la plateforme d&eacute;di&eacute;e &agrave; la garde d&rsquo;enfants.<\/p>\n<h2>Les co&ucirc;ts &agrave; pr&eacute;voir pour l&#8217;emploi d&rsquo;une assistante maternelle<\/h2>\n<p>Pour bien anticiper les d&eacute;penses li&eacute;es &agrave; l&#8217;emploi d&rsquo;une assistante maternelle, il est essentiel de prendre en compte plusieurs &eacute;l&eacute;ments : le salaire, les indemnit&eacute;s d&rsquo;entretien et les frais de repas. Voici un aper&ccedil;u d&eacute;taill&eacute; de ces diff&eacute;rents co&ucirc;ts.<\/p>\n<\/p>\n<p><strong>Le salaire de l&rsquo;assistante maternelle<\/strong><\/p>\n<p>Le salaire d&rsquo;une assistante maternelle est fix&eacute; par la convention collective nationale des assistants maternels du particulier employeur. Cette convention pr&eacute;voit un salaire minimum horaire brut qui est actuellement de 2,88 &euro; (au 1\u1d49\u02b3 janvier 2021). Ce montant est ensuite multipli&eacute; par le nombre d&rsquo;heures de garde pr&eacute;vues par semaine, puis par 52 semaines et divis&eacute; par 12 pour obtenir la mensualisation. Il est &agrave; noter que le salaire peut &ecirc;tre n&eacute;goci&eacute; entre les parents et l&rsquo;assistante maternelle, tant qu&rsquo;il respecte le minimum l&eacute;gal.<\/p>\n<p><strong>Pour une vue d&rsquo;ensemble sur les fondamentaux de la garde au quotidien, consultez <a target=\"_self\" rel=\"noopener\" href=\"https:\/\/yoopies.fr\/c\/garde-enfant\/les-modes-de-garde\/assistante-maternelle\/guide-parental-reussir-la-garde-avec-une-assistante-maternelle  \">notre guide<\/a>.<\/strong><\/p>\n<\/p>\n<p><strong>Les indemnit&eacute;s d&rsquo;entretien<\/strong><\/p>\n<p>En plus du salaire, les parents doivent verser &agrave; l&rsquo;assistante maternelle une indemnit&eacute; d&rsquo;entretien. Cette indemnit&eacute; est destin&eacute;e &agrave; couvrir les frais li&eacute;s &agrave; l&rsquo;accueil de l&rsquo;enfant (&eacute;lectricit&eacute;, chauffage, jeux, mat&eacute;riel de pu&eacute;riculture, etc.). Son montant minimum est fix&eacute; par la convention collective &agrave; 2,65 &euro; par jour et par enfant pour 9 heures de garde. Pour des horaires inf&eacute;rieurs ou sup&eacute;rieurs &agrave; 9 heures, l&rsquo;indemnit&eacute; est calcul&eacute;e au prorata.<\/p>\n<\/p>\n<p><strong>Les frais de repas<\/strong><\/p>\n<p>Si l&rsquo;assistante maternelle fournit les repas, les parents doivent lui verser une indemnit&eacute; de repas. Le montant de cette indemnit&eacute; est fix&eacute; librement entre les parties et doit &ecirc;tre mentionn&eacute; dans le contrat de travail. Il est souvent compris entre 3 et 5 &euro; par repas.<\/p>\n<\/p>\n<figure><img decoding=\"async\" src=\"https:\/\/yoopies.fr\/c\/wp-content\/uploads\/2024\/05\/zlakjcol0zci9at6-240.jpg\" alt=\"Un gar\u00e7onnet montre un double pouce lev\u00e9 avec un clin d'\u0153il, tandis que ses camarades jouent en arri\u00e8re-plan.\" \/><\/figure>\n<p><h2>Les aides possibles pour financer la garde de vos enfants<\/h2>\n<p>Plusieurs aides financi&egrave;res peuvent vous &ecirc;tre accord&eacute;es pour all&eacute;ger le co&ucirc;t de la garde de votre ou vos enfant(s) par une assistante maternelle. D&eacute;couvrons ensemble ces dispositifs et leurs modalit&eacute;s.<\/p>\n<p><strong>Le compl&eacute;ment de libre choix du mode de garde (CMG)<\/strong><\/p>\n<p>Le CMG est une aide financi&egrave;re vers&eacute;e par la CAF (Caisse d&rsquo;Allocations Familiales) ou la MSA (Mutualit&eacute; Sociale Agricole) aux parents qui emploient une assistante maternelle. Son montant varie en fonction des ressources des parents, de l&rsquo;&acirc;ge de l&rsquo;enfant et du nombre d&rsquo;heures de garde. Le CMG permet de prendre en charge une partie du salaire de l&rsquo;assistante maternelle et peut couvrir les cotisations sociales li&eacute;es &agrave; son emploi.<\/p>\n<p><strong>La r&eacute;duction ou le cr&eacute;dit d&rsquo;imp&ocirc;t pour frais de garde<\/strong><\/p>\n<p>Les parents qui emploient une assistante maternelle peuvent b&eacute;n&eacute;ficier d&rsquo;une r&eacute;duction ou d&rsquo;un cr&eacute;dit d&rsquo;imp&ocirc;t &eacute;gal &agrave; 50 % des d&eacute;penses engag&eacute;es pour la garde de leur(s) enfant(s) de moins de 6 ans, dans la limite de 2 300 &euro; par enfant et par an. Cette aide fiscale est accord&eacute;e que vous soyez imposable ou non. Si vous ne payez pas d&rsquo;imp&ocirc;t, vous recevrez un remboursement de la part du Tr&eacute;sor Public.<\/p>\n<p><a target=\"_self\" rel=\"noopener\" href=\"https:\/\/yoopies.fr\/c\/garde-enfant\/les-modes-de-garde\/assistante-maternelle\/guide-pour-parents-choisir-et-collaborer-avec-une-assistante-maternelle\/\"><strong>D&eacute;couvrez comment choisir la bonne assistante maternelle et pr&eacute;parer votre enfant &agrave; la s&eacute;paration.<\/strong><\/a><\/p>\n<p><strong>Les aides des employeurs et des collectivit&eacute;s territoriales<\/strong><\/p>\n<p>Enfin, certaines entreprises et collectivit&eacute;s territoriales proposent des aides financi&egrave;res pour la garde d&rsquo;enfants. Il peut s&rsquo;agir de ch&egrave;ques emploi service universel (CESU) pr&eacute;financ&eacute;s, d&rsquo;aides directes ou de subventions vers&eacute;es &agrave; des cr&egrave;ches ou des structures d&rsquo;accueil. Renseignez-vous aupr&egrave;s de votre employeur et de votre mairie pour conna&icirc;tre les dispositifs existants.<\/p>\n<h2>La d&eacute;claration de l&#8217;emploi d&rsquo;une assistante maternelle : les d&eacute;marches &agrave; suivre<\/h2>\n<p>Employer une assistante maternelle implique de respecter certaines obligations administratives et l&eacute;gales. Voici les principales d&eacute;marches &agrave; effectuer pour &ecirc;tre en r&egrave;gle.<\/p>\n<p><strong>Pour des conseils sur les crit&egrave;res de choix et les avantages d&rsquo;un(e) assistant(e) maternel(le), consultez <a target=\"_self\" rel=\"noopener\" href=\"https:\/\/yoopies.fr\/c\/garde-enfant\/les-modes-de-garde\/assistante-maternelle\/tout-savoir-sur-lassistante-maternelle\/\">notre guide<\/a>.<\/strong><\/p>\n<ol>\n<li><strong>La signature d&rsquo;un contrat de travail :<\/strong> Un contrat de travail &eacute;crit doit &ecirc;tre &eacute;tabli entre les parents et l&rsquo;assistante maternelle. Ce contrat doit notamment pr&eacute;ciser le salaire, les horaires de garde, les cong&eacute;s pay&eacute;s, les indemnit&eacute;s d&rsquo;entretien et de repas, ainsi que les conditions de rupture du contrat.<\/li>\n<li><strong>La d&eacute;claration &agrave; la CAF ou &agrave; la MSA :<\/strong> Pour b&eacute;n&eacute;ficier du compl&eacute;ment de libre choix du mode de garde (CMG), vous devez d&eacute;clarer l&#8217;emploi de votre assistante maternelle aupr&egrave;s de la CAF ou de la MSA, selon votre r&eacute;gime de protection sociale. Cette d&eacute;claration se fait en ligne sur les sites de ces organismes.<\/li>\n<li><strong>La d&eacute;claration &agrave; l&rsquo;URSSAF :<\/strong> En tant qu&#8217;employeur, vous devez d&eacute;clarer l&#8217;emploi de votre assistante maternelle &agrave; l&rsquo;URSSAF (Union de Recouvrement des cotisations de S&eacute;curit&eacute; Sociale et d&rsquo;Allocations Familiales) et payer les cotisations sociales correspondantes. Pour cela, vous pouvez utiliser le service Pajemploi, qui simplifie ces d&eacute;marches et vous permet de b&eacute;n&eacute;ficier du CMG.<\/li>\n<li><strong>La d&eacute;livrance d&rsquo;un bulletin de salaire :<\/strong> Chaque mois, vous devez remettre &agrave; votre assistante maternelle un bulletin de salaire qui reprend l&rsquo;ensemble des &eacute;l&eacute;ments de sa r&eacute;mun&eacute;ration (salaire, indemnit&eacute;s d&rsquo;entretien et de repas) et les cotisations sociales. L&agrave; encore, le service Pajemploi facilite cette t&acirc;che en g&eacute;n&eacute;rant automatiquement le bulletin de salaire.<\/li>\n<li><strong>La d&eacute;claration des revenus :<\/strong> Enfin, vous devez d&eacute;clarer les sommes vers&eacute;es &agrave; votre assistante maternelle dans votre d&eacute;claration de revenus, afin de b&eacute;n&eacute;ficier de la r&eacute;duction ou du cr&eacute;dit d&rsquo;imp&ocirc;t pour frais de garde. Vous recevrez une attestation fiscale de la part de Pajemploi qui vous aidera &agrave; remplir cette d&eacute;claration.<\/li>\n<\/ol>\n<figure><img decoding=\"async\" src=\"https:\/\/yoopies.fr\/c\/wp-content\/uploads\/2024\/05\/zlah0iol0zci9atf-226.jpg\" alt=\"Un groupe d'enfants assis en cercle sur un tapis color\u00e9, \u00e9coutant un homme leur lire un livre.\" \/><\/figure>\n<p><h2>Trouver une assistante maternelle de qualit&eacute; sur Yoopies<\/h2>\n<p>Vous l&rsquo;aurez compris, l&#8217;emploi d&rsquo;une assistante maternelle requiert de bien conna&icirc;tre les co&ucirc;ts &agrave; pr&eacute;voir, les aides possibles et les d&eacute;marches administratives &agrave; effectuer. Mais le plus important reste bien &eacute;videmment de trouver la perle rare qui saura prendre soin de votre ou vos enfant(s) et r&eacute;pondre &agrave; vos attentes en termes de garde.<\/p>\n<p>Pour vous aider dans cette recherche, n&rsquo;h&eacute;sitez pas &agrave; vous tourner vers <strong>Yoopies<\/strong>, la plateforme d&eacute;di&eacute;e &agrave; la garde d&rsquo;enfants. Ce site vous permet de trouver facilement et rapidement une assistante maternelle de qualit&eacute; pr&egrave;s de chez vous, en consultant les annonces de professionnels exp&eacute;riment&eacute;s et disponibles. Les avis et recommandations des autres parents vous aideront &agrave; faire le meilleur choix pour votre famille.<\/p>\n<p>L&#8217;emploi d&rsquo;une assistante maternelle est certes une d&eacute;marche qui demande du temps et de l&rsquo;organisation, mais les avantages qu&rsquo;elle procure en termes de qualit&eacute; de garde et de souplesse d&rsquo;accueil en font une solution id&eacute;ale pour de nombreux parents. Alors, n&rsquo;attendez plus et lancez-vous dans cette belle aventure en compagnie de Yoopies !<\/p>\n<\/p>\n<p><strong>Pour comprendre les &eacute;tapes &agrave; suivre pour mettre fin &agrave; la relation avec une assistante maternelle, consultez<a target=\"_self\" rel=\"noopener\" href=\"https:\/\/yoopies.fr\/c\/garde-enfant\/les-modes-de-garde\/assistante-maternelle\/fin-de-garde-avec-assistante-maternelle-guide-complet-pour-parents\/\"> notre guide<\/a>.<\/strong><\/p><\/p>\n","protected":false},"excerpt":{"rendered":"<p>La recherche d&rsquo;une assistante maternelle pour faire garder votre ou vos enfant(s) peut &ecirc;tre une t&acirc;che ardue. Entre les co&ucirc;ts &hellip; <\/p>\n","protected":false},"author":10,"featured_media":561,"parent":447,"menu_order":0,"comment_status":"closed","ping_status":"closed","template":"","meta":{"_acf_changed":false,"footnotes":""},"class_list":["post-558","page","type-page","status-publish","has-post-thumbnail","hentry"],"acf":[],"yoast_head":"<!-- This site is optimized with the Yoast SEO plugin v26.9 - https:\/\/yoast.com\/product\/yoast-seo-wordpress\/ -->\n<title>Trouver une Assistante Maternelle : Co\u00fbts, Aides et Guide Complet | Blog<\/title>\n<meta name=\"description\" content=\"Guide complet pour choisir une assistante maternelle : d\u00e9couvrez les co\u00fbts, aides financi\u00e8res, et d\u00e9marches pour d\u00e9claration. Utilisez Yoopies pour trouver la nounou id\u00e9ale et simplifier vos d\u00e9marches administratives. Tout pour une garde d&#039;enfant optimale!\" \/>\n<meta name=\"robots\" content=\"index, follow, max-snippet:-1, max-image-preview:large, max-video-preview:-1\" \/>\n<link rel=\"canonical\" href=\"https:\/\/yoopies.fr\/c\/garde-enfant\/les-modes-de-garde\/assistante-maternelle\/trouver-une-assistante-maternelle-couts-aides-et-guide-complet\/\" \/>\n<meta property=\"og:locale\" content=\"fr_FR\" \/>\n<meta property=\"og:type\" content=\"article\" \/>\n<meta property=\"og:title\" content=\"Trouver une Assistante Maternelle : Co\u00fbts, Aides et Guide Complet | Blog\" \/>\n<meta property=\"og:description\" content=\"Guide complet pour choisir une assistante maternelle : d\u00e9couvrez les co\u00fbts, aides financi\u00e8res, et d\u00e9marches pour d\u00e9claration. Utilisez Yoopies pour trouver la nounou id\u00e9ale et simplifier vos d\u00e9marches administratives. Tout pour une garde d&#039;enfant optimale!\" \/>\n<meta property=\"og:url\" content=\"https:\/\/yoopies.fr\/c\/garde-enfant\/les-modes-de-garde\/assistante-maternelle\/trouver-une-assistante-maternelle-couts-aides-et-guide-complet\/\" \/>\n<meta property=\"og:site_name\" content=\"Le Blog Yoopies\" \/>\n<meta property=\"article:modified_time\" content=\"2025-06-12T07:59:08+00:00\" \/>\n<meta property=\"og:image\" content=\"https:\/\/yoopies.fr\/c\/wp-content\/uploads\/2024\/05\/zlajmiol0zci9ato-261.jpg\" \/>\n\t<meta property=\"og:image:width\" content=\"600\" \/>\n\t<meta property=\"og:image:height\" content=\"300\" \/>\n\t<meta property=\"og:image:type\" content=\"image\/jpeg\" \/>\n<meta name=\"twitter:card\" content=\"summary_large_image\" \/>\n<meta name=\"twitter:label1\" content=\"Dur\u00e9e de lecture estim\u00e9e\" \/>\n\t<meta name=\"twitter:data1\" content=\"7 minutes\" \/>\n<script type=\"application\/ld+json\" class=\"yoast-schema-graph\">{\"@context\":\"https:\/\/schema.org\",\"@graph\":[{\"@type\":\"WebPage\",\"@id\":\"https:\/\/yoopies.fr\/c\/garde-enfant\/les-modes-de-garde\/assistante-maternelle\/trouver-une-assistante-maternelle-couts-aides-et-guide-complet\/\",\"url\":\"https:\/\/yoopies.fr\/c\/garde-enfant\/les-modes-de-garde\/assistante-maternelle\/trouver-une-assistante-maternelle-couts-aides-et-guide-complet\/\",\"name\":\"Trouver une Assistante Maternelle : Co\u00fbts, Aides et Guide Complet | Blog\",\"isPartOf\":{\"@id\":\"https:\/\/yoopies.fr\/c\/#website\"},\"primaryImageOfPage\":{\"@id\":\"https:\/\/yoopies.fr\/c\/garde-enfant\/les-modes-de-garde\/assistante-maternelle\/trouver-une-assistante-maternelle-couts-aides-et-guide-complet\/#primaryimage\"},\"image\":{\"@id\":\"https:\/\/yoopies.fr\/c\/garde-enfant\/les-modes-de-garde\/assistante-maternelle\/trouver-une-assistante-maternelle-couts-aides-et-guide-complet\/#primaryimage\"},\"thumbnailUrl\":\"https:\/\/yoopies.fr\/c\/wp-content\/uploads\/2024\/05\/zlajmiol0zci9ato-261.jpg\",\"datePublished\":\"2024-05-24T13:00:11+00:00\",\"dateModified\":\"2025-06-12T07:59:08+00:00\",\"description\":\"Guide complet pour choisir une assistante maternelle : d\u00e9couvrez les co\u00fbts, aides financi\u00e8res, et d\u00e9marches pour d\u00e9claration. Utilisez Yoopies pour trouver la nounou id\u00e9ale et simplifier vos d\u00e9marches administratives. Tout pour une garde d'enfant optimale!\",\"breadcrumb\":{\"@id\":\"https:\/\/yoopies.fr\/c\/garde-enfant\/les-modes-de-garde\/assistante-maternelle\/trouver-une-assistante-maternelle-couts-aides-et-guide-complet\/#breadcrumb\"},\"inLanguage\":\"fr-FR\",\"potentialAction\":[{\"@type\":\"ReadAction\",\"target\":[\"https:\/\/yoopies.fr\/c\/garde-enfant\/les-modes-de-garde\/assistante-maternelle\/trouver-une-assistante-maternelle-couts-aides-et-guide-complet\/\"]}]},{\"@type\":\"ImageObject\",\"inLanguage\":\"fr-FR\",\"@id\":\"https:\/\/yoopies.fr\/c\/garde-enfant\/les-modes-de-garde\/assistante-maternelle\/trouver-une-assistante-maternelle-couts-aides-et-guide-complet\/#primaryimage\",\"url\":\"https:\/\/yoopies.fr\/c\/wp-content\/uploads\/2024\/05\/zlajmiol0zci9ato-261.jpg\",\"contentUrl\":\"https:\/\/yoopies.fr\/c\/wp-content\/uploads\/2024\/05\/zlajmiol0zci9ato-261.jpg\",\"width\":600,\"height\":300},{\"@type\":\"BreadcrumbList\",\"@id\":\"https:\/\/yoopies.fr\/c\/garde-enfant\/les-modes-de-garde\/assistante-maternelle\/trouver-une-assistante-maternelle-couts-aides-et-guide-complet\/#breadcrumb\",\"itemListElement\":[{\"@type\":\"ListItem\",\"position\":1,\"name\":\"Home\",\"item\":\"https:\/\/yoopies.fr\/c\/\"},{\"@type\":\"ListItem\",\"position\":2,\"name\":\"Garde d&rsquo;enfant\",\"item\":\"https:\/\/yoopies.fr\/c\/garde-enfant\/\"},{\"@type\":\"ListItem\",\"position\":3,\"name\":\"Les modes de gardees modes de garde : trouvez la solution id\u00e9ale pour votre enfantLes modes de garde\",\"item\":\"https:\/\/yoopies.fr\/c\/garde-enfant\/les-modes-de-garde\/\"},{\"@type\":\"ListItem\",\"position\":4,\"name\":\"Assistante maternelle\",\"item\":\"https:\/\/yoopies.fr\/c\/garde-enfant\/les-modes-de-garde\/assistante-maternelle\/\"},{\"@type\":\"ListItem\",\"position\":5,\"name\":\"Guide complet pour les parents \u00e0 la recherche d&rsquo;une assistante maternelle : co\u00fbts, aides et d\u00e9claration\"}]},{\"@type\":\"WebSite\",\"@id\":\"https:\/\/yoopies.fr\/c\/#website\",\"url\":\"https:\/\/yoopies.fr\/c\/\",\"name\":\"Le Blog Yoopies\",\"description\":\"\",\"publisher\":{\"@id\":\"https:\/\/yoopies.fr\/c\/#organization\"},\"potentialAction\":[{\"@type\":\"SearchAction\",\"target\":{\"@type\":\"EntryPoint\",\"urlTemplate\":\"https:\/\/yoopies.fr\/c\/?s={search_term_string}\"},\"query-input\":{\"@type\":\"PropertyValueSpecification\",\"valueRequired\":true,\"valueName\":\"search_term_string\"}}],\"inLanguage\":\"fr-FR\"},{\"@type\":\"Organization\",\"@id\":\"https:\/\/yoopies.fr\/c\/#organization\",\"name\":\"Le Blog Yoopies\",\"url\":\"https:\/\/yoopies.fr\/c\/\",\"logo\":{\"@type\":\"ImageObject\",\"inLanguage\":\"fr-FR\",\"@id\":\"https:\/\/yoopies.fr\/c\/#\/schema\/logo\/image\/\",\"url\":\"https:\/\/yoopies.fr\/c\/wp-content\/uploads\/2025\/04\/cropped-Logo_Yoopies-2.png\",\"contentUrl\":\"https:\/\/yoopies.fr\/c\/wp-content\/uploads\/2025\/04\/cropped-Logo_Yoopies-2.png\",\"width\":512,\"height\":512,\"caption\":\"Le Blog Yoopies\"},\"image\":{\"@id\":\"https:\/\/yoopies.fr\/c\/#\/schema\/logo\/image\/\"}}]}<\/script>\n<!-- \/ Yoast SEO plugin. -->","yoast_head_json":{"title":"Trouver une Assistante Maternelle : Co\u00fbts, Aides et Guide Complet | Blog","description":"Guide complet pour choisir une assistante maternelle : d\u00e9couvrez les co\u00fbts, aides financi\u00e8res, et d\u00e9marches pour d\u00e9claration. Utilisez Yoopies pour trouver la nounou id\u00e9ale et simplifier vos d\u00e9marches administratives. Tout pour une garde d'enfant optimale!","robots":{"index":"index","follow":"follow","max-snippet":"max-snippet:-1","max-image-preview":"max-image-preview:large","max-video-preview":"max-video-preview:-1"},"canonical":"https:\/\/yoopies.fr\/c\/garde-enfant\/les-modes-de-garde\/assistante-maternelle\/trouver-une-assistante-maternelle-couts-aides-et-guide-complet\/","og_locale":"fr_FR","og_type":"article","og_title":"Trouver une Assistante Maternelle : Co\u00fbts, Aides et Guide Complet | Blog","og_description":"Guide complet pour choisir une assistante maternelle : d\u00e9couvrez les co\u00fbts, aides financi\u00e8res, et d\u00e9marches pour d\u00e9claration. Utilisez Yoopies pour trouver la nounou id\u00e9ale et simplifier vos d\u00e9marches administratives. Tout pour une garde d'enfant optimale!","og_url":"https:\/\/yoopies.fr\/c\/garde-enfant\/les-modes-de-garde\/assistante-maternelle\/trouver-une-assistante-maternelle-couts-aides-et-guide-complet\/","og_site_name":"Le Blog Yoopies","article_modified_time":"2025-06-12T07:59:08+00:00","og_image":[{"width":600,"height":300,"url":"https:\/\/yoopies.fr\/c\/wp-content\/uploads\/2024\/05\/zlajmiol0zci9ato-261.jpg","type":"image\/jpeg"}],"twitter_card":"summary_large_image","twitter_misc":{"Dur\u00e9e de lecture estim\u00e9e":"7 minutes"},"schema":{"@context":"https:\/\/schema.org","@graph":[{"@type":"WebPage","@id":"https:\/\/yoopies.fr\/c\/garde-enfant\/les-modes-de-garde\/assistante-maternelle\/trouver-une-assistante-maternelle-couts-aides-et-guide-complet\/","url":"https:\/\/yoopies.fr\/c\/garde-enfant\/les-modes-de-garde\/assistante-maternelle\/trouver-une-assistante-maternelle-couts-aides-et-guide-complet\/","name":"Trouver une Assistante Maternelle : Co\u00fbts, Aides et Guide Complet | Blog","isPartOf":{"@id":"https:\/\/yoopies.fr\/c\/#website"},"primaryImageOfPage":{"@id":"https:\/\/yoopies.fr\/c\/garde-enfant\/les-modes-de-garde\/assistante-maternelle\/trouver-une-assistante-maternelle-couts-aides-et-guide-complet\/#primaryimage"},"image":{"@id":"https:\/\/yoopies.fr\/c\/garde-enfant\/les-modes-de-garde\/assistante-maternelle\/trouver-une-assistante-maternelle-couts-aides-et-guide-complet\/#primaryimage"},"thumbnailUrl":"https:\/\/yoopies.fr\/c\/wp-content\/uploads\/2024\/05\/zlajmiol0zci9ato-261.jpg","datePublished":"2024-05-24T13:00:11+00:00","dateModified":"2025-06-12T07:59:08+00:00","description":"Guide complet pour choisir une assistante maternelle : d\u00e9couvrez les co\u00fbts, aides financi\u00e8res, et d\u00e9marches pour d\u00e9claration. Utilisez Yoopies pour trouver la nounou id\u00e9ale et simplifier vos d\u00e9marches administratives. Tout pour une garde d'enfant optimale!","breadcrumb":{"@id":"https:\/\/yoopies.fr\/c\/garde-enfant\/les-modes-de-garde\/assistante-maternelle\/trouver-une-assistante-maternelle-couts-aides-et-guide-complet\/#breadcrumb"},"inLanguage":"fr-FR","potentialAction":[{"@type":"ReadAction","target":["https:\/\/yoopies.fr\/c\/garde-enfant\/les-modes-de-garde\/assistante-maternelle\/trouver-une-assistante-maternelle-couts-aides-et-guide-complet\/"]}]},{"@type":"ImageObject","inLanguage":"fr-FR","@id":"https:\/\/yoopies.fr\/c\/garde-enfant\/les-modes-de-garde\/assistante-maternelle\/trouver-une-assistante-maternelle-couts-aides-et-guide-complet\/#primaryimage","url":"https:\/\/yoopies.fr\/c\/wp-content\/uploads\/2024\/05\/zlajmiol0zci9ato-261.jpg","contentUrl":"https:\/\/yoopies.fr\/c\/wp-content\/uploads\/2024\/05\/zlajmiol0zci9ato-261.jpg","width":600,"height":300},{"@type":"BreadcrumbList","@id":"https:\/\/yoopies.fr\/c\/garde-enfant\/les-modes-de-garde\/assistante-maternelle\/trouver-une-assistante-maternelle-couts-aides-et-guide-complet\/#breadcrumb","itemListElement":[{"@type":"ListItem","position":1,"name":"Home","item":"https:\/\/yoopies.fr\/c\/"},{"@type":"ListItem","position":2,"name":"Garde d&rsquo;enfant","item":"https:\/\/yoopies.fr\/c\/garde-enfant\/"},{"@type":"ListItem","position":3,"name":"Les modes de gardees modes de garde : trouvez la solution id\u00e9ale pour votre enfantLes modes de garde","item":"https:\/\/yoopies.fr\/c\/garde-enfant\/les-modes-de-garde\/"},{"@type":"ListItem","position":4,"name":"Assistante maternelle","item":"https:\/\/yoopies.fr\/c\/garde-enfant\/les-modes-de-garde\/assistante-maternelle\/"},{"@type":"ListItem","position":5,"name":"Guide complet pour les parents \u00e0 la recherche d&rsquo;une assistante maternelle : co\u00fbts, aides et d\u00e9claration"}]},{"@type":"WebSite","@id":"https:\/\/yoopies.fr\/c\/#website","url":"https:\/\/yoopies.fr\/c\/","name":"Le Blog Yoopies","description":"","publisher":{"@id":"https:\/\/yoopies.fr\/c\/#organization"},"potentialAction":[{"@type":"SearchAction","target":{"@type":"EntryPoint","urlTemplate":"https:\/\/yoopies.fr\/c\/?s={search_term_string}"},"query-input":{"@type":"PropertyValueSpecification","valueRequired":true,"valueName":"search_term_string"}}],"inLanguage":"fr-FR"},{"@type":"Organization","@id":"https:\/\/yoopies.fr\/c\/#organization","name":"Le Blog Yoopies","url":"https:\/\/yoopies.fr\/c\/","logo":{"@type":"ImageObject","inLanguage":"fr-FR","@id":"https:\/\/yoopies.fr\/c\/#\/schema\/logo\/image\/","url":"https:\/\/yoopies.fr\/c\/wp-content\/uploads\/2025\/04\/cropped-Logo_Yoopies-2.png","contentUrl":"https:\/\/yoopies.fr\/c\/wp-content\/uploads\/2025\/04\/cropped-Logo_Yoopies-2.png","width":512,"height":512,"caption":"Le Blog Yoopies"},"image":{"@id":"https:\/\/yoopies.fr\/c\/#\/schema\/logo\/image\/"}}]}},"_links":{"self":[{"href":"https:\/\/yoopies.fr\/c\/wp-json\/wp\/v2\/pages\/558","targetHints":{"allow":["GET"]}}],"collection":[{"href":"https:\/\/yoopies.fr\/c\/wp-json\/wp\/v2\/pages"}],"about":[{"href":"https:\/\/yoopies.fr\/c\/wp-json\/wp\/v2\/types\/page"}],"author":[{"embeddable":true,"href":"https:\/\/yoopies.fr\/c\/wp-json\/wp\/v2\/users\/10"}],"replies":[{"embeddable":true,"href":"https:\/\/yoopies.fr\/c\/wp-json\/wp\/v2\/comments?post=558"}],"version-history":[{"count":1,"href":"https:\/\/yoopies.fr\/c\/wp-json\/wp\/v2\/pages\/558\/revisions"}],"predecessor-version":[{"id":562,"href":"https:\/\/yoopies.fr\/c\/wp-json\/wp\/v2\/pages\/558\/revisions\/562"}],"up":[{"embeddable":true,"href":"https:\/\/yoopies.fr\/c\/wp-json\/wp\/v2\/pages\/447"}],"wp:featuredmedia":[{"embeddable":true,"href":"https:\/\/yoopies.fr\/c\/wp-json\/wp\/v2\/media\/561"}],"wp:attachment":[{"href":"https:\/\/yoopies.fr\/c\/wp-json\/wp\/v2\/media?parent=558"}],"curies":[{"name":"wp","href":"https:\/\/api.w.org\/{rel}","templated":true}]}}