{"id":54,"date":"2024-06-11T15:33:49","date_gmt":"2024-06-11T15:33:49","guid":{"rendered":"https:\/\/blog.yoopies.fr\/lettre-de-motivation-aide-a-domicile\/"},"modified":"2025-06-12T07:58:56","modified_gmt":"2025-06-12T07:58:56","slug":"lettre-de-motivation-aide-a-domicile","status":"publish","type":"page","link":"https:\/\/yoopies.fr\/c\/lettre-de-motivation-aide-a-domicile\/","title":{"rendered":"Aide \u00e0 la personne : \u00c9crire une lettre de motivation d&rsquo;aide \u00e0 domicile"},"content":{"rendered":"<p><h4><strong>Vous souhaitez r&eacute;diger une annonce pour devenir aide &agrave; la personne ou dame de compagnie ?<\/strong><\/h4>\n<\/p>\n<h2><strong>Sommaire<\/strong><\/h2>\n<\/p>\n<ol>\n<li><strong><a href=\"https:\/\/#h2-2\">La premi&egrave;re &eacute;tape sur Yoopies pour &ecirc;tre aide &agrave; la personne?<\/a><\/strong><\/li>\n<li><strong><a href=\"https:\/\/#h2-3\">Votre annonce d&rsquo;aide &agrave; la personne, votre annonce dame de compagnie : comment l&rsquo;&eacute;crire ? ?<\/a><\/strong><\/li>\n<li><strong><a href=\"https:\/\/#h2-4\">Aide &agrave; la personne et dame de compagnie : ce que vous ne devez absolument pas oublier dans votre annonce. \u2705<\/a><\/strong><\/li>\n<li><strong><a href=\"https:\/\/#h2-5\">Les choses &agrave; &eacute;viter dans votre annonce et lettre de motivation d&rsquo;aide &agrave; domicile pour personnes &acirc;g&eacute;es ! \u26d4<\/a><\/strong><\/li>\n<li><strong><a href=\"https:\/\/#h2-6\">Aide &agrave; la personne : Des exemples d&rsquo;annonces pour mieux vous aider ! ?<\/a><\/strong><\/li>\n<\/ol>\n<h3><\/h3>\n<h4><\/h4>\n<p>Souhaitez-vous aider des personnes &acirc;g&eacute;es ou d&eacute;pendantes &agrave; leur domicile ? Vous poss&eacute;dez les comp&eacute;tences et le savoir-&ecirc;tre pour exercer ce job, &agrave; savoir faciliter la vie quotidienne &agrave; domicile des personnes &acirc;g&eacute;es ou des personnes d&eacute;pendantes, aider dans l&rsquo;accomplissement des t&acirc;ches quotidiennes, aider aux d&eacute;marches administratives, maintenir et stimuler l&rsquo;autonomie de la personne, apporter un soutien psychologique et intellectuel ? <\/p>\n<p>Il n&rsquo; y a rien de plus simple aujourd&rsquo;hui que de postuler sur Yoopies. La recherche est tr&egrave;s simple. Le site vous permet de trouver votre job en quelques clics, selon vos disponibilit&eacute;s, et gr&acirc;ce au syst&egrave;me de g&eacute;olocalisation. Les familles postent chaque jour des annonces sur <a target=\"_blank\" rel=\"noopener\" href=\"https:\/\/yoopies.fr\/\">Yoopies<\/a>, afin de trouver la perle rare !<\/p>\n<p>Mais avant de trouver votre famille,&nbsp;il faut savoir se vendre en attisant la curiosit&eacute; des familles pour vous faire confiance.<\/p>\n<p><strong>Vous avez besoin d&rsquo;un petit coup de main pour cr&eacute;er une annonce sur Yoopies et attirer l&rsquo;&oelig;il des familles ? Cette page est pour vous !<\/strong><\/p>\n<p class=\"block-img\"><img decoding=\"async\" src=\"https:\/\/yoopies.fr\/c\/wp-content\/uploads\/2024\/06\/408df4bc-d115-42b2-acfc-858135fa361b_pexels-andrea-piacquadio-379166428229.jpg\" alt=\"\"><\/p>\n<p>Avant de trouver des familles, il faut conna&icirc;tre les &eacute;l&eacute;ments indispensables pour cr&eacute;er votre annonce et &eacute;crire votre lettre de motivation d&rsquo;auxiliaire de vie, d&rsquo;aide &agrave; la personne ou encore pour &ecirc;tre dame de compagnie. Vous vous demandez quelle est la meilleure mani&egrave;re de se mettre en valeur ? Les r&eacute;ponses &agrave; vos questions, et bien plus encore, sont toutes dans cet article !<\/p>\n<h4><\/h4>\n<h2><strong>La premi&egrave;re &eacute;tape sur Yoopies pour &ecirc;tre aide &agrave; la personne?<\/strong><\/h2>\n<\/p>\n<p>Il faut d&rsquo;abord commencer par la r&eacute;daction d&rsquo;une annonce&hellip; bien r&eacute;dig&eacute;e ! C&rsquo;est la premi&egrave;re chose que les familles verront.<\/p>\n<p>C&rsquo;est tr&egrave;s simple ! Connectez-vous et cr&eacute;ez une annonce dans votre espace personnel avec une petite photo, votre tarif horaire, vos disponibilit&eacute;s et vos coordonn&eacute;es. En r&eacute;pondant aux demandes des familles par un petit message, vous profitez de la r&eacute;servation et du paiement s&eacute;curis&eacute; en ligne d&egrave;s la fin de votre mission d&rsquo;aide &agrave; la personne. Yoopies vous notifie m&ecirc;me par e-mail d&egrave;s que quelqu&rsquo;un s&rsquo;int&eacute;resse &agrave; votre profil ! Sachez que les familles ont besoin de se sentir rassur&eacute;es d&egrave;s le d&eacute;but. Votre annonce doit leur permettre de vous faire confiance. Donnez leur bonne impression d&egrave;s le d&eacute;but ! La premi&egrave;re impression est toujours la plus importante.<\/p>\n<\/p>\n<h2><strong>Votre annonce d&rsquo;aide &agrave; la personne, votre annonce dame de compagnie : comment l&rsquo;&eacute;crire ? ?<\/strong><\/h2>\n<\/p>\n<p>La description de votre profil est importante : vous &ecirc;tes un(e) &eacute;tudiant(e) &agrave; l&rsquo;universit&eacute; ? Vous &ecirc;tes maman ou papa ? Parlez ensuite de vos qualit&eacute;s et de votre int&eacute;r&ecirc;t pour l<a target=\"_blank\" rel=\"noopener\" href=\"https:\/\/yoopies.fr\/emploi-aide-a-domicile\">&lsquo;aide &agrave; domicile<\/a> (auxiliaire de vie, auxiliaire parentale, aide &agrave; la personne, ou la dame de compagnie). <\/p>\n<p>&Ecirc;tre auxiliaire de vie, aide &agrave; la personne, ou <a target=\"_blank\" rel=\"noopener\" href=\"https:\/\/yoopies.fr\/emploi-dame-de-compagnie\">dame de compagnie <\/a>est un job qui demande du s&eacute;rieux, du dynamisme et une organisation. Indiquez ensuite vos disponibilit&eacute;s : aide &agrave; la personne plut&ocirc;t occasionnelles ? aide &agrave; la personne r&eacute;guli&egrave;re ? dame de compagnie durant la semaine, le week-end ou les deux ? pendant les vacances ?<\/p>\n<p>&Ecirc;tre aide &agrave; la personne requiert de <a target=\"_blank\" rel=\"noopener\" href=\"https:\/\/yoopies.fr\/c\/qualites-aide-a-la-personne\/\">nombreuses qualit&eacute;s<\/a> : un comportement irr&eacute;prochable car vous entrez dans l&rsquo;intimit&eacute; de votre client, une grande discr&eacute;tion, et une pr&eacute;caution particuli&egrave;re pour prendre soin de la personne ainsi que de l&rsquo;espace qui vous est confi&eacute;. Votre but est de rassurer la personne devant vous, ainsi que sa famille. Montrez-leur que vous &ecirc;tes la perle rare ! Une fois la description de votre profil finie, il est temps de parler de vos exp&eacute;riences. Avez-vous des dipl&ocirc;mes ? Avez-vous d&eacute;j&agrave; aid&eacute; des personnes &acirc;g&eacute;es ou d&eacute;pendantes chez d&rsquo;autres familles ? Comment avez-vous v&eacute;cu cette exp&eacute;rience ? Quels sont vos points forts ? C&rsquo;est une partie tr&egrave;s importante donc prenez le temps de bien la r&eacute;diger. Plus votre annonce est compl&egrave;te, plus vous serez contact&eacute; rapidement.<\/p>\n<\/p>\n<h2><strong>Aide &agrave; la personne et dame de compagnie : ce que vous ne devez absolument pas oublier dans votre annonce. \u2705<\/strong><\/h2>\n<ul>\n<li>Une pr&eacute;sentation&nbsp;en pr&eacute;cisant votre nom, pr&eacute;nom, &acirc;ge et ce que vous faites dans la vie. <\/li>\n<li>Les exp&eacute;riences&nbsp;avec les personnes &acirc;g&eacute;es et\/ou d&eacute;pendantes. Cela vous donnera une cr&eacute;dibilit&eacute; suppl&eacute;mentaire. Vous pouvez contacter les personnes avec qui vous avez travaill&eacute; dans le pass&eacute;, demander un feedback et le mentionner dans votre CV auxiliaire de vie.<\/li>\n<li>D&eacute;crivez ce que vous pouvez offrir de sp&eacute;cial pour cr&eacute;er la surprise : aides dans les d&eacute;marches administratives, activit&eacute;s telles que le karaok&eacute;, la danse etc. Anticipez les besoins de la famille en leur offrant vos comp&eacute;tences pour &ecirc;tre aide &agrave; domicile pour personnes &acirc;g&eacute;es.<\/li>\n<li>Pr&eacute;cisez vos&nbsp;disponibilit&eacute;s exactes en sp&eacute;cifiant si vous &ecirc;tes quelqu&rsquo;un de flexible.<\/li>\n<\/ul>\n<h2><strong>Les choses &agrave; &eacute;viter dans votre annonce et lettre de motivation d&rsquo;aide &agrave; domicile pour personnes &acirc;g&eacute;es ! \u26d4<\/strong><\/h2>\n<ul>\n<li>&Eacute;vitez les phrases n&eacute;gatives. Il vaut mieux dire par exemple \u00ab\u00a0Je suis disponible tous les apr&egrave;s-midis pour m&rsquo;occuper de vos parents d&eacute;pendants en tant qu&rsquo;aide &agrave; la personne\u00a0\u00bb, que de dire \u00ab\u00a0Je ne suis pas disponible les matins\u00a0\u00bb.<\/li>\n<li>&Eacute;vitez les phrases telles que : \u00ab\u00a0Je cherche un job de toute urgence\u00a0\u00bb. Les familles appr&eacute;cient rarement ce genre de formulation. &Eacute;crivez plut&ocirc;t, \u00ab\u00a0Je peux facilement r&eacute;pondre &agrave; vos besoins car j&rsquo;ai beaucoup de temps libre &agrave; passer avec les personnes &acirc;g&eacute;es ou d&eacute;pendantes\u00a0\u00bb.<\/li>\n<li>Ce n&rsquo;est pas grave d&rsquo;avoir aucune exp&eacute;rience avec les personnes &acirc;g&eacute;es mais ne le mentionnez pas sp&eacute;cifiquement.&nbsp;Si vous avez des grands-parents dont vous vous &ecirc;tes occup&eacute;s par exemple, il est bien de le pr&eacute;ciser. Autrement, expliquez pourquoi il est important pour vous de s&rsquo;occuper des personnes &acirc;g&eacute;es et des personnes d&eacute;pendantes. &Eacute;vitez les phrases telle que : \u00ab\u00a0Je ne me suis jamais occup&eacute;e de personnes &acirc;g&eacute;es, mais je peux aider pour les courses ou autres.\u00a0\u00bb <\/li>\n<li>Surtout, ne mentez pas&nbsp;dans votre annonce car les mensonges m&egrave;neront au d&eacute;sastre. Soyez honn&ecirc;te autant que possible.<\/li>\n<\/ul>\n<h2><strong>Aide &agrave; la personne : Des exemples d&rsquo;annonces pour mieux vous aider ! ?<\/strong><\/h2>\n<\/p>\n<h4><strong>Voici un exemple d&rsquo;annonce d&rsquo;une femme souhaitant &ecirc;tre aide &agrave; la personne sur Yoopies !<\/strong><\/h4>\n<\/p>\n<p>\u00ab\u00a0Bonjour, je m&rsquo;appelle XX, je suis &acirc;g&eacute;e de 44 ans et voici ma lettre de motivation d&rsquo;aide &agrave; domicile.<br \/>\nPassionn&eacute;e par mon m&eacute;tier, mon exp&eacute;rience de plus de 20 ans dans l&rsquo;h&ocirc;tellerie de luxe m&rsquo;a permis de d&eacute;velopper un grand sens du service. En effet, j&rsquo;ai appris &agrave; anticiper les besoins d&rsquo;une client&egrave;le pointilleuse et y r&eacute;pondre efficacement. Autonome et polyvalente, je sais &eacute;galement mener de front une grande diversit&eacute; de t&acirc;ches, impliquant notamment la mise en &oelig;uvre de mes connaissances en art de la table, en cuisine et en &oelig;nologie, mon sens de l&rsquo;organisation et de l&rsquo;improvisation. Discr&egrave;te et fiable, je sais me rendre disponible sans m&rsquo;imposer.<br \/>\nAujourd&rsquo;hui, &agrave; ce tournant de ma vie, j&rsquo;aimerai pouvoir apporter l&rsquo;ensemble de mes comp&eacute;tences au service d&rsquo;une personne &acirc;g&eacute;e ou d&eacute;pendante pour les accompagner dans leur quotidien et me sentir ainsi utile diff&eacute;remment. &nbsp;Je me suis occup&eacute;e de ma m&egrave;re et de ma famille pendant plusieurs ann&eacute;es. Je peux prendre en charge les repas, les courses, le m&eacute;nage. J&rsquo;aime discuter avec les personnes sur tous les sujets, culture, actualit&eacute;s. Je suis disponible tous les jours, y compris les week-ends. <br \/>\nEnfin, c&rsquo;est avec plaisir que je vous rencontrerai pour vous exposer de vive voix l&rsquo;ensemble de mes motivations et vous convaincre que je poss&egrave;de bien les qualit&eacute;s requises pour faire de votre mission la mienne. <\/p>\n<\/p>\n<h4><strong>Voici un exemple d&rsquo;annonce dame de compagnie sur Yoopies ! <\/strong><\/h4>\n<\/p>\n<p>Bonjour, disponible, je vous propose ma lettre de motivation d&rsquo;aide &agrave; domicile. je propose mes services comme dame de compagnie &agrave; domicile et en maison de retraite. J&rsquo;ai 25 ans. Je suis titulaire d&rsquo;un Brevet d&rsquo;&eacute;tudes professionnelles Carri&egrave;res Sanitaires et Sociales, d&rsquo;un Baccalaur&eacute;at professionnel Services de proximit&eacute; et vie locale et du Brevet Professionnel de la Jeunesse, de l&rsquo;&Eacute;ducation Populaire et du Sport sp&eacute;cialit&eacute; Animation sociale .<br \/>\nJ&rsquo;ai trois ans d&rsquo;exp&eacute;rience comme animatrice d&rsquo;atelier en maison de retraite. J&rsquo;ai aussi fait un service civique pour le Centre communal d&rsquo;action sociale de Cagnes-sur-Mer afin d&rsquo;aider les personnes &acirc;g&eacute;es isol&eacute;es de la commune pour faire des courses, des promenades en toute s&eacute;curit&eacute;, amener au rendez-vous m&eacute;dicaux et discuter plusieurs heures afin de rompre l&rsquo;isolement. Contactez-moi pour conna&icirc;tre les informations sur le tarif de dame de compagnie. Je suis &agrave; l&rsquo;&eacute;coute, impliqu&eacute;e et soucieuse du bien-&ecirc;tre de la personne &acirc;g&eacute;e. Je travaille aussi actuellement comme aide &agrave; domicile pour une association &agrave; temps-partiel. Je suis disponible tous les jours de la semaine de 8h &agrave; 20h. J&rsquo;aime la danse orientale, les m&eacute;decines douces et la lecture. Les t&acirc;ches que je peux r&eacute;aliser en tant que dame de compagnie sont les suivantes : gestion du courrier, classement des documents, accompagnement lors de diverses activit&eacute;s, faire le m&eacute;nage, lavage du linge, pr&eacute;paration des repas, accompagnement dans les sorties, faire les courses\/pharmacie, aide &agrave; la toilette, aide au lever et au coucher, aide &agrave; la prise des repas, aide &agrave; la prise des m&eacute;dicaments. Je suis v&eacute;hicul&eacute;e. Je vous remercie pour le temps accord&eacute; &agrave; la lecture de mon annonce dame de compagnie. C&rsquo;est avec plaisir que je serai disponible pour vous parler de vive-voix de mes motivations et vous convaincre que je suis la dame de compagnie &agrave; domicile qu&rsquo;il vous faut. <\/p>\n<\/p>\n<p><strong>Vous avez tout ce qu&rsquo;il faut, avec tous ces conseils, pour bien r&eacute;diger votre annonce. Prenez bien votre temps, c&rsquo;est tr&egrave;s important !<\/strong><\/p>\n<\/p>\n<p><a class=\"button\" href=\"https:\/\/yoopies.fr\/aide-a-domicile\">Trouvez une aide \u00e0 la personne pour s&rsquo;occuper de vos proches d\u00e9pendants et isol\u00e9s.<\/a><\/p>\n<p><p>Consultez &eacute;galement les articles <a target=\"_blank\" rel=\"noopener\" href=\"https:\/\/yoopies.fr\/c\/garde-enfant\/les-modes-de-garde\/babysitting\/annonce-baby-sitting-lettre-de-motivation-garde-d-enfant\/\">baby sitting annonce<\/a> ; <a target=\"_blank\" rel=\"noopener\" href=\"https:\/\/yoopies.fr\/c\/garde-enfant\/les-modes-de-garde\/assistante-maternelle\/annonce-assistante-maternelle\/\">annonce assistante maternelle<\/a> ;<a target=\"_blank\" rel=\"noopener\" href=\"https:\/\/yoopies.fr\/c\/annonce-garde-animaux\/\"> annonce garde d&rsquo;animaux<\/a>, <a target=\"_blank\" rel=\"noopener\" href=\"https:\/\/yoopies.fr\/c\/annonces-cours-particuliers\/\">annonce cours particuliers<\/a> et <a target=\"_blank\" rel=\"noopener\" href=\"https:\/\/yoopies.fr\/c\/annonces-aide-menagere\/\">annonce femme de m&eacute;nage<\/a><\/p><\/p>\n","protected":false},"excerpt":{"rendered":"<p>Vous souhaitez r&eacute;diger une annonce pour devenir aide &agrave; la personne ou dame de compagnie ? Sommaire La premi&egrave;re &eacute;tape &hellip; <\/p>\n","protected":false},"author":10,"featured_media":56,"parent":0,"menu_order":0,"comment_status":"closed","ping_status":"closed","template":"","meta":{"_acf_changed":false,"footnotes":""},"class_list":["post-54","page","type-page","status-publish","has-post-thumbnail","hentry"],"acf":[],"yoast_head":"<!-- This site is optimized with the Yoast SEO plugin v26.9 - https:\/\/yoast.com\/product\/yoast-seo-wordpress\/ -->\n<title>Aide \u00e0 la personne : \u00c9crire une lettre de motivation d&#039;aide \u00e0 domicile avec Yoopies<\/title>\n<meta name=\"description\" content=\"Pour r\u00e9diger votre lettre de motivation d&#039;aide \u00e0 domicile, expliquez qui vous \u00eates, ce que vous faites et ce que vous proposez de mani\u00e8re concise, en suivant tous nos conseils.\" \/>\n<meta name=\"robots\" content=\"index, follow, max-snippet:-1, max-image-preview:large, max-video-preview:-1\" \/>\n<link rel=\"canonical\" href=\"https:\/\/yoopies.fr\/c\/lettre-de-motivation-aide-a-domicile\/\" \/>\n<meta property=\"og:locale\" content=\"fr_FR\" \/>\n<meta property=\"og:type\" content=\"article\" \/>\n<meta property=\"og:title\" content=\"Aide \u00e0 la personne : \u00c9crire une lettre de motivation d&#039;aide \u00e0 domicile avec Yoopies\" \/>\n<meta property=\"og:description\" content=\"Pour r\u00e9diger votre lettre de motivation d&#039;aide \u00e0 domicile, expliquez qui vous \u00eates, ce que vous faites et ce que vous proposez de mani\u00e8re concise, en suivant tous nos conseils.\" \/>\n<meta property=\"og:url\" content=\"https:\/\/yoopies.fr\/c\/lettre-de-motivation-aide-a-domicile\/\" \/>\n<meta property=\"og:site_name\" content=\"Le Blog Yoopies\" \/>\n<meta property=\"article:modified_time\" content=\"2025-06-12T07:58:56+00:00\" \/>\n<meta property=\"og:image\" content=\"https:\/\/yoopies.fr\/c\/wp-content\/uploads\/2024\/06\/408df4bc-d115-42b2-acfc-858135fa361b-pexels-andrea-piacquadio-379166428229.jpg\" \/>\n\t<meta property=\"og:image:width\" content=\"1200\" \/>\n\t<meta property=\"og:image:height\" content=\"800\" \/>\n\t<meta property=\"og:image:type\" content=\"image\/jpeg\" \/>\n<meta name=\"twitter:card\" content=\"summary_large_image\" \/>\n<meta name=\"twitter:label1\" content=\"Dur\u00e9e de lecture estim\u00e9e\" \/>\n\t<meta name=\"twitter:data1\" content=\"10 minutes\" \/>\n<script type=\"application\/ld+json\" class=\"yoast-schema-graph\">{\"@context\":\"https:\/\/schema.org\",\"@graph\":[{\"@type\":\"WebPage\",\"@id\":\"https:\/\/yoopies.fr\/c\/lettre-de-motivation-aide-a-domicile\/\",\"url\":\"https:\/\/yoopies.fr\/c\/lettre-de-motivation-aide-a-domicile\/\",\"name\":\"Aide \u00e0 la personne : \u00c9crire une lettre de motivation d'aide \u00e0 domicile avec Yoopies\",\"isPartOf\":{\"@id\":\"https:\/\/yoopies.fr\/c\/#website\"},\"primaryImageOfPage\":{\"@id\":\"https:\/\/yoopies.fr\/c\/lettre-de-motivation-aide-a-domicile\/#primaryimage\"},\"image\":{\"@id\":\"https:\/\/yoopies.fr\/c\/lettre-de-motivation-aide-a-domicile\/#primaryimage\"},\"thumbnailUrl\":\"https:\/\/yoopies.fr\/c\/wp-content\/uploads\/2024\/06\/408df4bc-d115-42b2-acfc-858135fa361b-pexels-andrea-piacquadio-379166428229.jpg\",\"datePublished\":\"2024-06-11T15:33:49+00:00\",\"dateModified\":\"2025-06-12T07:58:56+00:00\",\"description\":\"Pour r\u00e9diger votre lettre de motivation d'aide \u00e0 domicile, expliquez qui vous \u00eates, ce que vous faites et ce que vous proposez de mani\u00e8re concise, en suivant tous nos conseils.\",\"breadcrumb\":{\"@id\":\"https:\/\/yoopies.fr\/c\/lettre-de-motivation-aide-a-domicile\/#breadcrumb\"},\"inLanguage\":\"fr-FR\",\"potentialAction\":[{\"@type\":\"ReadAction\",\"target\":[\"https:\/\/yoopies.fr\/c\/lettre-de-motivation-aide-a-domicile\/\"]}]},{\"@type\":\"ImageObject\",\"inLanguage\":\"fr-FR\",\"@id\":\"https:\/\/yoopies.fr\/c\/lettre-de-motivation-aide-a-domicile\/#primaryimage\",\"url\":\"https:\/\/yoopies.fr\/c\/wp-content\/uploads\/2024\/06\/408df4bc-d115-42b2-acfc-858135fa361b-pexels-andrea-piacquadio-379166428229.jpg\",\"contentUrl\":\"https:\/\/yoopies.fr\/c\/wp-content\/uploads\/2024\/06\/408df4bc-d115-42b2-acfc-858135fa361b-pexels-andrea-piacquadio-379166428229.jpg\",\"width\":1200,\"height\":800},{\"@type\":\"BreadcrumbList\",\"@id\":\"https:\/\/yoopies.fr\/c\/lettre-de-motivation-aide-a-domicile\/#breadcrumb\",\"itemListElement\":[{\"@type\":\"ListItem\",\"position\":1,\"name\":\"Home\",\"item\":\"https:\/\/yoopies.fr\/c\/\"},{\"@type\":\"ListItem\",\"position\":2,\"name\":\"Aide \u00e0 la personne : \u00c9crire une lettre de motivation d&rsquo;aide \u00e0 domicile\"}]},{\"@type\":\"WebSite\",\"@id\":\"https:\/\/yoopies.fr\/c\/#website\",\"url\":\"https:\/\/yoopies.fr\/c\/\",\"name\":\"Le Blog Yoopies\",\"description\":\"\",\"publisher\":{\"@id\":\"https:\/\/yoopies.fr\/c\/#organization\"},\"potentialAction\":[{\"@type\":\"SearchAction\",\"target\":{\"@type\":\"EntryPoint\",\"urlTemplate\":\"https:\/\/yoopies.fr\/c\/?s={search_term_string}\"},\"query-input\":{\"@type\":\"PropertyValueSpecification\",\"valueRequired\":true,\"valueName\":\"search_term_string\"}}],\"inLanguage\":\"fr-FR\"},{\"@type\":\"Organization\",\"@id\":\"https:\/\/yoopies.fr\/c\/#organization\",\"name\":\"Le Blog Yoopies\",\"url\":\"https:\/\/yoopies.fr\/c\/\",\"logo\":{\"@type\":\"ImageObject\",\"inLanguage\":\"fr-FR\",\"@id\":\"https:\/\/yoopies.fr\/c\/#\/schema\/logo\/image\/\",\"url\":\"https:\/\/yoopies.fr\/c\/wp-content\/uploads\/2025\/04\/cropped-Logo_Yoopies-2.png\",\"contentUrl\":\"https:\/\/yoopies.fr\/c\/wp-content\/uploads\/2025\/04\/cropped-Logo_Yoopies-2.png\",\"width\":512,\"height\":512,\"caption\":\"Le Blog Yoopies\"},\"image\":{\"@id\":\"https:\/\/yoopies.fr\/c\/#\/schema\/logo\/image\/\"}}]}<\/script>\n<!-- \/ Yoast SEO plugin. -->","yoast_head_json":{"title":"Aide \u00e0 la personne : \u00c9crire une lettre de motivation d'aide \u00e0 domicile avec Yoopies","description":"Pour r\u00e9diger votre lettre de motivation d'aide \u00e0 domicile, expliquez qui vous \u00eates, ce que vous faites et ce que vous proposez de mani\u00e8re concise, en suivant tous nos conseils.","robots":{"index":"index","follow":"follow","max-snippet":"max-snippet:-1","max-image-preview":"max-image-preview:large","max-video-preview":"max-video-preview:-1"},"canonical":"https:\/\/yoopies.fr\/c\/lettre-de-motivation-aide-a-domicile\/","og_locale":"fr_FR","og_type":"article","og_title":"Aide \u00e0 la personne : \u00c9crire une lettre de motivation d'aide \u00e0 domicile avec Yoopies","og_description":"Pour r\u00e9diger votre lettre de motivation d'aide \u00e0 domicile, expliquez qui vous \u00eates, ce que vous faites et ce que vous proposez de mani\u00e8re concise, en suivant tous nos conseils.","og_url":"https:\/\/yoopies.fr\/c\/lettre-de-motivation-aide-a-domicile\/","og_site_name":"Le Blog Yoopies","article_modified_time":"2025-06-12T07:58:56+00:00","og_image":[{"width":1200,"height":800,"url":"https:\/\/yoopies.fr\/c\/wp-content\/uploads\/2024\/06\/408df4bc-d115-42b2-acfc-858135fa361b-pexels-andrea-piacquadio-379166428229.jpg","type":"image\/jpeg"}],"twitter_card":"summary_large_image","twitter_misc":{"Dur\u00e9e de lecture estim\u00e9e":"10 minutes"},"schema":{"@context":"https:\/\/schema.org","@graph":[{"@type":"WebPage","@id":"https:\/\/yoopies.fr\/c\/lettre-de-motivation-aide-a-domicile\/","url":"https:\/\/yoopies.fr\/c\/lettre-de-motivation-aide-a-domicile\/","name":"Aide \u00e0 la personne : \u00c9crire une lettre de motivation d'aide \u00e0 domicile avec Yoopies","isPartOf":{"@id":"https:\/\/yoopies.fr\/c\/#website"},"primaryImageOfPage":{"@id":"https:\/\/yoopies.fr\/c\/lettre-de-motivation-aide-a-domicile\/#primaryimage"},"image":{"@id":"https:\/\/yoopies.fr\/c\/lettre-de-motivation-aide-a-domicile\/#primaryimage"},"thumbnailUrl":"https:\/\/yoopies.fr\/c\/wp-content\/uploads\/2024\/06\/408df4bc-d115-42b2-acfc-858135fa361b-pexels-andrea-piacquadio-379166428229.jpg","datePublished":"2024-06-11T15:33:49+00:00","dateModified":"2025-06-12T07:58:56+00:00","description":"Pour r\u00e9diger votre lettre de motivation d'aide \u00e0 domicile, expliquez qui vous \u00eates, ce que vous faites et ce que vous proposez de mani\u00e8re concise, en suivant tous nos conseils.","breadcrumb":{"@id":"https:\/\/yoopies.fr\/c\/lettre-de-motivation-aide-a-domicile\/#breadcrumb"},"inLanguage":"fr-FR","potentialAction":[{"@type":"ReadAction","target":["https:\/\/yoopies.fr\/c\/lettre-de-motivation-aide-a-domicile\/"]}]},{"@type":"ImageObject","inLanguage":"fr-FR","@id":"https:\/\/yoopies.fr\/c\/lettre-de-motivation-aide-a-domicile\/#primaryimage","url":"https:\/\/yoopies.fr\/c\/wp-content\/uploads\/2024\/06\/408df4bc-d115-42b2-acfc-858135fa361b-pexels-andrea-piacquadio-379166428229.jpg","contentUrl":"https:\/\/yoopies.fr\/c\/wp-content\/uploads\/2024\/06\/408df4bc-d115-42b2-acfc-858135fa361b-pexels-andrea-piacquadio-379166428229.jpg","width":1200,"height":800},{"@type":"BreadcrumbList","@id":"https:\/\/yoopies.fr\/c\/lettre-de-motivation-aide-a-domicile\/#breadcrumb","itemListElement":[{"@type":"ListItem","position":1,"name":"Home","item":"https:\/\/yoopies.fr\/c\/"},{"@type":"ListItem","position":2,"name":"Aide \u00e0 la personne : \u00c9crire une lettre de motivation d&rsquo;aide \u00e0 domicile"}]},{"@type":"WebSite","@id":"https:\/\/yoopies.fr\/c\/#website","url":"https:\/\/yoopies.fr\/c\/","name":"Le Blog Yoopies","description":"","publisher":{"@id":"https:\/\/yoopies.fr\/c\/#organization"},"potentialAction":[{"@type":"SearchAction","target":{"@type":"EntryPoint","urlTemplate":"https:\/\/yoopies.fr\/c\/?s={search_term_string}"},"query-input":{"@type":"PropertyValueSpecification","valueRequired":true,"valueName":"search_term_string"}}],"inLanguage":"fr-FR"},{"@type":"Organization","@id":"https:\/\/yoopies.fr\/c\/#organization","name":"Le Blog Yoopies","url":"https:\/\/yoopies.fr\/c\/","logo":{"@type":"ImageObject","inLanguage":"fr-FR","@id":"https:\/\/yoopies.fr\/c\/#\/schema\/logo\/image\/","url":"https:\/\/yoopies.fr\/c\/wp-content\/uploads\/2025\/04\/cropped-Logo_Yoopies-2.png","contentUrl":"https:\/\/yoopies.fr\/c\/wp-content\/uploads\/2025\/04\/cropped-Logo_Yoopies-2.png","width":512,"height":512,"caption":"Le Blog Yoopies"},"image":{"@id":"https:\/\/yoopies.fr\/c\/#\/schema\/logo\/image\/"}}]}},"_links":{"self":[{"href":"https:\/\/yoopies.fr\/c\/wp-json\/wp\/v2\/pages\/54","targetHints":{"allow":["GET"]}}],"collection":[{"href":"https:\/\/yoopies.fr\/c\/wp-json\/wp\/v2\/pages"}],"about":[{"href":"https:\/\/yoopies.fr\/c\/wp-json\/wp\/v2\/types\/page"}],"author":[{"embeddable":true,"href":"https:\/\/yoopies.fr\/c\/wp-json\/wp\/v2\/users\/10"}],"replies":[{"embeddable":true,"href":"https:\/\/yoopies.fr\/c\/wp-json\/wp\/v2\/comments?post=54"}],"version-history":[{"count":1,"href":"https:\/\/yoopies.fr\/c\/wp-json\/wp\/v2\/pages\/54\/revisions"}],"predecessor-version":[{"id":57,"href":"https:\/\/yoopies.fr\/c\/wp-json\/wp\/v2\/pages\/54\/revisions\/57"}],"wp:featuredmedia":[{"embeddable":true,"href":"https:\/\/yoopies.fr\/c\/wp-json\/wp\/v2\/media\/56"}],"wp:attachment":[{"href":"https:\/\/yoopies.fr\/c\/wp-json\/wp\/v2\/media?parent=54"}],"curies":[{"name":"wp","href":"https:\/\/api.w.org\/{rel}","templated":true}]}}