{"id":527,"date":"2024-06-11T14:10:50","date_gmt":"2024-06-11T14:10:50","guid":{"rendered":"https:\/\/blog.yoopies.fr\/garde-enfant\/les-modes-de-garde\/assistante-maternelle\/assistante-maternelle-8-qualites-requises\/"},"modified":"2025-06-12T07:59:09","modified_gmt":"2025-06-12T07:59:09","slug":"assistante-maternelle-8-qualites-requises","status":"publish","type":"page","link":"https:\/\/yoopies.fr\/c\/garde-enfant\/les-modes-de-garde\/assistante-maternelle\/assistante-maternelle-8-qualites-requises\/","title":{"rendered":"Top 8 des qualit\u00e9s requises pour \u00eatre une bonne assistante maternelle"},"content":{"rendered":"<p><p>Plus qu&rsquo;un simple m&eacute;tier, devenir assistante maternelle est une v&eacute;ritable vocation et un choix qui ne se prend pas &agrave; la l&eacute;g&egrave;re ! Il ne suffit pas d&rsquo;aimer les enfants, il faudra &eacute;galement faire preuve d&rsquo;une grande patience, d&rsquo;un bon sens de l&rsquo;organisation, mais aussi d&rsquo;une tr&egrave;s bonne condition physique. <strong>D&eacute;couvrez dans cet article le profil id&eacute;al et les qualit&eacute;s requises pour devenir assistante maternelle.<\/strong><\/p>\n<p class=\"block-img\"><img decoding=\"async\" src=\"https:\/\/yoopies.fr\/c\/wp-content\/uploads\/2024\/06\/056bfeff-08b2-4f66-a3f9-830e9a518afc_5ebcee62-3698-4611-880e-08ff89457769_Sans2Btitre28129.jpg\" alt=\"\"><\/p>\n<\/p>\n<p><h2><strong>Assistante maternelle : Niveau scolaire et formation<\/strong><\/h2>\n<\/p>\n<p>Si aucun dipl&ocirc;me n&rsquo;est requis pour <a target=\"_blank\" rel=\"noopener\" href=\"https:\/\/yoopies.fr\/c\/garde-enfant\/les-modes-de-garde\/assistante-maternelle\/salaire-assistante-maternelle-2021\/\">devenir assistante maternelle<\/a>, la future professionnelle ne pourra toutefois exercer sans avoir au pr&eacute;alable obtenu un agr&eacute;ment du Conseil G&eacute;n&eacute;ral au terme d&rsquo;une<a target=\"_blank\" rel=\"noopener\" href=\"https:\/\/yoopies.fr\/c\/garde-enfant\/les-modes-de-garde\/assistante-maternelle\/salaire-assistante-maternelle-2021\/\"> formation d&rsquo;assistante maternelle <\/a>obligatoire de 120 heures. Les assistantes maternelles en exercice sont par ailleurs encourag&eacute;es &agrave; suivre des formations sp&eacute;cifiques li&eacute;es &agrave; la petite enfance afin de d&eacute;velopper de nouvelles cordes &agrave; leur arc : am&eacute;nagement et s&eacute;curisation de l&rsquo;espace professionnel, alimentation et nutrition, gestion de la relation avec ses employeurs etc&hellip; <\/p>\n<\/p>\n<h2><strong>Assistante maternelle : les 8 qualit&eacute;s requises <\/strong><\/h2>\n<p>Il serait b&eacute;n&eacute;fique de parler de vos qualit&eacute;s dans votre <a target=\"_blank\" rel=\"noopener\" href=\"https:\/\/yoopies.fr\/c\/garde-enfant\/les-modes-de-garde\/assistante-maternelle\/annonce-assistante-maternelle\/\">annonce assistante maternelle <\/a>ou votre lettre de motivation assistante maternelle. Pour vous aider, voici les 8 qualit&eacute;s requises pour &ecirc;tre la meilleure <a target=\"_blank\" rel=\"noopener\" href=\"https:\/\/yoopies.fr\/assistante-maternelle\/paris\">assistante maternelle agr&eacute;&eacute;e<\/a>. <\/p>\n<\/p>\n<p><strong>1) La patience d&rsquo;une assistante maternelle <br \/>\n<\/strong>La patience est sans nulle doute la qualit&eacute; premi&egrave;re d&rsquo;une bonne assistante maternelle. Les journ&eacute;es d&rsquo;une assistante maternelle se suivent mais ne se ressemblent pas et peuvent chacune apporter leur lot de pleurs, caprices, col&egrave;res de la part de tout-petits bourr&eacute;s d&rsquo;&eacute;nergie et parfois turbulents. L&rsquo;assistante maternelle doit donc savoir garder son calme et son sang-froid en toutes circonstances.\n<\/p>\n<p><strong>2) L&rsquo;empathie et la bienveillance d&rsquo;une assistante maternelle <br \/>\n<\/strong>Une fois leurs parents partis, l&rsquo;assistante maternelle devient l&rsquo;unique point de rep&egrave;re des bouts de choux dont elle s&rsquo;occupe. Elle devra donc se montrer attentive &agrave; leurs besoins et savoir les rassurer et les consoler en cas de chute, bobo, chagrin ou encore dispute avec un camarade. Les enfants ayant parfois du mal &agrave; g&eacute;rer leurs &eacute;motions, l&rsquo;assistante maternelle devra veiller &agrave; ce qu&rsquo;ils se sentent &eacute;cout&eacute;s et compris &agrave; tout moment.<\/p>\n<\/p>\n<p><strong>3) La vigilance et le sens des responsabilit&eacute;s d&rsquo;une assistante maternelle <br \/>\n<\/strong>S&rsquo;occuper d&rsquo;enfants, surtout de tout-petits, implique de grandes responsabilit&eacute;s. En effet, la moindre erreur ou le moindre moment d&rsquo;inattention peut avoir des cons&eacute;quences d&eacute;sastreuses. L&rsquo;assistante maternelle devra donc faire preuve d&rsquo;une grande vigilance et prendre son m&eacute;tier tr&egrave;s au s&eacute;rieux afin d&rsquo;apporter aux enfants la s&eacute;curit&eacute;, le soin et le confort n&eacute;cessaires &agrave; leur &eacute;panouissement. Elle veillera continuellement &agrave; pr&eacute;venir tout risque d&rsquo;accident tout en favorisant leur &eacute;veil et le d&eacute;veloppement de leur autonomie.\n<\/p>\n<p><strong>4) L&rsquo;endurance d&rsquo;une assistante maternelle <br \/>\n<\/strong>Porter les enfants plusieurs fois par jour, les transf&eacute;rer de la chaise haute au lit, les accompagner dans leurs jeux, ranger les jouets, manipuler landaus et poussettes etc&hellip; Les activit&eacute;s li&eacute;es au m&eacute;tier d&rsquo;assistante maternelle peuvent &ecirc;tre &eacute;prouvantes et n&eacute;cessitent une tr&egrave;s bonne condition physique. Cette profession est ainsi d&eacute;conseill&eacute;e en cas de douleurs dorsales ou de probl&egrave;mes d&rsquo;articulations notamment.\n<\/p>\n<p><strong>5) Le sens de la p&eacute;dagogie d&rsquo;une assistante maternelle <br \/>\n<\/strong>L&rsquo;assistante maternelle n&rsquo;est pas simplement l&agrave; pour assurer le confort et la s&eacute;curit&eacute; des tout-petits. Elle a &eacute;galement pour mission de relayer les parents dans leur r&ocirc;le d&rsquo;&eacute;ducation et d&rsquo;&eacute;veil. La professionnelle devra donc &ecirc;tre capable de proposer des activit&eacute;s permettant aux enfants de grandir, d&rsquo;apprendre, de se socialiser et de d&eacute;velopper leurs capacit&eacute;s verbales et intellectuelles. Pour cela, elle devra faire preuve d&rsquo;une grande imagination et d&rsquo;une bonne dose de cr&eacute;ativit&eacute;.\n<\/p>\n<p><strong>6) Une bonne capacit&eacute; d&rsquo;organisation et le sens de l&rsquo;autonomie d&rsquo;une assistante maternelle <br \/>\n<\/strong>L&rsquo;assistante maternelle devra organiser ses journ&eacute;es en fonction de l&rsquo;&acirc;ge, du rythme biologique, et de la personnalit&eacute; de chacun des enfants qu&rsquo;elle garde. Un b&eacute;b&eacute; de 3 mois n&rsquo;aura pas les m&ecirc;mes besoins qu&rsquo;un petit de 2 ans. Le sens de l&rsquo;organisation est donc primordial pour pouvoir exercer ce m&eacute;tier. Par ailleurs, les assistantes maternelles doivent aimer travailler seules de chez elles, en toute autonomie.\n<\/p>\n<p><strong>7) Un bon relationnel d&rsquo;une assistante maternelle <br \/>\n<\/strong>Dans le m&eacute;tier d&rsquo;assistante maternelle, les parents sont parfois plus difficiles &agrave; g&eacute;rer que les enfants ! Il est essentiel que la professionnelle soit capable d&rsquo;&eacute;tablir d&egrave;s le d&eacute;part une relation de confiance avec ses employeurs. Elle devra se montrer diplomate, agir avec tact et faire preuve de compr&eacute;hension, surtout en cas de conflit. Elle devra &eacute;galement veiller &agrave; respecter le secret professionnel.\n<\/p>\n<p><strong>8) La flexibilit&eacute; d&rsquo;une assistante maternelle <br \/>\n<\/strong>D&eacute;m&eacute;nagements ou nouveaux contrats en cours d&rsquo;ann&eacute;e, enfants en &acirc;ge d&rsquo;aller &agrave; l&rsquo;&eacute;cole, parents qui trouvent un nouveau mode de garde, les al&eacute;as de l&rsquo;activit&eacute; d&rsquo;une assistante maternelle sont nombreux. Celle-ci devra donc &ecirc;tre flexible et savoir s&rsquo;adapter en permanence &agrave; de nouvelles situations.<\/p>\n<\/p>\n<p><p>Pour r&eacute;sumer, le m&eacute;tier d&rsquo;assistante maternelle ne s&rsquo;improvise pas et requiert un certain nombre de qualit&eacute;s et de comp&eacute;tences. Une profession exigeante, certes, mais &eacute;galement passionnante, &eacute;panouissante et tr&egrave;s motivante pour qui aime les enfants et se reconna&icirc;t pleinement dans ce profil. C&rsquo;est votre cas ? Alors foncez ! D&eacute;couvrez d&egrave;s maintenant <a target=\"_blank\" rel=\"noopener\" href=\"https:\/\/yoopies.fr\/c\/garde-enfant\/les-modes-de-garde\/assistante-maternelle\/salaire-assistante-maternelle-2021\/\">comment obtenir votre agr&eacute;ment<\/a>, quelle formation effectuer et comment bien d&eacute;marrer votre activit&eacute; !<\/p>\n<\/p>\n<p><p>D&eacute;j&agrave; assistante maternelle ? Inscrivez-vous sur Yoopies pour trouver en quelques clics les employeurs correspondant &agrave; vos besoins !<\/p>\n<\/p>\n<p><a class=\"button\" href=\"https:\/\/yoopies.fr\/emploi-assistante-maternelle\">Je m&rsquo;inscris !<\/a><\/p>\n","protected":false},"excerpt":{"rendered":"<p>Plus qu&rsquo;un simple m&eacute;tier, devenir assistante maternelle est une v&eacute;ritable vocation et un choix qui ne se prend pas &agrave; &hellip; <\/p>\n","protected":false},"author":10,"featured_media":529,"parent":447,"menu_order":0,"comment_status":"closed","ping_status":"closed","template":"","meta":{"_acf_changed":false,"footnotes":""},"class_list":["post-527","page","type-page","status-publish","has-post-thumbnail","hentry"],"acf":[],"yoast_head":"<!-- This site is optimized with the Yoast SEO plugin v26.9 - https:\/\/yoast.com\/product\/yoast-seo-wordpress\/ -->\n<title>Top 8 des qualit\u00e9s requises pour \u00eatre une bonne assistante maternelle<\/title>\n<meta name=\"description\" content=\"D\u00e9couvrez dans cet article le profil id\u00e9al et les qualit\u00e9s requises pour devenir assistante maternelle.\" \/>\n<meta name=\"robots\" content=\"index, follow, max-snippet:-1, max-image-preview:large, max-video-preview:-1\" \/>\n<link rel=\"canonical\" href=\"https:\/\/yoopies.fr\/c\/garde-enfant\/les-modes-de-garde\/assistante-maternelle\/assistante-maternelle-8-qualites-requises\/\" \/>\n<meta property=\"og:locale\" content=\"fr_FR\" \/>\n<meta property=\"og:type\" content=\"article\" \/>\n<meta property=\"og:title\" content=\"Top 8 des qualit\u00e9s requises pour \u00eatre une bonne assistante maternelle\" \/>\n<meta property=\"og:description\" content=\"D\u00e9couvrez dans cet article le profil id\u00e9al et les qualit\u00e9s requises pour devenir assistante maternelle.\" \/>\n<meta property=\"og:url\" content=\"https:\/\/yoopies.fr\/c\/garde-enfant\/les-modes-de-garde\/assistante-maternelle\/assistante-maternelle-8-qualites-requises\/\" \/>\n<meta property=\"og:site_name\" content=\"Le Blog Yoopies\" \/>\n<meta property=\"article:modified_time\" content=\"2025-06-12T07:59:09+00:00\" \/>\n<meta property=\"og:image\" content=\"https:\/\/yoopies.fr\/c\/wp-content\/uploads\/2024\/06\/65d321449be9a5b998b5fd3d-image-2024-02-19-103706786.jpg\" \/>\n\t<meta property=\"og:image:width\" content=\"599\" \/>\n\t<meta property=\"og:image:height\" content=\"300\" \/>\n\t<meta property=\"og:image:type\" content=\"image\/jpeg\" \/>\n<meta name=\"twitter:card\" content=\"summary_large_image\" \/>\n<meta name=\"twitter:label1\" content=\"Dur\u00e9e de lecture estim\u00e9e\" \/>\n\t<meta name=\"twitter:data1\" content=\"6 minutes\" \/>\n<script type=\"application\/ld+json\" class=\"yoast-schema-graph\">{\"@context\":\"https:\/\/schema.org\",\"@graph\":[{\"@type\":\"WebPage\",\"@id\":\"https:\/\/yoopies.fr\/c\/garde-enfant\/les-modes-de-garde\/assistante-maternelle\/assistante-maternelle-8-qualites-requises\/\",\"url\":\"https:\/\/yoopies.fr\/c\/garde-enfant\/les-modes-de-garde\/assistante-maternelle\/assistante-maternelle-8-qualites-requises\/\",\"name\":\"Top 8 des qualit\u00e9s requises pour \u00eatre une bonne assistante maternelle\",\"isPartOf\":{\"@id\":\"https:\/\/yoopies.fr\/c\/#website\"},\"primaryImageOfPage\":{\"@id\":\"https:\/\/yoopies.fr\/c\/garde-enfant\/les-modes-de-garde\/assistante-maternelle\/assistante-maternelle-8-qualites-requises\/#primaryimage\"},\"image\":{\"@id\":\"https:\/\/yoopies.fr\/c\/garde-enfant\/les-modes-de-garde\/assistante-maternelle\/assistante-maternelle-8-qualites-requises\/#primaryimage\"},\"thumbnailUrl\":\"https:\/\/yoopies.fr\/c\/wp-content\/uploads\/2024\/06\/65d321449be9a5b998b5fd3d-image-2024-02-19-103706786.jpg\",\"datePublished\":\"2024-06-11T14:10:50+00:00\",\"dateModified\":\"2025-06-12T07:59:09+00:00\",\"description\":\"D\u00e9couvrez dans cet article le profil id\u00e9al et les qualit\u00e9s requises pour devenir assistante maternelle.\",\"breadcrumb\":{\"@id\":\"https:\/\/yoopies.fr\/c\/garde-enfant\/les-modes-de-garde\/assistante-maternelle\/assistante-maternelle-8-qualites-requises\/#breadcrumb\"},\"inLanguage\":\"fr-FR\",\"potentialAction\":[{\"@type\":\"ReadAction\",\"target\":[\"https:\/\/yoopies.fr\/c\/garde-enfant\/les-modes-de-garde\/assistante-maternelle\/assistante-maternelle-8-qualites-requises\/\"]}]},{\"@type\":\"ImageObject\",\"inLanguage\":\"fr-FR\",\"@id\":\"https:\/\/yoopies.fr\/c\/garde-enfant\/les-modes-de-garde\/assistante-maternelle\/assistante-maternelle-8-qualites-requises\/#primaryimage\",\"url\":\"https:\/\/yoopies.fr\/c\/wp-content\/uploads\/2024\/06\/65d321449be9a5b998b5fd3d-image-2024-02-19-103706786.jpg\",\"contentUrl\":\"https:\/\/yoopies.fr\/c\/wp-content\/uploads\/2024\/06\/65d321449be9a5b998b5fd3d-image-2024-02-19-103706786.jpg\",\"width\":599,\"height\":300},{\"@type\":\"BreadcrumbList\",\"@id\":\"https:\/\/yoopies.fr\/c\/garde-enfant\/les-modes-de-garde\/assistante-maternelle\/assistante-maternelle-8-qualites-requises\/#breadcrumb\",\"itemListElement\":[{\"@type\":\"ListItem\",\"position\":1,\"name\":\"Home\",\"item\":\"https:\/\/yoopies.fr\/c\/\"},{\"@type\":\"ListItem\",\"position\":2,\"name\":\"Garde d&rsquo;enfant\",\"item\":\"https:\/\/yoopies.fr\/c\/garde-enfant\/\"},{\"@type\":\"ListItem\",\"position\":3,\"name\":\"Les modes de gardees modes de garde : trouvez la solution id\u00e9ale pour votre enfantLes modes de garde\",\"item\":\"https:\/\/yoopies.fr\/c\/garde-enfant\/les-modes-de-garde\/\"},{\"@type\":\"ListItem\",\"position\":4,\"name\":\"Assistante maternelle\",\"item\":\"https:\/\/yoopies.fr\/c\/garde-enfant\/les-modes-de-garde\/assistante-maternelle\/\"},{\"@type\":\"ListItem\",\"position\":5,\"name\":\"Top 8 des qualit\u00e9s requises pour \u00eatre une bonne assistante maternelle\"}]},{\"@type\":\"WebSite\",\"@id\":\"https:\/\/yoopies.fr\/c\/#website\",\"url\":\"https:\/\/yoopies.fr\/c\/\",\"name\":\"Le Blog Yoopies\",\"description\":\"\",\"publisher\":{\"@id\":\"https:\/\/yoopies.fr\/c\/#organization\"},\"potentialAction\":[{\"@type\":\"SearchAction\",\"target\":{\"@type\":\"EntryPoint\",\"urlTemplate\":\"https:\/\/yoopies.fr\/c\/?s={search_term_string}\"},\"query-input\":{\"@type\":\"PropertyValueSpecification\",\"valueRequired\":true,\"valueName\":\"search_term_string\"}}],\"inLanguage\":\"fr-FR\"},{\"@type\":\"Organization\",\"@id\":\"https:\/\/yoopies.fr\/c\/#organization\",\"name\":\"Le Blog Yoopies\",\"url\":\"https:\/\/yoopies.fr\/c\/\",\"logo\":{\"@type\":\"ImageObject\",\"inLanguage\":\"fr-FR\",\"@id\":\"https:\/\/yoopies.fr\/c\/#\/schema\/logo\/image\/\",\"url\":\"https:\/\/yoopies.fr\/c\/wp-content\/uploads\/2025\/04\/cropped-Logo_Yoopies-2.png\",\"contentUrl\":\"https:\/\/yoopies.fr\/c\/wp-content\/uploads\/2025\/04\/cropped-Logo_Yoopies-2.png\",\"width\":512,\"height\":512,\"caption\":\"Le Blog Yoopies\"},\"image\":{\"@id\":\"https:\/\/yoopies.fr\/c\/#\/schema\/logo\/image\/\"}}]}<\/script>\n<!-- \/ Yoast SEO plugin. -->","yoast_head_json":{"title":"Top 8 des qualit\u00e9s requises pour \u00eatre une bonne assistante maternelle","description":"D\u00e9couvrez dans cet article le profil id\u00e9al et les qualit\u00e9s requises pour devenir assistante maternelle.","robots":{"index":"index","follow":"follow","max-snippet":"max-snippet:-1","max-image-preview":"max-image-preview:large","max-video-preview":"max-video-preview:-1"},"canonical":"https:\/\/yoopies.fr\/c\/garde-enfant\/les-modes-de-garde\/assistante-maternelle\/assistante-maternelle-8-qualites-requises\/","og_locale":"fr_FR","og_type":"article","og_title":"Top 8 des qualit\u00e9s requises pour \u00eatre une bonne assistante maternelle","og_description":"D\u00e9couvrez dans cet article le profil id\u00e9al et les qualit\u00e9s requises pour devenir assistante maternelle.","og_url":"https:\/\/yoopies.fr\/c\/garde-enfant\/les-modes-de-garde\/assistante-maternelle\/assistante-maternelle-8-qualites-requises\/","og_site_name":"Le Blog Yoopies","article_modified_time":"2025-06-12T07:59:09+00:00","og_image":[{"width":599,"height":300,"url":"https:\/\/yoopies.fr\/c\/wp-content\/uploads\/2024\/06\/65d321449be9a5b998b5fd3d-image-2024-02-19-103706786.jpg","type":"image\/jpeg"}],"twitter_card":"summary_large_image","twitter_misc":{"Dur\u00e9e de lecture estim\u00e9e":"6 minutes"},"schema":{"@context":"https:\/\/schema.org","@graph":[{"@type":"WebPage","@id":"https:\/\/yoopies.fr\/c\/garde-enfant\/les-modes-de-garde\/assistante-maternelle\/assistante-maternelle-8-qualites-requises\/","url":"https:\/\/yoopies.fr\/c\/garde-enfant\/les-modes-de-garde\/assistante-maternelle\/assistante-maternelle-8-qualites-requises\/","name":"Top 8 des qualit\u00e9s requises pour \u00eatre une bonne assistante maternelle","isPartOf":{"@id":"https:\/\/yoopies.fr\/c\/#website"},"primaryImageOfPage":{"@id":"https:\/\/yoopies.fr\/c\/garde-enfant\/les-modes-de-garde\/assistante-maternelle\/assistante-maternelle-8-qualites-requises\/#primaryimage"},"image":{"@id":"https:\/\/yoopies.fr\/c\/garde-enfant\/les-modes-de-garde\/assistante-maternelle\/assistante-maternelle-8-qualites-requises\/#primaryimage"},"thumbnailUrl":"https:\/\/yoopies.fr\/c\/wp-content\/uploads\/2024\/06\/65d321449be9a5b998b5fd3d-image-2024-02-19-103706786.jpg","datePublished":"2024-06-11T14:10:50+00:00","dateModified":"2025-06-12T07:59:09+00:00","description":"D\u00e9couvrez dans cet article le profil id\u00e9al et les qualit\u00e9s requises pour devenir assistante maternelle.","breadcrumb":{"@id":"https:\/\/yoopies.fr\/c\/garde-enfant\/les-modes-de-garde\/assistante-maternelle\/assistante-maternelle-8-qualites-requises\/#breadcrumb"},"inLanguage":"fr-FR","potentialAction":[{"@type":"ReadAction","target":["https:\/\/yoopies.fr\/c\/garde-enfant\/les-modes-de-garde\/assistante-maternelle\/assistante-maternelle-8-qualites-requises\/"]}]},{"@type":"ImageObject","inLanguage":"fr-FR","@id":"https:\/\/yoopies.fr\/c\/garde-enfant\/les-modes-de-garde\/assistante-maternelle\/assistante-maternelle-8-qualites-requises\/#primaryimage","url":"https:\/\/yoopies.fr\/c\/wp-content\/uploads\/2024\/06\/65d321449be9a5b998b5fd3d-image-2024-02-19-103706786.jpg","contentUrl":"https:\/\/yoopies.fr\/c\/wp-content\/uploads\/2024\/06\/65d321449be9a5b998b5fd3d-image-2024-02-19-103706786.jpg","width":599,"height":300},{"@type":"BreadcrumbList","@id":"https:\/\/yoopies.fr\/c\/garde-enfant\/les-modes-de-garde\/assistante-maternelle\/assistante-maternelle-8-qualites-requises\/#breadcrumb","itemListElement":[{"@type":"ListItem","position":1,"name":"Home","item":"https:\/\/yoopies.fr\/c\/"},{"@type":"ListItem","position":2,"name":"Garde d&rsquo;enfant","item":"https:\/\/yoopies.fr\/c\/garde-enfant\/"},{"@type":"ListItem","position":3,"name":"Les modes de gardees modes de garde : trouvez la solution id\u00e9ale pour votre enfantLes modes de garde","item":"https:\/\/yoopies.fr\/c\/garde-enfant\/les-modes-de-garde\/"},{"@type":"ListItem","position":4,"name":"Assistante maternelle","item":"https:\/\/yoopies.fr\/c\/garde-enfant\/les-modes-de-garde\/assistante-maternelle\/"},{"@type":"ListItem","position":5,"name":"Top 8 des qualit\u00e9s requises pour \u00eatre une bonne assistante maternelle"}]},{"@type":"WebSite","@id":"https:\/\/yoopies.fr\/c\/#website","url":"https:\/\/yoopies.fr\/c\/","name":"Le Blog Yoopies","description":"","publisher":{"@id":"https:\/\/yoopies.fr\/c\/#organization"},"potentialAction":[{"@type":"SearchAction","target":{"@type":"EntryPoint","urlTemplate":"https:\/\/yoopies.fr\/c\/?s={search_term_string}"},"query-input":{"@type":"PropertyValueSpecification","valueRequired":true,"valueName":"search_term_string"}}],"inLanguage":"fr-FR"},{"@type":"Organization","@id":"https:\/\/yoopies.fr\/c\/#organization","name":"Le Blog Yoopies","url":"https:\/\/yoopies.fr\/c\/","logo":{"@type":"ImageObject","inLanguage":"fr-FR","@id":"https:\/\/yoopies.fr\/c\/#\/schema\/logo\/image\/","url":"https:\/\/yoopies.fr\/c\/wp-content\/uploads\/2025\/04\/cropped-Logo_Yoopies-2.png","contentUrl":"https:\/\/yoopies.fr\/c\/wp-content\/uploads\/2025\/04\/cropped-Logo_Yoopies-2.png","width":512,"height":512,"caption":"Le Blog Yoopies"},"image":{"@id":"https:\/\/yoopies.fr\/c\/#\/schema\/logo\/image\/"}}]}},"_links":{"self":[{"href":"https:\/\/yoopies.fr\/c\/wp-json\/wp\/v2\/pages\/527","targetHints":{"allow":["GET"]}}],"collection":[{"href":"https:\/\/yoopies.fr\/c\/wp-json\/wp\/v2\/pages"}],"about":[{"href":"https:\/\/yoopies.fr\/c\/wp-json\/wp\/v2\/types\/page"}],"author":[{"embeddable":true,"href":"https:\/\/yoopies.fr\/c\/wp-json\/wp\/v2\/users\/10"}],"replies":[{"embeddable":true,"href":"https:\/\/yoopies.fr\/c\/wp-json\/wp\/v2\/comments?post=527"}],"version-history":[{"count":1,"href":"https:\/\/yoopies.fr\/c\/wp-json\/wp\/v2\/pages\/527\/revisions"}],"predecessor-version":[{"id":530,"href":"https:\/\/yoopies.fr\/c\/wp-json\/wp\/v2\/pages\/527\/revisions\/530"}],"up":[{"embeddable":true,"href":"https:\/\/yoopies.fr\/c\/wp-json\/wp\/v2\/pages\/447"}],"wp:featuredmedia":[{"embeddable":true,"href":"https:\/\/yoopies.fr\/c\/wp-json\/wp\/v2\/media\/529"}],"wp:attachment":[{"href":"https:\/\/yoopies.fr\/c\/wp-json\/wp\/v2\/media?parent=527"}],"curies":[{"name":"wp","href":"https:\/\/api.w.org\/{rel}","templated":true}]}}