{"id":453,"date":"2024-05-27T09:33:49","date_gmt":"2024-05-27T09:33:49","guid":{"rendered":"https:\/\/blog.yoopies.fr\/garde-enfant\/les-modes-de-garde\/les-autres-modes-de-garde\/"},"modified":"2025-06-12T07:59:10","modified_gmt":"2025-06-12T07:59:10","slug":"les-autres-modes-de-garde","status":"publish","type":"page","link":"https:\/\/yoopies.fr\/c\/garde-enfant\/les-modes-de-garde\/les-autres-modes-de-garde\/","title":{"rendered":"Les autres modes de garde"},"content":{"rendered":"<p><h2><strong>D&eacute;couvrez les Alternatives Innovantes de Garde d&rsquo;Enfants<\/strong><\/h2>\n<p>\nBienvenue sur notre page \u00ab\u00a0Les autres modes de garde\u00a0\u00bb, un espace con&ccedil;u pour pr&eacute;senter des alternatives de garde d&rsquo;enfants qui sortent des sentiers battus.<\/p>\n<\/p>\n<div class=\"yp-cms-children-categories\">\n    <div class=\"wrapper\">\n        <div class=\"category-list\">\n                        <div class=\"category-page\">\n                <div class=\"background-img\">\n                    <div class=\"inner bg-shown\"\n                         data-responsive-background-image=\"\"\n                                                    style=\"background-image: url('https:\/\/yoopies.fr\/c\/wp-content\/uploads\/2024\/06\/zlce0iol0zci9bf0-274.jpg');\"\n                                            >\n                                                    <picture>\n                                <img decoding=\"async\" src=\"https:\/\/yoopies.fr\/c\/wp-content\/uploads\/2024\/06\/zlce0iol0zci9bf0-274.jpg\" alt=\"\"\/>\n                            <\/picture>\n                                            <\/div>\n\n                <\/div>\n                <a href=\"https:\/\/yoopies.fr\/c\/garde-enfant\/les-modes-de-garde\/les-autres-modes-de-garde\/la-creche-ideale-pour-votre-enfant\/\">\n                                        <h2>\n                        La cr\u00e8che                    <\/h2>\n                <\/a>\n            <\/div>\n                        <div class=\"category-page\">\n                <div class=\"background-img\">\n                    <div class=\"inner bg-shown\"\n                         data-responsive-background-image=\"\"\n                                                    style=\"background-image: url('https:\/\/yoopies.fr\/c\/wp-content\/uploads\/2024\/06\/zlcgmsol0zci9bh2-173.jpg');\"\n                                            >\n                                                    <picture>\n                                <img decoding=\"async\" src=\"https:\/\/yoopies.fr\/c\/wp-content\/uploads\/2024\/06\/zlcgmsol0zci9bh2-173.jpg\" alt=\"\"\/>\n                            <\/picture>\n                                            <\/div>\n\n                <\/div>\n                <a href=\"https:\/\/yoopies.fr\/c\/garde-enfant\/les-modes-de-garde\/les-autres-modes-de-garde\/relais-parents\/\">\n                                        <h2>\n                        Relais parents                    <\/h2>\n                <\/a>\n            <\/div>\n                        <div class=\"category-page\">\n                <div class=\"background-img\">\n                    <div class=\"inner bg-shown\"\n                         data-responsive-background-image=\"\"\n                                                    style=\"background-image: url('https:\/\/yoopies.fr\/c\/wp-content\/uploads\/2024\/06\/zlcfwsol0zci9bg8-143.jpg');\"\n                                            >\n                                                    <picture>\n                                <img decoding=\"async\" src=\"https:\/\/yoopies.fr\/c\/wp-content\/uploads\/2024\/06\/zlcfwsol0zci9bg8-143.jpg\" alt=\"\"\/>\n                            <\/picture>\n                                            <\/div>\n\n                <\/div>\n                <a href=\"https:\/\/yoopies.fr\/c\/garde-enfant\/les-modes-de-garde\/les-autres-modes-de-garde\/la-garde-partagee\/\">\n                                        <h2>\n                        La garde partag\u00e9e                    <\/h2>\n                <\/a>\n            <\/div>\n                        <div class=\"category-page\">\n                <div class=\"background-img\">\n                    <div class=\"inner bg-shown\"\n                         data-responsive-background-image=\"\"\n                                                    style=\"background-image: url('https:\/\/yoopies.fr\/c\/wp-content\/uploads\/2024\/06\/zlcessol0zci9bfk-164.jpg');\"\n                                            >\n                                                    <picture>\n                                <img decoding=\"async\" src=\"https:\/\/yoopies.fr\/c\/wp-content\/uploads\/2024\/06\/zlcessol0zci9bfk-164.jpg\" alt=\"\"\/>\n                            <\/picture>\n                                            <\/div>\n\n                <\/div>\n                <a href=\"https:\/\/yoopies.fr\/c\/garde-enfant\/les-modes-de-garde\/les-autres-modes-de-garde\/au-pair-guide-complet-pour-parents\/\">\n                                        <h2>\n                        Au pair                    <\/h2>\n                <\/a>\n            <\/div>\n                    <\/div>\n    <\/div>\n<\/div>\n\n<figure><img decoding=\"async\" src=\"https:\/\/yoopies.fr\/c\/wp-content\/uploads\/2024\/05\/65ce1c209be9a5b998b5ddcc-alexander-dummer-150646-unsplash-re-ld.jpg\" alt=\"Une femme assise sur un canap\u00e9 tenant un b\u00e9b\u00e9 sur ses genoux et regardant un \u00e9cran de tablette avec un autre jeune enfant \u00e0 c\u00f4t\u00e9 d'elle dans un salon chaleureux.\" \/><\/figure>\n<p><h2><strong>Une panoplie d&rsquo;options pour chaque famille<\/strong><\/h2>\n<p>\nDans cette section, nous explorerons ensemble des options telles que la \u00ab\u00a0Cr&egrave;che\u00a0\u00bb, l'\u00a0\u00bbAu pair\u00a0\u00bb, la \u00ab\u00a0Garde partag&eacute;e\u00a0\u00bb, et les \u00ab\u00a0Relais parents\u00a0\u00bb, chacune offrant des avantages uniques adapt&eacute;s &agrave; des besoins vari&eacute;s.<\/p>\n<\/p>\n<h2><strong>Cr&egrave;ches : un cadre stimulant pour le d&eacute;veloppement social<\/strong><\/h2>\n<p>\nLa \u00ab\u00a0Cr&egrave;che\u00a0\u00bb, qui offre un environnement structur&eacute; et stimulant pour le d&eacute;veloppement social de l&rsquo;enfant.<\/p>\n<\/p>\n<h2><strong>Au pair : &eacute;change culturel et soin &agrave; domicile<\/strong><\/h2>\n<p>\nL'\u00a0\u00bbAu pair\u00a0\u00bb, une solution internationale permettant un &eacute;change culturel enrichissant tout en r&eacute;pondant aux besoins de garde.<\/p>\n<\/p>\n<h2><strong>Garde partag&eacute;e : Partager les co&ucirc;ts et les avantages<\/strong><\/h2>\n<p>\nLa \u00ab\u00a0Garde partag&eacute;e\u00a0\u00bb, id&eacute;ale pour les parents souhaitant partager les co&ucirc;ts et les b&eacute;n&eacute;fices d&rsquo;une nounou &agrave; domicile avec une autre famille.<\/p>\n<\/p>\n<h2><strong>Relais parents : soutien communautaire flexible<\/strong><\/h2>\n<p>\nLes \u00ab\u00a0Relais parents\u00a0\u00bb, des initiatives communautaires offrant un soutien ponctuel et flexible.<\/p>\n<\/p>\n<h2><strong>Faire le choix qui vous convient<\/strong><\/h2>\n<p>\nNotre objectif est de vous fournir des informations rassurantes, informatives et accessibles, vous aidant &agrave; comprendre les avantages et les particularit&eacute;s de chaque option.<\/p>\n<\/p>\n<h2><strong>Vers une d&eacute;cision &eacute;clair&eacute;e pour le bien-&ecirc;tre de votre enfant<\/strong><\/h2>\n<p>\nAvec un aper&ccedil;u d&eacute;taill&eacute; de chaque alternative, cette page est con&ccedil;ue pour vous aider &agrave; prendre une d&eacute;cision &eacute;clair&eacute;e, en consid&eacute;rant des options qui peuvent parfois &ecirc;tre moins connues, mais qui pourraient parfaitement convenir &agrave; votre situation familiale.<\/p><\/p>\n","protected":false},"excerpt":{"rendered":"<p>D&eacute;couvrez les Alternatives Innovantes de Garde d&rsquo;Enfants Bienvenue sur notre page \u00ab\u00a0Les autres modes de garde\u00a0\u00bb, un espace con&ccedil;u pour &hellip; <\/p>\n","protected":false},"author":10,"featured_media":0,"parent":438,"menu_order":0,"comment_status":"closed","ping_status":"closed","template":"","meta":{"_acf_changed":false,"footnotes":""},"class_list":["post-453","page","type-page","status-publish","hentry"],"acf":[],"yoast_head":"<!-- This site is optimized with the Yoast SEO plugin v26.9 - https:\/\/yoast.com\/product\/yoast-seo-wordpress\/ -->\n<title>Les autres modes de garde<\/title>\n<meta name=\"description\" content=\"Explorez des alternatives flexibles et innovantes de garde d&#039;enfants avec notre guide sur &#039;Les autres modes de garde&#039;. D\u00e9couvrez la cr\u00e8che, l&#039;au pair, la garde partag\u00e9e, et les relais parents pour trouver l&#039;option qui s&#039;adapte le mieux \u00e0 votre famille, tout en favorisant le d\u00e9veloppement et le bonheur de votre enfant.\" \/>\n<meta name=\"robots\" content=\"index, follow, max-snippet:-1, max-image-preview:large, max-video-preview:-1\" \/>\n<link rel=\"canonical\" href=\"https:\/\/yoopies.fr\/c\/garde-enfant\/les-modes-de-garde\/les-autres-modes-de-garde\/\" \/>\n<meta property=\"og:locale\" content=\"fr_FR\" \/>\n<meta property=\"og:type\" content=\"article\" \/>\n<meta property=\"og:title\" content=\"Les autres modes de garde\" \/>\n<meta property=\"og:description\" content=\"Explorez des alternatives flexibles et innovantes de garde d&#039;enfants avec notre guide sur &#039;Les autres modes de garde&#039;. D\u00e9couvrez la cr\u00e8che, l&#039;au pair, la garde partag\u00e9e, et les relais parents pour trouver l&#039;option qui s&#039;adapte le mieux \u00e0 votre famille, tout en favorisant le d\u00e9veloppement et le bonheur de votre enfant.\" \/>\n<meta property=\"og:url\" content=\"https:\/\/yoopies.fr\/c\/garde-enfant\/les-modes-de-garde\/les-autres-modes-de-garde\/\" \/>\n<meta property=\"og:site_name\" content=\"Le Blog Yoopies\" \/>\n<meta property=\"article:modified_time\" content=\"2025-06-12T07:59:10+00:00\" \/>\n<meta property=\"og:image\" content=\"https:\/\/yoopies.fr\/c\/wp-content\/uploads\/2024\/05\/65ce1c209be9a5b998b5ddcc-alexander-dummer-150646-unsplash-re-ld.jpg\" \/>\n<meta name=\"twitter:card\" content=\"summary_large_image\" \/>\n<meta name=\"twitter:label1\" content=\"Dur\u00e9e de lecture estim\u00e9e\" \/>\n\t<meta name=\"twitter:data1\" content=\"2 minutes\" \/>\n<script type=\"application\/ld+json\" class=\"yoast-schema-graph\">{\"@context\":\"https:\/\/schema.org\",\"@graph\":[{\"@type\":\"WebPage\",\"@id\":\"https:\/\/yoopies.fr\/c\/garde-enfant\/les-modes-de-garde\/les-autres-modes-de-garde\/\",\"url\":\"https:\/\/yoopies.fr\/c\/garde-enfant\/les-modes-de-garde\/les-autres-modes-de-garde\/\",\"name\":\"Les autres modes de garde\",\"isPartOf\":{\"@id\":\"https:\/\/yoopies.fr\/c\/#website\"},\"primaryImageOfPage\":{\"@id\":\"https:\/\/yoopies.fr\/c\/garde-enfant\/les-modes-de-garde\/les-autres-modes-de-garde\/#primaryimage\"},\"image\":{\"@id\":\"https:\/\/yoopies.fr\/c\/garde-enfant\/les-modes-de-garde\/les-autres-modes-de-garde\/#primaryimage\"},\"thumbnailUrl\":\"https:\/\/yoopies.fr\/c\/wp-content\/uploads\/2024\/05\/65ce1c209be9a5b998b5ddcc-alexander-dummer-150646-unsplash-re-ld.jpg\",\"datePublished\":\"2024-05-27T09:33:49+00:00\",\"dateModified\":\"2025-06-12T07:59:10+00:00\",\"description\":\"Explorez des alternatives flexibles et innovantes de garde d'enfants avec notre guide sur 'Les autres modes de garde'. D\u00e9couvrez la cr\u00e8che, l'au pair, la garde partag\u00e9e, et les relais parents pour trouver l'option qui s'adapte le mieux \u00e0 votre famille, tout en favorisant le d\u00e9veloppement et le bonheur de votre enfant.\",\"breadcrumb\":{\"@id\":\"https:\/\/yoopies.fr\/c\/garde-enfant\/les-modes-de-garde\/les-autres-modes-de-garde\/#breadcrumb\"},\"inLanguage\":\"fr-FR\",\"potentialAction\":[{\"@type\":\"ReadAction\",\"target\":[\"https:\/\/yoopies.fr\/c\/garde-enfant\/les-modes-de-garde\/les-autres-modes-de-garde\/\"]}]},{\"@type\":\"ImageObject\",\"inLanguage\":\"fr-FR\",\"@id\":\"https:\/\/yoopies.fr\/c\/garde-enfant\/les-modes-de-garde\/les-autres-modes-de-garde\/#primaryimage\",\"url\":\"https:\/\/yoopies.fr\/c\/wp-content\/uploads\/2024\/05\/65ce1c209be9a5b998b5ddcc-alexander-dummer-150646-unsplash-re-ld.jpg\",\"contentUrl\":\"https:\/\/yoopies.fr\/c\/wp-content\/uploads\/2024\/05\/65ce1c209be9a5b998b5ddcc-alexander-dummer-150646-unsplash-re-ld.jpg\",\"width\":615,\"height\":615},{\"@type\":\"BreadcrumbList\",\"@id\":\"https:\/\/yoopies.fr\/c\/garde-enfant\/les-modes-de-garde\/les-autres-modes-de-garde\/#breadcrumb\",\"itemListElement\":[{\"@type\":\"ListItem\",\"position\":1,\"name\":\"Home\",\"item\":\"https:\/\/yoopies.fr\/c\/\"},{\"@type\":\"ListItem\",\"position\":2,\"name\":\"Garde d&rsquo;enfant\",\"item\":\"https:\/\/yoopies.fr\/c\/garde-enfant\/\"},{\"@type\":\"ListItem\",\"position\":3,\"name\":\"Les modes de gardees modes de garde : trouvez la solution id\u00e9ale pour votre enfantLes modes de garde\",\"item\":\"https:\/\/yoopies.fr\/c\/garde-enfant\/les-modes-de-garde\/\"},{\"@type\":\"ListItem\",\"position\":4,\"name\":\"Les autres modes de garde\"}]},{\"@type\":\"WebSite\",\"@id\":\"https:\/\/yoopies.fr\/c\/#website\",\"url\":\"https:\/\/yoopies.fr\/c\/\",\"name\":\"Le Blog Yoopies\",\"description\":\"\",\"publisher\":{\"@id\":\"https:\/\/yoopies.fr\/c\/#organization\"},\"potentialAction\":[{\"@type\":\"SearchAction\",\"target\":{\"@type\":\"EntryPoint\",\"urlTemplate\":\"https:\/\/yoopies.fr\/c\/?s={search_term_string}\"},\"query-input\":{\"@type\":\"PropertyValueSpecification\",\"valueRequired\":true,\"valueName\":\"search_term_string\"}}],\"inLanguage\":\"fr-FR\"},{\"@type\":\"Organization\",\"@id\":\"https:\/\/yoopies.fr\/c\/#organization\",\"name\":\"Le Blog Yoopies\",\"url\":\"https:\/\/yoopies.fr\/c\/\",\"logo\":{\"@type\":\"ImageObject\",\"inLanguage\":\"fr-FR\",\"@id\":\"https:\/\/yoopies.fr\/c\/#\/schema\/logo\/image\/\",\"url\":\"https:\/\/yoopies.fr\/c\/wp-content\/uploads\/2025\/04\/cropped-Logo_Yoopies-2.png\",\"contentUrl\":\"https:\/\/yoopies.fr\/c\/wp-content\/uploads\/2025\/04\/cropped-Logo_Yoopies-2.png\",\"width\":512,\"height\":512,\"caption\":\"Le Blog Yoopies\"},\"image\":{\"@id\":\"https:\/\/yoopies.fr\/c\/#\/schema\/logo\/image\/\"}}]}<\/script>\n<!-- \/ Yoast SEO plugin. -->","yoast_head_json":{"title":"Les autres modes de garde","description":"Explorez des alternatives flexibles et innovantes de garde d'enfants avec notre guide sur 'Les autres modes de garde'. D\u00e9couvrez la cr\u00e8che, l'au pair, la garde partag\u00e9e, et les relais parents pour trouver l'option qui s'adapte le mieux \u00e0 votre famille, tout en favorisant le d\u00e9veloppement et le bonheur de votre enfant.","robots":{"index":"index","follow":"follow","max-snippet":"max-snippet:-1","max-image-preview":"max-image-preview:large","max-video-preview":"max-video-preview:-1"},"canonical":"https:\/\/yoopies.fr\/c\/garde-enfant\/les-modes-de-garde\/les-autres-modes-de-garde\/","og_locale":"fr_FR","og_type":"article","og_title":"Les autres modes de garde","og_description":"Explorez des alternatives flexibles et innovantes de garde d'enfants avec notre guide sur 'Les autres modes de garde'. D\u00e9couvrez la cr\u00e8che, l'au pair, la garde partag\u00e9e, et les relais parents pour trouver l'option qui s'adapte le mieux \u00e0 votre famille, tout en favorisant le d\u00e9veloppement et le bonheur de votre enfant.","og_url":"https:\/\/yoopies.fr\/c\/garde-enfant\/les-modes-de-garde\/les-autres-modes-de-garde\/","og_site_name":"Le Blog Yoopies","article_modified_time":"2025-06-12T07:59:10+00:00","og_image":[{"url":"https:\/\/yoopies.fr\/c\/wp-content\/uploads\/2024\/05\/65ce1c209be9a5b998b5ddcc-alexander-dummer-150646-unsplash-re-ld.jpg","type":"","width":"","height":""}],"twitter_card":"summary_large_image","twitter_misc":{"Dur\u00e9e de lecture estim\u00e9e":"2 minutes"},"schema":{"@context":"https:\/\/schema.org","@graph":[{"@type":"WebPage","@id":"https:\/\/yoopies.fr\/c\/garde-enfant\/les-modes-de-garde\/les-autres-modes-de-garde\/","url":"https:\/\/yoopies.fr\/c\/garde-enfant\/les-modes-de-garde\/les-autres-modes-de-garde\/","name":"Les autres modes de garde","isPartOf":{"@id":"https:\/\/yoopies.fr\/c\/#website"},"primaryImageOfPage":{"@id":"https:\/\/yoopies.fr\/c\/garde-enfant\/les-modes-de-garde\/les-autres-modes-de-garde\/#primaryimage"},"image":{"@id":"https:\/\/yoopies.fr\/c\/garde-enfant\/les-modes-de-garde\/les-autres-modes-de-garde\/#primaryimage"},"thumbnailUrl":"https:\/\/yoopies.fr\/c\/wp-content\/uploads\/2024\/05\/65ce1c209be9a5b998b5ddcc-alexander-dummer-150646-unsplash-re-ld.jpg","datePublished":"2024-05-27T09:33:49+00:00","dateModified":"2025-06-12T07:59:10+00:00","description":"Explorez des alternatives flexibles et innovantes de garde d'enfants avec notre guide sur 'Les autres modes de garde'. D\u00e9couvrez la cr\u00e8che, l'au pair, la garde partag\u00e9e, et les relais parents pour trouver l'option qui s'adapte le mieux \u00e0 votre famille, tout en favorisant le d\u00e9veloppement et le bonheur de votre enfant.","breadcrumb":{"@id":"https:\/\/yoopies.fr\/c\/garde-enfant\/les-modes-de-garde\/les-autres-modes-de-garde\/#breadcrumb"},"inLanguage":"fr-FR","potentialAction":[{"@type":"ReadAction","target":["https:\/\/yoopies.fr\/c\/garde-enfant\/les-modes-de-garde\/les-autres-modes-de-garde\/"]}]},{"@type":"ImageObject","inLanguage":"fr-FR","@id":"https:\/\/yoopies.fr\/c\/garde-enfant\/les-modes-de-garde\/les-autres-modes-de-garde\/#primaryimage","url":"https:\/\/yoopies.fr\/c\/wp-content\/uploads\/2024\/05\/65ce1c209be9a5b998b5ddcc-alexander-dummer-150646-unsplash-re-ld.jpg","contentUrl":"https:\/\/yoopies.fr\/c\/wp-content\/uploads\/2024\/05\/65ce1c209be9a5b998b5ddcc-alexander-dummer-150646-unsplash-re-ld.jpg","width":615,"height":615},{"@type":"BreadcrumbList","@id":"https:\/\/yoopies.fr\/c\/garde-enfant\/les-modes-de-garde\/les-autres-modes-de-garde\/#breadcrumb","itemListElement":[{"@type":"ListItem","position":1,"name":"Home","item":"https:\/\/yoopies.fr\/c\/"},{"@type":"ListItem","position":2,"name":"Garde d&rsquo;enfant","item":"https:\/\/yoopies.fr\/c\/garde-enfant\/"},{"@type":"ListItem","position":3,"name":"Les modes de gardees modes de garde : trouvez la solution id\u00e9ale pour votre enfantLes modes de garde","item":"https:\/\/yoopies.fr\/c\/garde-enfant\/les-modes-de-garde\/"},{"@type":"ListItem","position":4,"name":"Les autres modes de garde"}]},{"@type":"WebSite","@id":"https:\/\/yoopies.fr\/c\/#website","url":"https:\/\/yoopies.fr\/c\/","name":"Le Blog Yoopies","description":"","publisher":{"@id":"https:\/\/yoopies.fr\/c\/#organization"},"potentialAction":[{"@type":"SearchAction","target":{"@type":"EntryPoint","urlTemplate":"https:\/\/yoopies.fr\/c\/?s={search_term_string}"},"query-input":{"@type":"PropertyValueSpecification","valueRequired":true,"valueName":"search_term_string"}}],"inLanguage":"fr-FR"},{"@type":"Organization","@id":"https:\/\/yoopies.fr\/c\/#organization","name":"Le Blog Yoopies","url":"https:\/\/yoopies.fr\/c\/","logo":{"@type":"ImageObject","inLanguage":"fr-FR","@id":"https:\/\/yoopies.fr\/c\/#\/schema\/logo\/image\/","url":"https:\/\/yoopies.fr\/c\/wp-content\/uploads\/2025\/04\/cropped-Logo_Yoopies-2.png","contentUrl":"https:\/\/yoopies.fr\/c\/wp-content\/uploads\/2025\/04\/cropped-Logo_Yoopies-2.png","width":512,"height":512,"caption":"Le Blog Yoopies"},"image":{"@id":"https:\/\/yoopies.fr\/c\/#\/schema\/logo\/image\/"}}]}},"_links":{"self":[{"href":"https:\/\/yoopies.fr\/c\/wp-json\/wp\/v2\/pages\/453","targetHints":{"allow":["GET"]}}],"collection":[{"href":"https:\/\/yoopies.fr\/c\/wp-json\/wp\/v2\/pages"}],"about":[{"href":"https:\/\/yoopies.fr\/c\/wp-json\/wp\/v2\/types\/page"}],"author":[{"embeddable":true,"href":"https:\/\/yoopies.fr\/c\/wp-json\/wp\/v2\/users\/10"}],"replies":[{"embeddable":true,"href":"https:\/\/yoopies.fr\/c\/wp-json\/wp\/v2\/comments?post=453"}],"version-history":[{"count":1,"href":"https:\/\/yoopies.fr\/c\/wp-json\/wp\/v2\/pages\/453\/revisions"}],"predecessor-version":[{"id":455,"href":"https:\/\/yoopies.fr\/c\/wp-json\/wp\/v2\/pages\/453\/revisions\/455"}],"up":[{"embeddable":true,"href":"https:\/\/yoopies.fr\/c\/wp-json\/wp\/v2\/pages\/438"}],"wp:attachment":[{"href":"https:\/\/yoopies.fr\/c\/wp-json\/wp\/v2\/media?parent=453"}],"curies":[{"name":"wp","href":"https:\/\/api.w.org\/{rel}","templated":true}]}}