{"id":269,"date":"2021-08-07T17:40:20","date_gmt":"2021-08-07T17:40:20","guid":{"rendered":"https:\/\/blog.yoopies.fr\/cat-sitter-ideal\/"},"modified":"2025-06-12T07:59:07","modified_gmt":"2025-06-12T07:59:07","slug":"cat-sitter-ideal","status":"publish","type":"page","link":"https:\/\/yoopies.fr\/c\/cat-sitter-ideal\/","title":{"rendered":"Garde de chat : Trouvez le cat sitter id\u00e9al !"},"content":{"rendered":"<p><p>Vous &ecirc;tes propri&eacute;taire d&rsquo;un chat et vous recherchez une solution pour le faire garder pendant votre absence? Eh bien la garde de chat est la meilleure solution pour vous ! Faites appel &agrave; un cat sitter et partez l&rsquo;esprit tranquille. <\/p>\n<p> Il existe aujourd&rsquo;hui de multiples solutions pour faire garder votre chat en toute tranquillit&eacute; : <\/p>\n<ul>\n<li>Garde de chat chez le cat sitter<\/li>\n<li>Garde de chat &agrave; votre domicile en journ&eacute;e et\/ou pendant la nuit <\/li>\n<li>Visites de chat &agrave; votre propre domicile\n<p><strong>Comment faire son choix ? <\/strong><\/li>\n<\/ul>\n<p class=\"block-img\"><img decoding=\"async\" src=\"https:\/\/yoopies.fr\/c\/wp-content\/uploads\/2021\/08\/80428c14-9705-49af-8fd7-26a1c342e37b_pexels-pixabay-256632.jpg\" alt=\"\"><\/p>\n<h2><strong>Cat sitting en famille d&rsquo;accueil<\/strong><\/h2>\n<\/p>\n<p>De nos jours, trouver une personne &agrave; qui confier son animal de compagnie n&rsquo;est pas simple. Saviez-vous qu&rsquo;il est aujourd&rsquo;hui possible de faire garder votre chat dans une famille d&rsquo;accueil&nbsp;?<\/p>\n<p>Le cat sitting est, aujourd&rsquo;hui, la solution id&eacute;ale qui consiste &agrave; confier votre chat &agrave; une famille d&rsquo;accueil dans laquelle il sera choy&eacute; comme un membre de la famille.<\/p>\n<p>Ces familles sont appel&eacute;es des &laquo;&nbsp;cat sitters&nbsp;&raquo; : des personnes qui ont fait de leur passion pour les chats un v&eacute;ritable passe-temps. Votre cat-sitter sera la nounou de votre animal de compagnie, un v&eacute;ritable gardien ! Il s&rsquo;occupera de votre compagnon comme si c&rsquo;&eacute;tait son propre animal ! <\/p>\n<p><strong>Dans la valise du chat, n&rsquo;oubliez pas de mettre :<\/strong><\/p>\n<ul>\n<li>Des jouets et\/ou son coussin pour que le chat se sente comme &agrave; la maison ! \ud83e\uddf8<\/li>\n<li>La liti&egrave;re et le bac &agrave; liti&egrave;re <\/li>\n<li>La gamelle et la nourriture \ud83c\udf7d<\/li>\n<li>Un griffoir<\/li>\n<li>Le carnet de sant&eacute; de votre chat <\/li>\n<li>Votre num&eacute;ro de t&eacute;l&eacute;phone en cas d&rsquo;urgence \ud83d\udcde<\/li>\n<\/ul>\n<p>Sachez que si vous partez pour une longue dur&eacute;e, vous pouvez recevoir des nouvelles de celui-ci en direct. Eh oui ! G&eacute;n&eacute;ralement, les pet-sitters adorent partager les bons souvenirs avec les propri&eacute;taires en leur envoyant des photos ou vid&eacute;os ! Quoi de mieux pour partir l&rsquo;esprit tranquille&nbsp;et rassur&eacute;&nbsp;? Vous serez s&ucirc;r qu&rsquo;il passera son s&eacute;jour entre de bonnes mains ! \ud83d\ude09<\/p>\n<\/p>\n<h2><strong>Cat sitter &agrave; domicile en journ&eacute;e ou pendant la nuit <\/strong><\/h2>\n<\/p>\n<p>Vous pensez que votre chat ne sera pas &agrave; l&rsquo;aise dans un nouvel environnement ? Ou bien, le laisser chez une famille vous inqui&egrave;te ? Pas de panique ! \ud83d\ude09Vous pouvez faire appel &agrave; un cat-sitter qui fera la garde &agrave; votre domicile jusqu&rsquo;&agrave; votre retour. Ainsi, votre votre chat moustaches ne sera pas perturb&eacute;e pendant votre absence ! <\/p>\n<p>Si vous partez en vacances ou en d&eacute;placement professionnel pour plusieurs jours, votre cat-sitter s&rsquo;installera chez vous pour que votre chat b&eacute;n&eacute;ficie d&rsquo;une pr&eacute;sence en journ&eacute;e et\/ou la nuit afin de s&rsquo;assurer du bien-&ecirc;tre de votre f&eacute;lin. Votre cat-sitter s&rsquo;occupera du confort de votre chat jusqu&rsquo;&agrave; votre retour&nbsp;: nourriture, eau, jeux, caresses&hellip;<\/p>\n<h4><\/h4>\n<h2><strong>Cat sitting pour des visites de chat &agrave; votre propre domicile <\/strong><\/h2>\n<\/p>\n<p>Le chat est un animal tr&egrave;s ind&eacute;pendant qui aime la solitude et qui sait se g&eacute;rer tout seul. G&eacute;n&eacute;ralement, le chat n&rsquo;aime pas changer d&rsquo;environnement. Vous avez pr&eacute;vu de partir en vacances sans votre chat ? Vous vous demandez comment assurer son bien-&ecirc;tre jusqu&rsquo;&agrave; votre retour ? Vous pouvez alors faire appel &agrave; un cat sitter qui se rendra &agrave; votre domicile une &agrave; plusieurs fois par jour pour s&rsquo;occuper de votre f&eacute;lin pour la nourriture, le nettoyage de sa liti&egrave;re ou encore pour des jeux et des c&acirc;lins. Vous d&eacute;finirez avec votre cat sitter, l&rsquo;heure exacte, la dur&eacute;e et le contenu des visites &agrave; votre domicile avant de partir en vacances.<\/p>\n<\/p>\n<p><a class=\"button\" href=\"https:\/\/yoopies.fr\/garde-animaux\">Trouvez votre cat sitter ! <\/a><\/p>\n","protected":false},"excerpt":{"rendered":"<p>Vous &ecirc;tes propri&eacute;taire d&rsquo;un chat et vous recherchez une solution pour le faire garder pendant votre absence? Eh bien la &hellip; <\/p>\n","protected":false},"author":10,"featured_media":271,"parent":0,"menu_order":0,"comment_status":"closed","ping_status":"closed","template":"","meta":{"_acf_changed":false,"footnotes":""},"class_list":["post-269","page","type-page","status-publish","has-post-thumbnail","hentry"],"acf":[],"yoast_head":"<!-- This site is optimized with the Yoast SEO plugin v26.9 - https:\/\/yoast.com\/product\/yoast-seo-wordpress\/ -->\n<title>Le cat sitter id\u00e9al pour votre chat !<\/title>\n<meta name=\"description\" content=\"Faire appel \u00e0 un cat sitter est la solution pour partir en vacances l&#039;esprit tranquille ! Consultez cet article pour conna\u00eetre les diff\u00e9rentes solutions de garde de chat.\" \/>\n<meta name=\"robots\" content=\"index, follow, max-snippet:-1, max-image-preview:large, max-video-preview:-1\" \/>\n<link rel=\"canonical\" href=\"https:\/\/yoopies.fr\/c\/cat-sitter-ideal\/\" \/>\n<meta property=\"og:locale\" content=\"fr_FR\" \/>\n<meta property=\"og:type\" content=\"article\" \/>\n<meta property=\"og:title\" content=\"Le cat sitter id\u00e9al pour votre chat !\" \/>\n<meta property=\"og:description\" content=\"Faire appel \u00e0 un cat sitter est la solution pour partir en vacances l&#039;esprit tranquille ! Consultez cet article pour conna\u00eetre les diff\u00e9rentes solutions de garde de chat.\" \/>\n<meta property=\"og:url\" content=\"https:\/\/yoopies.fr\/c\/cat-sitter-ideal\/\" \/>\n<meta property=\"og:site_name\" content=\"Le Blog Yoopies\" \/>\n<meta property=\"article:modified_time\" content=\"2025-06-12T07:59:07+00:00\" \/>\n<meta property=\"og:image\" content=\"https:\/\/yoopies.fr\/c\/wp-content\/uploads\/2021\/08\/60da0afa-791f-438f-bb91-e1bd3f3bc04f-pexels-pixabay-33492.jpg\" \/>\n\t<meta property=\"og:image:width\" content=\"1200\" \/>\n\t<meta property=\"og:image:height\" content=\"892\" \/>\n\t<meta property=\"og:image:type\" content=\"image\/jpeg\" \/>\n<meta name=\"twitter:card\" content=\"summary_large_image\" \/>\n<meta name=\"twitter:label1\" content=\"Dur\u00e9e de lecture estim\u00e9e\" \/>\n\t<meta name=\"twitter:data1\" content=\"3 minutes\" \/>\n<script type=\"application\/ld+json\" class=\"yoast-schema-graph\">{\"@context\":\"https:\/\/schema.org\",\"@graph\":[{\"@type\":\"WebPage\",\"@id\":\"https:\/\/yoopies.fr\/c\/cat-sitter-ideal\/\",\"url\":\"https:\/\/yoopies.fr\/c\/cat-sitter-ideal\/\",\"name\":\"Le cat sitter id\u00e9al pour votre chat !\",\"isPartOf\":{\"@id\":\"https:\/\/yoopies.fr\/c\/#website\"},\"primaryImageOfPage\":{\"@id\":\"https:\/\/yoopies.fr\/c\/cat-sitter-ideal\/#primaryimage\"},\"image\":{\"@id\":\"https:\/\/yoopies.fr\/c\/cat-sitter-ideal\/#primaryimage\"},\"thumbnailUrl\":\"https:\/\/yoopies.fr\/c\/wp-content\/uploads\/2021\/08\/60da0afa-791f-438f-bb91-e1bd3f3bc04f-pexels-pixabay-33492.jpg\",\"datePublished\":\"2021-08-07T17:40:20+00:00\",\"dateModified\":\"2025-06-12T07:59:07+00:00\",\"description\":\"Faire appel \u00e0 un cat sitter est la solution pour partir en vacances l'esprit tranquille ! Consultez cet article pour conna\u00eetre les diff\u00e9rentes solutions de garde de chat.\",\"breadcrumb\":{\"@id\":\"https:\/\/yoopies.fr\/c\/cat-sitter-ideal\/#breadcrumb\"},\"inLanguage\":\"fr-FR\",\"potentialAction\":[{\"@type\":\"ReadAction\",\"target\":[\"https:\/\/yoopies.fr\/c\/cat-sitter-ideal\/\"]}]},{\"@type\":\"ImageObject\",\"inLanguage\":\"fr-FR\",\"@id\":\"https:\/\/yoopies.fr\/c\/cat-sitter-ideal\/#primaryimage\",\"url\":\"https:\/\/yoopies.fr\/c\/wp-content\/uploads\/2021\/08\/60da0afa-791f-438f-bb91-e1bd3f3bc04f-pexels-pixabay-33492.jpg\",\"contentUrl\":\"https:\/\/yoopies.fr\/c\/wp-content\/uploads\/2021\/08\/60da0afa-791f-438f-bb91-e1bd3f3bc04f-pexels-pixabay-33492.jpg\",\"width\":1200,\"height\":892},{\"@type\":\"BreadcrumbList\",\"@id\":\"https:\/\/yoopies.fr\/c\/cat-sitter-ideal\/#breadcrumb\",\"itemListElement\":[{\"@type\":\"ListItem\",\"position\":1,\"name\":\"Home\",\"item\":\"https:\/\/yoopies.fr\/c\/\"},{\"@type\":\"ListItem\",\"position\":2,\"name\":\"Garde de chat : Trouvez le cat sitter id\u00e9al !\"}]},{\"@type\":\"WebSite\",\"@id\":\"https:\/\/yoopies.fr\/c\/#website\",\"url\":\"https:\/\/yoopies.fr\/c\/\",\"name\":\"Le Blog Yoopies\",\"description\":\"\",\"publisher\":{\"@id\":\"https:\/\/yoopies.fr\/c\/#organization\"},\"potentialAction\":[{\"@type\":\"SearchAction\",\"target\":{\"@type\":\"EntryPoint\",\"urlTemplate\":\"https:\/\/yoopies.fr\/c\/?s={search_term_string}\"},\"query-input\":{\"@type\":\"PropertyValueSpecification\",\"valueRequired\":true,\"valueName\":\"search_term_string\"}}],\"inLanguage\":\"fr-FR\"},{\"@type\":\"Organization\",\"@id\":\"https:\/\/yoopies.fr\/c\/#organization\",\"name\":\"Le Blog Yoopies\",\"url\":\"https:\/\/yoopies.fr\/c\/\",\"logo\":{\"@type\":\"ImageObject\",\"inLanguage\":\"fr-FR\",\"@id\":\"https:\/\/yoopies.fr\/c\/#\/schema\/logo\/image\/\",\"url\":\"https:\/\/yoopies.fr\/c\/wp-content\/uploads\/2025\/04\/cropped-Logo_Yoopies-2.png\",\"contentUrl\":\"https:\/\/yoopies.fr\/c\/wp-content\/uploads\/2025\/04\/cropped-Logo_Yoopies-2.png\",\"width\":512,\"height\":512,\"caption\":\"Le Blog Yoopies\"},\"image\":{\"@id\":\"https:\/\/yoopies.fr\/c\/#\/schema\/logo\/image\/\"}}]}<\/script>\n<!-- \/ Yoast SEO plugin. -->","yoast_head_json":{"title":"Le cat sitter id\u00e9al pour votre chat !","description":"Faire appel \u00e0 un cat sitter est la solution pour partir en vacances l'esprit tranquille ! Consultez cet article pour conna\u00eetre les diff\u00e9rentes solutions de garde de chat.","robots":{"index":"index","follow":"follow","max-snippet":"max-snippet:-1","max-image-preview":"max-image-preview:large","max-video-preview":"max-video-preview:-1"},"canonical":"https:\/\/yoopies.fr\/c\/cat-sitter-ideal\/","og_locale":"fr_FR","og_type":"article","og_title":"Le cat sitter id\u00e9al pour votre chat !","og_description":"Faire appel \u00e0 un cat sitter est la solution pour partir en vacances l'esprit tranquille ! Consultez cet article pour conna\u00eetre les diff\u00e9rentes solutions de garde de chat.","og_url":"https:\/\/yoopies.fr\/c\/cat-sitter-ideal\/","og_site_name":"Le Blog Yoopies","article_modified_time":"2025-06-12T07:59:07+00:00","og_image":[{"width":1200,"height":892,"url":"https:\/\/yoopies.fr\/c\/wp-content\/uploads\/2021\/08\/60da0afa-791f-438f-bb91-e1bd3f3bc04f-pexels-pixabay-33492.jpg","type":"image\/jpeg"}],"twitter_card":"summary_large_image","twitter_misc":{"Dur\u00e9e de lecture estim\u00e9e":"3 minutes"},"schema":{"@context":"https:\/\/schema.org","@graph":[{"@type":"WebPage","@id":"https:\/\/yoopies.fr\/c\/cat-sitter-ideal\/","url":"https:\/\/yoopies.fr\/c\/cat-sitter-ideal\/","name":"Le cat sitter id\u00e9al pour votre chat !","isPartOf":{"@id":"https:\/\/yoopies.fr\/c\/#website"},"primaryImageOfPage":{"@id":"https:\/\/yoopies.fr\/c\/cat-sitter-ideal\/#primaryimage"},"image":{"@id":"https:\/\/yoopies.fr\/c\/cat-sitter-ideal\/#primaryimage"},"thumbnailUrl":"https:\/\/yoopies.fr\/c\/wp-content\/uploads\/2021\/08\/60da0afa-791f-438f-bb91-e1bd3f3bc04f-pexels-pixabay-33492.jpg","datePublished":"2021-08-07T17:40:20+00:00","dateModified":"2025-06-12T07:59:07+00:00","description":"Faire appel \u00e0 un cat sitter est la solution pour partir en vacances l'esprit tranquille ! Consultez cet article pour conna\u00eetre les diff\u00e9rentes solutions de garde de chat.","breadcrumb":{"@id":"https:\/\/yoopies.fr\/c\/cat-sitter-ideal\/#breadcrumb"},"inLanguage":"fr-FR","potentialAction":[{"@type":"ReadAction","target":["https:\/\/yoopies.fr\/c\/cat-sitter-ideal\/"]}]},{"@type":"ImageObject","inLanguage":"fr-FR","@id":"https:\/\/yoopies.fr\/c\/cat-sitter-ideal\/#primaryimage","url":"https:\/\/yoopies.fr\/c\/wp-content\/uploads\/2021\/08\/60da0afa-791f-438f-bb91-e1bd3f3bc04f-pexels-pixabay-33492.jpg","contentUrl":"https:\/\/yoopies.fr\/c\/wp-content\/uploads\/2021\/08\/60da0afa-791f-438f-bb91-e1bd3f3bc04f-pexels-pixabay-33492.jpg","width":1200,"height":892},{"@type":"BreadcrumbList","@id":"https:\/\/yoopies.fr\/c\/cat-sitter-ideal\/#breadcrumb","itemListElement":[{"@type":"ListItem","position":1,"name":"Home","item":"https:\/\/yoopies.fr\/c\/"},{"@type":"ListItem","position":2,"name":"Garde de chat : Trouvez le cat sitter id\u00e9al !"}]},{"@type":"WebSite","@id":"https:\/\/yoopies.fr\/c\/#website","url":"https:\/\/yoopies.fr\/c\/","name":"Le Blog Yoopies","description":"","publisher":{"@id":"https:\/\/yoopies.fr\/c\/#organization"},"potentialAction":[{"@type":"SearchAction","target":{"@type":"EntryPoint","urlTemplate":"https:\/\/yoopies.fr\/c\/?s={search_term_string}"},"query-input":{"@type":"PropertyValueSpecification","valueRequired":true,"valueName":"search_term_string"}}],"inLanguage":"fr-FR"},{"@type":"Organization","@id":"https:\/\/yoopies.fr\/c\/#organization","name":"Le Blog Yoopies","url":"https:\/\/yoopies.fr\/c\/","logo":{"@type":"ImageObject","inLanguage":"fr-FR","@id":"https:\/\/yoopies.fr\/c\/#\/schema\/logo\/image\/","url":"https:\/\/yoopies.fr\/c\/wp-content\/uploads\/2025\/04\/cropped-Logo_Yoopies-2.png","contentUrl":"https:\/\/yoopies.fr\/c\/wp-content\/uploads\/2025\/04\/cropped-Logo_Yoopies-2.png","width":512,"height":512,"caption":"Le Blog Yoopies"},"image":{"@id":"https:\/\/yoopies.fr\/c\/#\/schema\/logo\/image\/"}}]}},"_links":{"self":[{"href":"https:\/\/yoopies.fr\/c\/wp-json\/wp\/v2\/pages\/269","targetHints":{"allow":["GET"]}}],"collection":[{"href":"https:\/\/yoopies.fr\/c\/wp-json\/wp\/v2\/pages"}],"about":[{"href":"https:\/\/yoopies.fr\/c\/wp-json\/wp\/v2\/types\/page"}],"author":[{"embeddable":true,"href":"https:\/\/yoopies.fr\/c\/wp-json\/wp\/v2\/users\/10"}],"replies":[{"embeddable":true,"href":"https:\/\/yoopies.fr\/c\/wp-json\/wp\/v2\/comments?post=269"}],"version-history":[{"count":1,"href":"https:\/\/yoopies.fr\/c\/wp-json\/wp\/v2\/pages\/269\/revisions"}],"predecessor-version":[{"id":272,"href":"https:\/\/yoopies.fr\/c\/wp-json\/wp\/v2\/pages\/269\/revisions\/272"}],"wp:featuredmedia":[{"embeddable":true,"href":"https:\/\/yoopies.fr\/c\/wp-json\/wp\/v2\/media\/271"}],"wp:attachment":[{"href":"https:\/\/yoopies.fr\/c\/wp-json\/wp\/v2\/media?parent=269"}],"curies":[{"name":"wp","href":"https:\/\/api.w.org\/{rel}","templated":true}]}}